--
-- Host: localhost    Database: zinpack
-- ------------------------------------------------------


--
-- Table structure for table `caches`
--

CREATE TABLE `caches` (
  `name` varchar(128) NOT NULL,
  `data` mediumtext NOT NULL,
  `expires` datetime NOT NULL,
  PRIMARY KEY  (`name`),
  KEY `expires` (`expires`)
) ENGINE=MyISAM DEFAULT CHARSET=utf8;

--
-- Dumping data for table `caches`
--

INSERT INTO `caches` VALUES ('Modules.info','{\"148\":{\"name\":\"AdminThemeDefault\",\"title\":\"Default\",\"version\":12,\"icon\":\"\",\"requires\":[],\"requiresVersions\":[],\"installs\":[],\"permission\":\"\",\"permissions\":[],\"autoload\":\"template=admin\",\"singular\":0,\"created\":0,\"installed\":true},\"97\":{\"name\":\"FieldtypeCheckbox\",\"title\":\"Checkbox\",\"version\":100,\"icon\":\"\",\"requires\":[],\"requiresVersions\":[],\"installs\":[],\"permission\":\"\",\"permissions\":[],\"autoload\":false,\"singular\":1,\"created\":0,\"installed\":true,\"permanent\":true},\"28\":{\"name\":\"FieldtypeDatetime\",\"title\":\"Datetime\",\"version\":103,\"icon\":\"\",\"requires\":[],\"requiresVersions\":[],\"installs\":[],\"permission\":\"\",\"permissions\":[],\"autoload\":false,\"singular\":0,\"created\":0,\"installed\":true},\"29\":{\"name\":\"FieldtypeEmail\",\"title\":\"E-Mail\",\"version\":100,\"icon\":\"\",\"requires\":[],\"requiresVersions\":[],\"installs\":[],\"permission\":\"\",\"permissions\":[],\"autoload\":false,\"singular\":0,\"created\":0,\"installed\":true},\"106\":{\"name\":\"FieldtypeFieldsetClose\",\"title\":\"Fieldset (Close)\",\"version\":100,\"icon\":\"\",\"requires\":[],\"requiresVersions\":[],\"installs\":[],\"permission\":\"\",\"permissions\":[],\"autoload\":false,\"singular\":1,\"created\":0,\"installed\":true,\"permanent\":true},\"105\":{\"name\":\"FieldtypeFieldsetOpen\",\"title\":\"Fieldset (Open)\",\"version\":100,\"icon\":\"\",\"requires\":[],\"requiresVersions\":[],\"installs\":[],\"permission\":\"\",\"permissions\":[],\"autoload\":false,\"singular\":1,\"created\":0,\"installed\":true,\"permanent\":true},\"107\":{\"name\":\"FieldtypeFieldsetTabOpen\",\"title\":\"Fieldset in Tab (Open)\",\"version\":100,\"icon\":\"\",\"requires\":[],\"requiresVersions\":[],\"installs\":[],\"permission\":\"\",\"permissions\":[],\"autoload\":false,\"singular\":1,\"created\":0,\"installed\":true,\"permanent\":true},\"6\":{\"name\":\"FieldtypeFile\",\"title\":\"Files\",\"version\":104,\"icon\":\"\",\"requires\":[],\"requiresVersions\":[],\"installs\":[],\"permission\":\"\",\"permissions\":[],\"autoload\":false,\"singular\":0,\"created\":0,\"installed\":true,\"permanent\":true},\"89\":{\"name\":\"FieldtypeFloat\",\"title\":\"Float\",\"version\":103,\"icon\":\"\",\"requires\":[],\"requiresVersions\":[],\"installs\":[],\"permission\":\"\",\"permissions\":[],\"autoload\":false,\"singular\":1,\"created\":0,\"installed\":true,\"permanent\":true},\"57\":{\"name\":\"FieldtypeImage\",\"title\":\"Images\",\"version\":101,\"icon\":\"\",\"requires\":[],\"requiresVersions\":[],\"installs\":[],\"permission\":\"\",\"permissions\":[],\"autoload\":false,\"singular\":0,\"created\":0,\"installed\":true,\"permanent\":true},\"84\":{\"name\":\"FieldtypeInteger\",\"title\":\"Integer\",\"version\":100,\"icon\":\"\",\"requires\":[],\"requiresVersions\":[],\"installs\":[],\"permission\":\"\",\"permissions\":[],\"autoload\":false,\"singular\":0,\"created\":0,\"installed\":true,\"permanent\":true},\"27\":{\"name\":\"FieldtypeModule\",\"title\":\"Module Reference\",\"version\":101,\"icon\":\"\",\"requires\":[],\"requiresVersions\":[],\"installs\":[],\"permission\":\"\",\"permissions\":[],\"autoload\":false,\"singular\":0,\"created\":0,\"installed\":true,\"permanent\":true},\"4\":{\"name\":\"FieldtypePage\",\"title\":\"Page Reference\",\"version\":102,\"icon\":\"\",\"requires\":[],\"requiresVersions\":[],\"installs\":[],\"permission\":\"\",\"permissions\":[],\"autoload\":false,\"singular\":0,\"created\":0,\"installed\":true,\"permanent\":true},\"161\":{\"name\":\"FieldtypePageTable\",\"title\":\"ProFields: Page Table\",\"version\":7,\"icon\":\"\",\"requires\":[],\"requiresVersions\":[],\"installs\":[\"InputfieldPageTable\"],\"permission\":\"\",\"permissions\":[],\"autoload\":true,\"singular\":true,\"created\":1411919566,\"installed\":true},\"111\":{\"name\":\"FieldtypePageTitle\",\"title\":\"Page Title\",\"version\":100,\"icon\":\"\",\"requires\":[],\"requiresVersions\":[],\"installs\":[],\"permission\":\"\",\"permissions\":[],\"autoload\":false,\"singular\":1,\"created\":0,\"installed\":true,\"permanent\":true},\"133\":{\"name\":\"FieldtypePassword\",\"title\":\"Password\",\"version\":101,\"icon\":\"\",\"requires\":[],\"requiresVersions\":[],\"installs\":[],\"permission\":\"\",\"permissions\":[],\"autoload\":false,\"singular\":1,\"created\":0,\"installed\":true,\"permanent\":true},\"153\":{\"name\":\"FieldtypeRepeater\",\"title\":\"Repeater\",\"version\":101,\"icon\":\"\",\"requires\":[],\"requiresVersions\":[],\"installs\":[\"InputfieldRepeater\"],\"permission\":\"\",\"permissions\":[],\"autoload\":true,\"singular\":true,\"created\":0,\"installed\":true},\"154\":{\"name\":\"InputfieldRepeater\",\"title\":\"Repeater\",\"version\":101,\"icon\":\"\",\"requires\":[\"FieldtypeRepeater\"],\"requiresVersions\":{\"FieldtypeRepeater\":[\">=\",0]},\"installs\":[],\"permission\":\"\",\"permissions\":[],\"autoload\":false,\"singular\":0,\"created\":0,\"installed\":true},\"3\":{\"name\":\"FieldtypeText\",\"title\":\"Text\",\"version\":100,\"icon\":\"\",\"requires\":[],\"requiresVersions\":[],\"installs\":[],\"permission\":\"\",\"permissions\":[],\"autoload\":false,\"singular\":0,\"created\":0,\"installed\":true,\"permanent\":true},\"1\":{\"name\":\"FieldtypeTextarea\",\"title\":\"Textarea\",\"version\":103,\"icon\":\"\",\"requires\":[],\"requiresVersions\":[],\"installs\":[],\"permission\":\"\",\"permissions\":[],\"autoload\":false,\"singular\":0,\"created\":0,\"installed\":true,\"permanent\":true},\"135\":{\"name\":\"FieldtypeURL\",\"title\":\"URL\",\"version\":100,\"icon\":\"\",\"requires\":[],\"requiresVersions\":[],\"installs\":[],\"permission\":\"\",\"permissions\":[],\"autoload\":false,\"singular\":1,\"created\":0,\"installed\":true,\"permanent\":true},\"25\":{\"name\":\"InputfieldAsmSelect\",\"title\":\"asmSelect\",\"version\":114,\"icon\":\"\",\"requires\":[],\"requiresVersions\":[],\"installs\":[],\"permission\":\"\",\"permissions\":[],\"autoload\":false,\"singular\":0,\"created\":0,\"installed\":true,\"permanent\":true},\"131\":{\"name\":\"InputfieldButton\",\"title\":\"Button\",\"version\":100,\"icon\":\"\",\"requires\":[],\"requiresVersions\":[],\"installs\":[],\"permission\":\"\",\"permissions\":[],\"autoload\":false,\"singular\":0,\"created\":0,\"installed\":true,\"permanent\":true},\"37\":{\"name\":\"InputfieldCheckbox\",\"title\":\"Checkbox\",\"version\":101,\"icon\":\"\",\"requires\":[],\"requiresVersions\":[],\"installs\":[],\"permission\":\"\",\"permissions\":[],\"autoload\":false,\"singular\":0,\"created\":0,\"installed\":true,\"permanent\":true},\"38\":{\"name\":\"InputfieldCheckboxes\",\"title\":\"Checkboxes\",\"version\":100,\"icon\":\"\",\"requires\":[],\"requiresVersions\":[],\"installs\":[],\"permission\":\"\",\"permissions\":[],\"autoload\":false,\"singular\":0,\"created\":0,\"installed\":true,\"permanent\":true},\"159\":{\"name\":\"InputfieldCKEditor\",\"title\":\"CKEditor\",\"version\":128,\"icon\":\"\",\"requires\":[],\"requiresVersions\":[],\"installs\":[\"MarkupHTMLPurifier\"],\"permission\":\"\",\"permissions\":[],\"autoload\":false,\"singular\":0,\"created\":1411829175,\"installed\":true},\"94\":{\"name\":\"InputfieldDatetime\",\"title\":\"Datetime\",\"version\":103,\"icon\":\"\",\"requires\":[],\"requiresVersions\":[],\"installs\":[],\"permission\":\"\",\"permissions\":[],\"autoload\":false,\"singular\":0,\"created\":0,\"installed\":true,\"permanent\":true},\"80\":{\"name\":\"InputfieldEmail\",\"title\":\"Email\",\"version\":101,\"icon\":\"\",\"requires\":[],\"requiresVersions\":[],\"installs\":[],\"permission\":\"\",\"permissions\":[],\"autoload\":false,\"singular\":0,\"created\":0,\"installed\":true},\"78\":{\"name\":\"InputfieldFieldset\",\"title\":\"Fieldset\",\"version\":101,\"icon\":\"\",\"requires\":[],\"requiresVersions\":[],\"installs\":[],\"permission\":\"\",\"permissions\":[],\"autoload\":false,\"singular\":0,\"created\":0,\"installed\":true,\"permanent\":true},\"55\":{\"name\":\"InputfieldFile\",\"title\":\"Files\",\"version\":114,\"icon\":\"\",\"requires\":[],\"requiresVersions\":[],\"installs\":[],\"permission\":\"\",\"permissions\":[],\"autoload\":false,\"singular\":0,\"created\":0,\"installed\":true,\"permanent\":true},\"90\":{\"name\":\"InputfieldFloat\",\"title\":\"Float\",\"version\":102,\"icon\":\"\",\"requires\":[],\"requiresVersions\":[],\"installs\":[],\"permission\":\"\",\"permissions\":[],\"autoload\":false,\"singular\":0,\"created\":0,\"installed\":true,\"permanent\":true},\"30\":{\"name\":\"InputfieldForm\",\"title\":\"Form\",\"version\":104,\"icon\":\"\",\"requires\":[],\"requiresVersions\":[],\"installs\":[],\"permission\":\"\",\"permissions\":[],\"autoload\":false,\"singular\":0,\"created\":0,\"installed\":true,\"permanent\":true},\"40\":{\"name\":\"InputfieldHidden\",\"title\":\"Hidden\",\"version\":101,\"icon\":\"\",\"requires\":[],\"requiresVersions\":[],\"installs\":[],\"permission\":\"\",\"permissions\":[],\"autoload\":false,\"singular\":0,\"created\":0,\"installed\":true,\"permanent\":true},\"56\":{\"name\":\"InputfieldImage\",\"title\":\"Images\",\"version\":110,\"icon\":\"\",\"requires\":[],\"requiresVersions\":[],\"installs\":[],\"permission\":\"\",\"permissions\":[],\"autoload\":false,\"singular\":0,\"created\":0,\"installed\":true,\"permanent\":true},\"85\":{\"name\":\"InputfieldInteger\",\"title\":\"Integer\",\"version\":102,\"icon\":\"\",\"requires\":[],\"requiresVersions\":[],\"installs\":[],\"permission\":\"\",\"permissions\":[],\"autoload\":false,\"singular\":0,\"created\":0,\"installed\":true,\"permanent\":true},\"79\":{\"name\":\"InputfieldMarkup\",\"title\":\"Markup\",\"version\":101,\"icon\":\"\",\"requires\":[],\"requiresVersions\":[],\"installs\":[],\"permission\":\"\",\"permissions\":[],\"autoload\":false,\"singular\":0,\"created\":0,\"installed\":true,\"permanent\":true},\"41\":{\"name\":\"InputfieldName\",\"title\":\"Name\",\"version\":100,\"icon\":\"\",\"requires\":[],\"requiresVersions\":[],\"installs\":[],\"permission\":\"\",\"permissions\":[],\"autoload\":false,\"singular\":0,\"created\":0,\"installed\":true,\"permanent\":true},\"60\":{\"name\":\"InputfieldPage\",\"title\":\"Page\",\"version\":104,\"icon\":\"\",\"requires\":[],\"requiresVersions\":[],\"installs\":[],\"permission\":\"\",\"permissions\":[],\"autoload\":false,\"singular\":0,\"created\":0,\"installed\":true,\"permanent\":true},\"15\":{\"name\":\"InputfieldPageListSelect\",\"title\":\"Page List Select\",\"version\":100,\"icon\":\"\",\"requires\":[],\"requiresVersions\":[],\"installs\":[],\"permission\":\"\",\"permissions\":[],\"autoload\":false,\"singular\":0,\"created\":0,\"installed\":true,\"permanent\":true},\"137\":{\"name\":\"InputfieldPageListSelectMultiple\",\"title\":\"Page List Select Multiple\",\"version\":101,\"icon\":\"\",\"requires\":[],\"requiresVersions\":[],\"installs\":[],\"permission\":\"\",\"permissions\":[],\"autoload\":false,\"singular\":0,\"created\":0,\"installed\":true,\"permanent\":true},\"86\":{\"name\":\"InputfieldPageName\",\"title\":\"Page Name\",\"version\":104,\"icon\":\"\",\"requires\":[],\"requiresVersions\":[],\"installs\":[],\"permission\":\"\",\"permissions\":[],\"autoload\":false,\"singular\":0,\"created\":0,\"installed\":true,\"permanent\":true},\"162\":{\"name\":\"InputfieldPageTable\",\"title\":\"ProFields: Page Table\",\"version\":6,\"icon\":\"\",\"requires\":[\"FieldtypePageTable\"],\"requiresVersions\":{\"FieldtypePageTable\":[\">=\",0]},\"installs\":[],\"permission\":\"\",\"permissions\":[],\"autoload\":false,\"singular\":0,\"created\":1411919566,\"installed\":true},\"112\":{\"name\":\"InputfieldPageTitle\",\"title\":\"Page Title\",\"version\":102,\"icon\":\"\",\"requires\":[],\"requiresVersions\":[],\"installs\":[],\"permission\":\"\",\"permissions\":[],\"autoload\":false,\"singular\":0,\"created\":0,\"installed\":true,\"permanent\":true},\"122\":{\"name\":\"InputfieldPassword\",\"title\":\"Password\",\"version\":101,\"icon\":\"\",\"requires\":[],\"requiresVersions\":[],\"installs\":[],\"permission\":\"\",\"permissions\":[],\"autoload\":false,\"singular\":0,\"created\":0,\"installed\":true,\"permanent\":true},\"39\":{\"name\":\"InputfieldRadios\",\"title\":\"Radio Buttons\",\"version\":102,\"icon\":\"\",\"requires\":[],\"requiresVersions\":[],\"installs\":[],\"permission\":\"\",\"permissions\":[],\"autoload\":false,\"singular\":0,\"created\":0,\"installed\":true,\"permanent\":true},\"36\":{\"name\":\"InputfieldSelect\",\"title\":\"Select\",\"version\":102,\"icon\":\"\",\"requires\":[],\"requiresVersions\":[],\"installs\":[],\"permission\":\"\",\"permissions\":[],\"autoload\":false,\"singular\":0,\"created\":0,\"installed\":true,\"permanent\":true},\"43\":{\"name\":\"InputfieldSelectMultiple\",\"title\":\"Select Multiple\",\"version\":101,\"icon\":\"\",\"requires\":[],\"requiresVersions\":[],\"installs\":[],\"permission\":\"\",\"permissions\":[],\"autoload\":false,\"singular\":0,\"created\":0,\"installed\":true,\"permanent\":true},\"157\":{\"name\":\"InputfieldSelector\",\"title\":\"Selector\",\"version\":22,\"icon\":\"\",\"requires\":[],\"requiresVersions\":[],\"installs\":[],\"permission\":\"\",\"permissions\":[],\"autoload\":\"template=admin\",\"singular\":0,\"created\":0,\"installed\":true},\"32\":{\"name\":\"InputfieldSubmit\",\"title\":\"Submit\",\"version\":101,\"icon\":\"\",\"requires\":[],\"requiresVersions\":[],\"installs\":[],\"permission\":\"\",\"permissions\":[],\"autoload\":false,\"singular\":0,\"created\":0,\"installed\":true,\"permanent\":true},\"34\":{\"name\":\"InputfieldText\",\"title\":\"Text\",\"version\":105,\"icon\":\"\",\"requires\":[],\"requiresVersions\":[],\"installs\":[],\"permission\":\"\",\"permissions\":[],\"autoload\":false,\"singular\":0,\"created\":0,\"installed\":true,\"permanent\":true},\"35\":{\"name\":\"InputfieldTextarea\",\"title\":\"Textarea\",\"version\":103,\"icon\":\"\",\"requires\":[],\"requiresVersions\":[],\"installs\":[],\"permission\":\"\",\"permissions\":[],\"autoload\":false,\"singular\":0,\"created\":0,\"installed\":true,\"permanent\":true},\"108\":{\"name\":\"InputfieldURL\",\"title\":\"URL\",\"version\":101,\"icon\":\"\",\"requires\":[],\"requiresVersions\":[],\"installs\":[],\"permission\":\"\",\"permissions\":[],\"autoload\":false,\"singular\":0,\"created\":0,\"installed\":true},\"116\":{\"name\":\"JqueryCore\",\"title\":\"jQuery Core\",\"version\":183,\"icon\":\"\",\"requires\":[],\"requiresVersions\":[],\"installs\":[],\"permission\":\"\",\"permissions\":[],\"autoload\":false,\"singular\":true,\"created\":0,\"installed\":true,\"permanent\":true},\"149\":{\"name\":\"JqueryMagnific\",\"title\":\"jQuery Magnific Popup\",\"version\":1,\"icon\":\"\",\"requires\":[],\"requiresVersions\":[],\"installs\":[],\"permission\":\"\",\"permissions\":[],\"autoload\":false,\"singular\":1,\"created\":0,\"installed\":true},\"103\":{\"name\":\"JqueryTableSorter\",\"title\":\"jQuery Table Sorter Plugin\",\"version\":203,\"icon\":\"\",\"requires\":[],\"requiresVersions\":[],\"installs\":[],\"permission\":\"\",\"permissions\":[],\"autoload\":false,\"singular\":1,\"created\":0,\"installed\":true},\"117\":{\"name\":\"JqueryUI\",\"title\":\"jQuery UI\",\"version\":193,\"icon\":\"\",\"requires\":[],\"requiresVersions\":[],\"installs\":[],\"permission\":\"\",\"permissions\":[],\"autoload\":false,\"singular\":1,\"created\":0,\"installed\":true,\"permanent\":true},\"45\":{\"name\":\"JqueryWireTabs\",\"title\":\"jQuery Wire Tabs Plugin\",\"version\":105,\"icon\":\"\",\"requires\":[],\"requiresVersions\":[],\"installs\":[],\"permission\":\"\",\"permissions\":[],\"autoload\":false,\"singular\":0,\"created\":0,\"installed\":true,\"permanent\":true},\"67\":{\"name\":\"MarkupAdminDataTable\",\"title\":\"Admin Data Table\",\"version\":102,\"icon\":\"\",\"requires\":[],\"requiresVersions\":[],\"installs\":[],\"permission\":\"\",\"permissions\":[],\"autoload\":false,\"singular\":0,\"created\":0,\"installed\":true,\"permanent\":true},\"160\":{\"name\":\"MarkupHTMLPurifier\",\"title\":\"HTML Purifier\",\"version\":104,\"icon\":\"\",\"requires\":[],\"requiresVersions\":[],\"installs\":[],\"permission\":\"\",\"permissions\":[],\"autoload\":false,\"singular\":false,\"created\":1411829175,\"installed\":true},\"113\":{\"name\":\"MarkupPageArray\",\"title\":\"PageArray Markup\",\"version\":100,\"icon\":\"\",\"requires\":[],\"requiresVersions\":[],\"installs\":[],\"permission\":\"\",\"permissions\":[],\"autoload\":true,\"singular\":true,\"created\":0,\"installed\":true,\"permanent\":false},\"98\":{\"name\":\"MarkupPagerNav\",\"title\":\"Pager (Pagination) Navigation\",\"version\":103,\"icon\":\"\",\"requires\":[],\"requiresVersions\":[],\"installs\":[],\"permission\":\"\",\"permissions\":[],\"autoload\":false,\"singular\":false,\"created\":0,\"installed\":true,\"permanent\":false},\"114\":{\"name\":\"PagePermissions\",\"title\":\"Page Permissions\",\"version\":105,\"icon\":\"\",\"requires\":[],\"requiresVersions\":[],\"installs\":[],\"permission\":\"\",\"permissions\":[],\"autoload\":true,\"singular\":true,\"created\":0,\"installed\":true,\"permanent\":true},\"115\":{\"name\":\"PageRender\",\"title\":\"Page Render\",\"version\":103,\"icon\":\"\",\"requires\":[],\"requiresVersions\":[],\"installs\":[],\"permission\":\"\",\"permissions\":[],\"autoload\":true,\"singular\":true,\"created\":0,\"installed\":true,\"permanent\":true},\"48\":{\"name\":\"ProcessField\",\"title\":\"Fields\",\"version\":108,\"icon\":\"cube\",\"requires\":[],\"requiresVersions\":[],\"installs\":[],\"permission\":\"field-admin\",\"permissions\":[],\"autoload\":false,\"singular\":0,\"created\":0,\"installed\":true,\"permanent\":true,\"useNavJSON\":true},\"87\":{\"name\":\"ProcessHome\",\"title\":\"Admin Home\",\"version\":101,\"icon\":\"\",\"requires\":[],\"requiresVersions\":[],\"installs\":[],\"permission\":\"page-view\",\"permissions\":[],\"autoload\":false,\"singular\":0,\"created\":0,\"installed\":true,\"permanent\":true},\"76\":{\"name\":\"ProcessList\",\"title\":\"List\",\"version\":101,\"icon\":\"\",\"requires\":[],\"requiresVersions\":[],\"installs\":[],\"permission\":\"page-view\",\"permissions\":[],\"autoload\":false,\"singular\":0,\"created\":0,\"installed\":true,\"permanent\":true},\"10\":{\"name\":\"ProcessLogin\",\"title\":\"Login\",\"version\":101,\"icon\":\"\",\"requires\":[],\"requiresVersions\":[],\"installs\":[],\"permission\":\"page-view\",\"permissions\":[],\"autoload\":false,\"singular\":0,\"created\":0,\"installed\":true,\"permanent\":true},\"50\":{\"name\":\"ProcessModule\",\"title\":\"Modules\",\"version\":117,\"icon\":\"\",\"requires\":[],\"requiresVersions\":[],\"installs\":[],\"permission\":\"module-admin\",\"permissions\":[],\"autoload\":false,\"singular\":0,\"created\":0,\"installed\":true,\"permanent\":true,\"useNavJSON\":true,\"nav\":[{\"url\":\"?site#tab_site_modules\",\"label\":\"Site\",\"icon\":\"plug\",\"navJSON\":\"navJSON\\/?site=1\"},{\"url\":\"?core#tab_core_modules\",\"label\":\"Core\",\"icon\":\"plug\",\"navJSON\":\"navJSON\\/?core=1\"},{\"url\":\"?configurable#tab_configurable_modules\",\"label\":\"Configure\",\"icon\":\"gear\",\"navJSON\":\"navJSON\\/?configurable=1\"},{\"url\":\"?install#tab_install_modules\",\"label\":\"Install\",\"icon\":\"sign-in\",\"navJSON\":\"navJSON\\/?install=1\"},{\"url\":\"?reset=1\",\"label\":\"Refresh\",\"icon\":\"refresh\"}]},\"17\":{\"name\":\"ProcessPageAdd\",\"title\":\"Page Add\",\"version\":104,\"icon\":\"\",\"requires\":[],\"requiresVersions\":[],\"installs\":[],\"permission\":\"page-edit\",\"permissions\":[],\"autoload\":false,\"singular\":0,\"created\":0,\"installed\":true,\"permanent\":true},\"7\":{\"name\":\"ProcessPageEdit\",\"title\":\"Page Edit\",\"version\":106,\"icon\":\"\",\"requires\":[],\"requiresVersions\":[],\"installs\":[],\"permission\":\"page-edit\",\"permissions\":[],\"autoload\":false,\"singular\":1,\"created\":0,\"installed\":true,\"permanent\":true},\"129\":{\"name\":\"ProcessPageEditImageSelect\",\"title\":\"Page Edit Image\",\"version\":108,\"icon\":\"\",\"requires\":[],\"requiresVersions\":[],\"installs\":[],\"permission\":\"page-edit\",\"permissions\":[],\"autoload\":false,\"singular\":1,\"created\":0,\"installed\":true,\"permanent\":true},\"121\":{\"name\":\"ProcessPageEditLink\",\"title\":\"Page Edit Link\",\"version\":105,\"icon\":\"\",\"requires\":[],\"requiresVersions\":[],\"installs\":[],\"permission\":\"page-edit\",\"permissions\":[],\"autoload\":false,\"singular\":1,\"created\":0,\"installed\":true,\"permanent\":true},\"12\":{\"name\":\"ProcessPageList\",\"title\":\"Page List\",\"version\":107,\"icon\":\"sitemap\",\"requires\":[],\"requiresVersions\":[],\"installs\":[],\"permission\":\"page-edit\",\"permissions\":[],\"autoload\":false,\"singular\":0,\"created\":0,\"installed\":true,\"permanent\":true},\"158\":{\"name\":\"ProcessPageLister\",\"title\":\"Lister\",\"version\":18,\"icon\":\"search\",\"requires\":[\"ProcessWire\",\"InputfieldSelector\"],\"requiresVersions\":{\"ProcessWire\":[\">=\",\"2.4.3\"],\"InputfieldSelector\":[\">=\",9]},\"installs\":[],\"permission\":\"page-lister\",\"permissions\":{\"page-lister\":\"Use Page Lister\"},\"autoload\":false,\"singular\":false,\"created\":0,\"installed\":true,\"permanent\":true},\"104\":{\"name\":\"ProcessPageSearch\",\"title\":\"Page Search\",\"version\":105,\"icon\":\"\",\"requires\":[],\"requiresVersions\":[],\"installs\":[],\"permission\":\"page-edit\",\"permissions\":[],\"autoload\":false,\"singular\":1,\"created\":0,\"installed\":true,\"permanent\":true},\"14\":{\"name\":\"ProcessPageSort\",\"title\":\"Page Sort and Move\",\"version\":100,\"icon\":\"\",\"requires\":[],\"requiresVersions\":[],\"installs\":[],\"permission\":\"page-edit\",\"permissions\":[],\"autoload\":false,\"singular\":0,\"created\":0,\"installed\":true,\"permanent\":true},\"109\":{\"name\":\"ProcessPageTrash\",\"title\":\"Page Trash\",\"version\":101,\"icon\":\"\",\"requires\":[],\"requiresVersions\":[],\"installs\":[],\"permission\":\"\",\"permissions\":[],\"autoload\":false,\"singular\":1,\"created\":0,\"installed\":true,\"permanent\":true},\"134\":{\"name\":\"ProcessPageType\",\"title\":\"Page Type\",\"version\":101,\"icon\":\"\",\"requires\":[],\"requiresVersions\":[],\"installs\":[],\"permission\":\"\",\"permissions\":[],\"autoload\":false,\"singular\":1,\"created\":0,\"installed\":true,\"permanent\":true,\"useNavJSON\":true},\"83\":{\"name\":\"ProcessPageView\",\"title\":\"Page View\",\"version\":103,\"icon\":\"\",\"requires\":[],\"requiresVersions\":[],\"installs\":[],\"permission\":\"page-view\",\"permissions\":[],\"autoload\":false,\"singular\":0,\"created\":0,\"installed\":true,\"permanent\":true},\"136\":{\"name\":\"ProcessPermission\",\"title\":\"Permissions\",\"version\":100,\"icon\":\"gear\",\"requires\":[],\"requiresVersions\":[],\"installs\":[],\"permission\":\"permission-admin\",\"permissions\":[],\"autoload\":false,\"singular\":1,\"created\":0,\"installed\":true,\"permanent\":true,\"useNavJSON\":true},\"138\":{\"name\":\"ProcessProfile\",\"title\":\"User Profile\",\"version\":101,\"icon\":\"\",\"requires\":[],\"requiresVersions\":[],\"installs\":[],\"permission\":\"profile-edit\",\"permissions\":[],\"autoload\":false,\"singular\":1,\"created\":0,\"installed\":true,\"permanent\":true},\"68\":{\"name\":\"ProcessRole\",\"title\":\"Roles\",\"version\":101,\"icon\":\"gears\",\"requires\":[],\"requiresVersions\":[],\"installs\":[],\"permission\":\"role-admin\",\"permissions\":[],\"autoload\":false,\"singular\":0,\"created\":0,\"installed\":true,\"permanent\":true,\"useNavJSON\":true},\"47\":{\"name\":\"ProcessTemplate\",\"title\":\"Templates\",\"version\":108,\"icon\":\"cubes\",\"requires\":[],\"requiresVersions\":[],\"installs\":[],\"permission\":\"template-admin\",\"permissions\":[],\"autoload\":false,\"singular\":0,\"created\":0,\"installed\":true,\"permanent\":true,\"useNavJSON\":true},\"66\":{\"name\":\"ProcessUser\",\"title\":\"Users\",\"version\":104,\"icon\":\"group\",\"requires\":[],\"requiresVersions\":[],\"installs\":[],\"permission\":\"user-admin\",\"permissions\":[],\"autoload\":false,\"singular\":0,\"created\":0,\"installed\":true,\"permanent\":true,\"useNavJSON\":true},\"125\":{\"name\":\"SessionLoginThrottle\",\"title\":\"Session Login Throttle\",\"version\":102,\"icon\":\"\",\"requires\":[],\"requiresVersions\":[],\"installs\":[],\"permission\":\"\",\"permissions\":[],\"autoload\":\"function\",\"singular\":true,\"created\":0,\"installed\":true,\"permanent\":false},\"139\":{\"name\":\"SystemUpdater\",\"title\":\"System Updater\",\"version\":8,\"icon\":\"\",\"requires\":[],\"requiresVersions\":[],\"installs\":[],\"permission\":\"\",\"permissions\":[],\"autoload\":false,\"singular\":true,\"created\":0,\"installed\":true,\"permanent\":true},\"61\":{\"name\":\"TextformatterEntities\",\"title\":\"HTML Entity Encoder (htmlspecialchars)\",\"version\":100,\"icon\":\"\",\"requires\":[],\"requiresVersions\":[],\"installs\":[],\"permission\":\"\",\"permissions\":[],\"autoload\":false,\"singular\":0,\"created\":0,\"installed\":true},\"156\":{\"name\":\"ProcessExportProfile\",\"title\":\"Export Site Profile\",\"version\":103,\"icon\":\"\",\"requires\":[],\"requiresVersions\":[],\"installs\":[],\"permission\":\"\",\"permissions\":[],\"autoload\":false,\"singular\":1,\"created\":0,\"installed\":true,\"permanent\":false},\"151\":{\"name\":\"ProcessPageDelete\",\"title\":\"Page Delete\",\"version\":\"1.08\",\"icon\":\"\",\"requires\":[],\"requiresVersions\":[],\"installs\":[],\"permission\":\"page-delete\",\"permissions\":[],\"autoload\":true,\"singular\":true,\"created\":0,\"installed\":true},\"155\":{\"name\":\"ProcessSelectorTest\",\"title\":\"Selector test\",\"version\":113,\"icon\":\"\",\"requires\":[],\"requiresVersions\":[],\"installs\":[],\"permission\":\"\",\"permissions\":[],\"autoload\":false,\"singular\":1,\"created\":0,\"installed\":true}}','2010-04-08 03:10:10'),('ModulesVerbose.info','{\"148\":{\"summary\":\"Minimal admin theme that supports all ProcessWire features.\",\"file\":\"\\/www\\/infoway\\/_zinpack\\/wire\\/modules\\/AdminTheme\\/AdminThemeDefault\\/AdminThemeDefault.module\",\"core\":true,\"configurable\":true,\"versionStr\":\"0.1.2\"},\"97\":{\"summary\":\"This Fieldtype stores an ON\\/OFF toggle via a single checkbox. The ON value is 1 and OFF value is 0.\",\"file\":\"\\/www\\/infoway\\/_zinpack\\/wire\\/modules\\/Fieldtype\\/FieldtypeCheckbox.module\",\"core\":true,\"versionStr\":\"1.0.0\"},\"28\":{\"summary\":\"Field that stores a date and optionally time\",\"file\":\"\\/www\\/infoway\\/_zinpack\\/wire\\/modules\\/Fieldtype\\/FieldtypeDatetime.module\",\"core\":true,\"versionStr\":\"1.0.3\"},\"29\":{\"summary\":\"Field that stores an e-mail address\",\"file\":\"\\/www\\/infoway\\/_zinpack\\/wire\\/modules\\/Fieldtype\\/FieldtypeEmail.module\",\"core\":true,\"versionStr\":\"1.0.0\"},\"106\":{\"summary\":\"Close a fieldset opened by FieldsetOpen. \",\"file\":\"\\/www\\/infoway\\/_zinpack\\/wire\\/modules\\/Fieldtype\\/FieldtypeFieldsetClose.module\",\"core\":true,\"versionStr\":\"1.0.0\"},\"105\":{\"summary\":\"Open a fieldset to group fields. Should be followed by a Fieldset (Close) after one or more fields.\",\"file\":\"\\/www\\/infoway\\/_zinpack\\/wire\\/modules\\/Fieldtype\\/FieldtypeFieldsetOpen.module\",\"core\":true,\"versionStr\":\"1.0.0\"},\"107\":{\"summary\":\"Open a fieldset to group fields. Same as Fieldset (Open) except that it displays in a tab instead.\",\"file\":\"\\/www\\/infoway\\/_zinpack\\/wire\\/modules\\/Fieldtype\\/FieldtypeFieldsetTabOpen.module\",\"core\":true,\"versionStr\":\"1.0.0\"},\"6\":{\"summary\":\"Field that stores one or more files\",\"file\":\"\\/www\\/infoway\\/_zinpack\\/wire\\/modules\\/Fieldtype\\/FieldtypeFile.module\",\"core\":true,\"versionStr\":\"1.0.4\"},\"89\":{\"summary\":\"Field that stores a floating point (decimal) number\",\"file\":\"\\/www\\/infoway\\/_zinpack\\/wire\\/modules\\/Fieldtype\\/FieldtypeFloat.module\",\"core\":true,\"versionStr\":\"1.0.3\"},\"57\":{\"summary\":\"Field that stores one or more GIF, JPG, or PNG images\",\"file\":\"\\/www\\/infoway\\/_zinpack\\/wire\\/modules\\/Fieldtype\\/FieldtypeImage.module\",\"core\":true,\"versionStr\":\"1.0.1\"},\"84\":{\"summary\":\"Field that stores an integer\",\"file\":\"\\/www\\/infoway\\/_zinpack\\/wire\\/modules\\/Fieldtype\\/FieldtypeInteger.module\",\"core\":true,\"versionStr\":\"1.0.0\"},\"27\":{\"summary\":\"Field that stores a reference to another module\",\"file\":\"\\/www\\/infoway\\/_zinpack\\/wire\\/modules\\/Fieldtype\\/FieldtypeModule.module\",\"core\":true,\"versionStr\":\"1.0.1\"},\"4\":{\"summary\":\"Field that stores one or more references to ProcessWire pages\",\"file\":\"\\/www\\/infoway\\/_zinpack\\/wire\\/modules\\/Fieldtype\\/FieldtypePage.module\",\"core\":true,\"configurable\":true,\"versionStr\":\"1.0.2\"},\"161\":{\"summary\":\"A fieldtype containing a group of editable pages.\",\"file\":\"\\/www\\/infoway\\/_zinpack\\/wire\\/modules\\/Fieldtype\\/FieldtypePageTable.module\",\"core\":true,\"versionStr\":\"0.0.7\"},\"111\":{\"summary\":\"Field that stores a page title\",\"file\":\"\\/www\\/infoway\\/_zinpack\\/wire\\/modules\\/Fieldtype\\/FieldtypePageTitle.module\",\"core\":true,\"versionStr\":\"1.0.0\"},\"133\":{\"summary\":\"Field that stores a hashed and salted password\",\"file\":\"\\/www\\/infoway\\/_zinpack\\/wire\\/modules\\/Fieldtype\\/FieldtypePassword.module\",\"core\":true,\"versionStr\":\"1.0.1\"},\"153\":{\"summary\":\"Maintains a collection of fields that are repeated for any number of times.\",\"file\":\"\\/www\\/infoway\\/_zinpack\\/wire\\/modules\\/Fieldtype\\/FieldtypeRepeater\\/FieldtypeRepeater.module\",\"core\":true,\"configurable\":true,\"versionStr\":\"1.0.1\"},\"154\":{\"summary\":\"Repeats fields from another template. Provides the input for FieldtypeRepeater.\",\"file\":\"\\/www\\/infoway\\/_zinpack\\/wire\\/modules\\/Fieldtype\\/FieldtypeRepeater\\/InputfieldRepeater.module\",\"core\":true,\"versionStr\":\"1.0.1\"},\"3\":{\"summary\":\"Field that stores a single line of text\",\"file\":\"\\/www\\/infoway\\/_zinpack\\/wire\\/modules\\/Fieldtype\\/FieldtypeText.module\",\"core\":true,\"versionStr\":\"1.0.0\"},\"1\":{\"summary\":\"Field that stores multiple lines of text\",\"file\":\"\\/www\\/infoway\\/_zinpack\\/wire\\/modules\\/Fieldtype\\/FieldtypeTextarea.module\",\"core\":true,\"versionStr\":\"1.0.3\"},\"135\":{\"summary\":\"Field that stores a URL\",\"file\":\"\\/www\\/infoway\\/_zinpack\\/wire\\/modules\\/Fieldtype\\/FieldtypeURL.module\",\"core\":true,\"versionStr\":\"1.0.0\"},\"25\":{\"summary\":\"Multiple selection, progressive enhancement to select multiple\",\"href\":\"http:\\/\\/code.google.com\\/p\\/jquery-asmselect\\/\",\"file\":\"\\/www\\/infoway\\/_zinpack\\/wire\\/modules\\/Inputfield\\/InputfieldAsmSelect\\/InputfieldAsmSelect.module\",\"core\":true,\"versionStr\":\"1.1.4\"},\"131\":{\"summary\":\"Form button element that you can optionally pass an href attribute to.\",\"file\":\"\\/www\\/infoway\\/_zinpack\\/wire\\/modules\\/Inputfield\\/InputfieldButton.module\",\"core\":true,\"versionStr\":\"1.0.0\"},\"37\":{\"summary\":\"Single checkbox toggle\",\"file\":\"\\/www\\/infoway\\/_zinpack\\/wire\\/modules\\/Inputfield\\/InputfieldCheckbox.module\",\"core\":true,\"versionStr\":\"1.0.1\"},\"38\":{\"summary\":\"Multiple checkbox toggles\",\"file\":\"\\/www\\/infoway\\/_zinpack\\/wire\\/modules\\/Inputfield\\/InputfieldCheckboxes\\/InputfieldCheckboxes.module\",\"core\":true,\"versionStr\":\"1.0.0\"},\"159\":{\"summary\":\"CKEditor textarea rich text editor.\",\"file\":\"\\/www\\/infoway\\/_zinpack\\/wire\\/modules\\/Inputfield\\/InputfieldCKEditor\\/InputfieldCKEditor.module\",\"core\":true,\"versionStr\":\"1.2.8\"},\"94\":{\"summary\":\"Inputfield that accepts date and optionally time\",\"file\":\"\\/www\\/infoway\\/_zinpack\\/wire\\/modules\\/Inputfield\\/InputfieldDatetime\\/InputfieldDatetime.module\",\"core\":true,\"versionStr\":\"1.0.3\"},\"80\":{\"summary\":\"E-Mail address in valid format\",\"file\":\"\\/www\\/infoway\\/_zinpack\\/wire\\/modules\\/Inputfield\\/InputfieldEmail.module\",\"core\":true,\"versionStr\":\"1.0.1\"},\"78\":{\"summary\":\"Groups one or more fields together in a container\",\"file\":\"\\/www\\/infoway\\/_zinpack\\/wire\\/modules\\/Inputfield\\/InputfieldFieldset.module\",\"core\":true,\"versionStr\":\"1.0.1\"},\"55\":{\"summary\":\"One or more file uploads (sortable)\",\"file\":\"\\/www\\/infoway\\/_zinpack\\/wire\\/modules\\/Inputfield\\/InputfieldFile\\/InputfieldFile.module\",\"core\":true,\"versionStr\":\"1.1.4\"},\"90\":{\"summary\":\"Floating point number with precision\",\"file\":\"\\/www\\/infoway\\/_zinpack\\/wire\\/modules\\/Inputfield\\/InputfieldFloat.module\",\"core\":true,\"versionStr\":\"1.0.2\"},\"30\":{\"summary\":\"Contains one or more fields in a form\",\"file\":\"\\/www\\/infoway\\/_zinpack\\/wire\\/modules\\/Inputfield\\/InputfieldForm.module\",\"core\":true,\"versionStr\":\"1.0.4\"},\"40\":{\"summary\":\"Hidden value in a form\",\"file\":\"\\/www\\/infoway\\/_zinpack\\/wire\\/modules\\/Inputfield\\/InputfieldHidden.module\",\"core\":true,\"versionStr\":\"1.0.1\"},\"56\":{\"summary\":\"One or more image uploads (sortable)\",\"file\":\"\\/www\\/infoway\\/_zinpack\\/wire\\/modules\\/Inputfield\\/InputfieldImage\\/InputfieldImage.module\",\"core\":true,\"versionStr\":\"1.1.0\"},\"85\":{\"summary\":\"Integer (positive or negative)\",\"file\":\"\\/www\\/infoway\\/_zinpack\\/wire\\/modules\\/Inputfield\\/InputfieldInteger.module\",\"core\":true,\"versionStr\":\"1.0.2\"},\"79\":{\"summary\":\"Contains any other markup and optionally child Inputfields\",\"file\":\"\\/www\\/infoway\\/_zinpack\\/wire\\/modules\\/Inputfield\\/InputfieldMarkup.module\",\"core\":true,\"versionStr\":\"1.0.1\"},\"41\":{\"summary\":\"Text input validated as a ProcessWire name field\",\"file\":\"\\/www\\/infoway\\/_zinpack\\/wire\\/modules\\/Inputfield\\/InputfieldName.module\",\"core\":true,\"versionStr\":\"1.0.0\"},\"60\":{\"summary\":\"Select one or more pages\",\"file\":\"\\/www\\/infoway\\/_zinpack\\/wire\\/modules\\/Inputfield\\/InputfieldPage\\/InputfieldPage.module\",\"core\":true,\"configurable\":true,\"versionStr\":\"1.0.4\"},\"15\":{\"summary\":\"Selection of a single page from a ProcessWire page tree list\",\"file\":\"\\/www\\/infoway\\/_zinpack\\/wire\\/modules\\/Inputfield\\/InputfieldPageListSelect\\/InputfieldPageListSelect.module\",\"core\":true,\"versionStr\":\"1.0.0\"},\"137\":{\"summary\":\"Selection of multiple pages from a ProcessWire page tree list\",\"file\":\"\\/www\\/infoway\\/_zinpack\\/wire\\/modules\\/Inputfield\\/InputfieldPageListSelect\\/InputfieldPageListSelectMultiple.module\",\"core\":true,\"versionStr\":\"1.0.1\"},\"86\":{\"summary\":\"Text input validated as a ProcessWire Page name field\",\"file\":\"\\/www\\/infoway\\/_zinpack\\/wire\\/modules\\/Inputfield\\/InputfieldPageName\\/InputfieldPageName.module\",\"core\":true,\"configurable\":true,\"versionStr\":\"1.0.4\"},\"162\":{\"summary\":\"Inputfield to accompany FieldtypePageTable\",\"file\":\"\\/www\\/infoway\\/_zinpack\\/wire\\/modules\\/Inputfield\\/InputfieldPageTable\\/InputfieldPageTable.module\",\"core\":true,\"versionStr\":\"0.0.6\"},\"112\":{\"summary\":\"Handles input of Page Title and auto-generation of Page Name (when name is blank)\",\"file\":\"\\/www\\/infoway\\/_zinpack\\/wire\\/modules\\/Inputfield\\/InputfieldPageTitle\\/InputfieldPageTitle.module\",\"core\":true,\"versionStr\":\"1.0.2\"},\"122\":{\"summary\":\"Password input with confirmation field that doesn\'t ever echo the input back.\",\"file\":\"\\/www\\/infoway\\/_zinpack\\/wire\\/modules\\/Inputfield\\/InputfieldPassword.module\",\"core\":true,\"versionStr\":\"1.0.1\"},\"39\":{\"summary\":\"Radio buttons for selection of a single item\",\"file\":\"\\/www\\/infoway\\/_zinpack\\/wire\\/modules\\/Inputfield\\/InputfieldRadios\\/InputfieldRadios.module\",\"core\":true,\"versionStr\":\"1.0.2\"},\"36\":{\"summary\":\"Selection of a single value from a select pulldown\",\"file\":\"\\/www\\/infoway\\/_zinpack\\/wire\\/modules\\/Inputfield\\/InputfieldSelect.module\",\"core\":true,\"versionStr\":\"1.0.2\"},\"43\":{\"summary\":\"Select multiple items from a list\",\"file\":\"\\/www\\/infoway\\/_zinpack\\/wire\\/modules\\/Inputfield\\/InputfieldSelectMultiple.module\",\"core\":true,\"versionStr\":\"1.0.1\"},\"157\":{\"summary\":\"Build a page finding selector visually.\",\"author\":\"Avoine + ProcessWire\",\"file\":\"\\/www\\/infoway\\/_zinpack\\/wire\\/modules\\/Inputfield\\/InputfieldSelector\\/InputfieldSelector.module\",\"core\":true,\"configurable\":true,\"versionStr\":\"0.2.2\"},\"32\":{\"summary\":\"Form submit button\",\"file\":\"\\/www\\/infoway\\/_zinpack\\/wire\\/modules\\/Inputfield\\/InputfieldSubmit\\/InputfieldSubmit.module\",\"core\":true,\"versionStr\":\"1.0.1\"},\"34\":{\"summary\":\"Single line of text\",\"file\":\"\\/www\\/infoway\\/_zinpack\\/wire\\/modules\\/Inputfield\\/InputfieldText.module\",\"core\":true,\"versionStr\":\"1.0.5\"},\"35\":{\"summary\":\"Multiple lines of text\",\"file\":\"\\/www\\/infoway\\/_zinpack\\/wire\\/modules\\/Inputfield\\/InputfieldTextarea.module\",\"core\":true,\"versionStr\":\"1.0.3\"},\"108\":{\"summary\":\"URL in valid format\",\"file\":\"\\/www\\/infoway\\/_zinpack\\/wire\\/modules\\/Inputfield\\/InputfieldURL.module\",\"core\":true,\"versionStr\":\"1.0.1\"},\"116\":{\"summary\":\"jQuery Core as required by ProcessWire Admin and plugins\",\"href\":\"http:\\/\\/jquery.com\",\"file\":\"\\/www\\/infoway\\/_zinpack\\/wire\\/modules\\/Jquery\\/JqueryCore\\/JqueryCore.module\",\"core\":true,\"versionStr\":\"1.8.3\"},\"149\":{\"summary\":\"Provides lightbox capability for image galleries. Replacement for FancyBox. Uses Magnific Popup by @dimsemenov.\",\"href\":\"http:\\/\\/dimsemenov.com\\/plugins\\/magnific-popup\\/\",\"file\":\"\\/www\\/infoway\\/_zinpack\\/wire\\/modules\\/Jquery\\/JqueryMagnific\\/JqueryMagnific.module\",\"core\":true,\"versionStr\":\"0.0.1\"},\"103\":{\"summary\":\"Provides a jQuery plugin for sorting tables. jQuery plugin by Christian Bach.\",\"href\":\"http:\\/\\/tablesorter.com\",\"file\":\"\\/www\\/infoway\\/_zinpack\\/wire\\/modules\\/Jquery\\/JqueryTableSorter\\/JqueryTableSorter.module\",\"core\":true,\"versionStr\":\"2.0.3\"},\"117\":{\"summary\":\"jQuery UI as required by ProcessWire and plugins\",\"href\":\"http:\\/\\/ui.jquery.com\",\"file\":\"\\/www\\/infoway\\/_zinpack\\/wire\\/modules\\/Jquery\\/JqueryUI\\/JqueryUI.module\",\"core\":true,\"versionStr\":\"1.9.3\"},\"45\":{\"summary\":\"Provides a jQuery plugin for generating tabs in ProcessWire.\",\"file\":\"\\/www\\/infoway\\/_zinpack\\/wire\\/modules\\/Jquery\\/JqueryWireTabs\\/JqueryWireTabs.module\",\"core\":true,\"configurable\":true,\"versionStr\":\"1.0.5\"},\"67\":{\"summary\":\"Generates XHTML markup for data tables used by ProcessWire admin\",\"file\":\"\\/www\\/infoway\\/_zinpack\\/wire\\/modules\\/Markup\\/MarkupAdminDataTable\\/MarkupAdminDataTable.module\",\"core\":true,\"versionStr\":\"1.0.2\"},\"160\":{\"summary\":\"Front-end to the HTML Purifier library.\",\"file\":\"\\/www\\/infoway\\/_zinpack\\/wire\\/modules\\/Markup\\/MarkupHTMLPurifier\\/MarkupHTMLPurifier.module\",\"core\":true,\"versionStr\":\"1.0.4\"},\"113\":{\"summary\":\"Adds a render() method to all PageArray instances for basic unordered list generation of PageArrays.\",\"file\":\"\\/www\\/infoway\\/_zinpack\\/wire\\/modules\\/Markup\\/MarkupPageArray.module\",\"core\":true,\"versionStr\":\"1.0.0\"},\"98\":{\"summary\":\"Generates markup for pagination navigation\",\"file\":\"\\/www\\/infoway\\/_zinpack\\/wire\\/modules\\/Markup\\/MarkupPagerNav\\/MarkupPagerNav.module\",\"core\":true,\"versionStr\":\"1.0.3\"},\"114\":{\"summary\":\"Adds various permission methods to Page objects that are used by Process modules.\",\"file\":\"\\/www\\/infoway\\/_zinpack\\/wire\\/modules\\/PagePermissions.module\",\"core\":true,\"versionStr\":\"1.0.5\"},\"115\":{\"summary\":\"Adds a render method to Page and caches page output.\",\"file\":\"\\/www\\/infoway\\/_zinpack\\/wire\\/modules\\/PageRender.module\",\"core\":true,\"configurable\":true,\"versionStr\":\"1.0.3\"},\"48\":{\"summary\":\"Edit individual fields that hold page data\",\"file\":\"\\/www\\/infoway\\/_zinpack\\/wire\\/modules\\/Process\\/ProcessField\\/ProcessField.module\",\"core\":true,\"configurable\":true,\"versionStr\":\"1.0.8\"},\"87\":{\"summary\":\"Acts as a placeholder Process for the admin root. Ensures proper flow control after login.\",\"file\":\"\\/www\\/infoway\\/_zinpack\\/wire\\/modules\\/Process\\/ProcessHome.module\",\"core\":true,\"versionStr\":\"1.0.1\"},\"76\":{\"summary\":\"Lists the Process assigned to each child page of the current\",\"file\":\"\\/www\\/infoway\\/_zinpack\\/wire\\/modules\\/Process\\/ProcessList.module\",\"core\":true,\"versionStr\":\"1.0.1\"},\"10\":{\"summary\":\"Login to ProcessWire\",\"file\":\"\\/www\\/infoway\\/_zinpack\\/wire\\/modules\\/Process\\/ProcessLogin\\/ProcessLogin.module\",\"core\":true,\"versionStr\":\"1.0.1\"},\"50\":{\"summary\":\"List, edit or install\\/uninstall modules\",\"file\":\"\\/www\\/infoway\\/_zinpack\\/wire\\/modules\\/Process\\/ProcessModule\\/ProcessModule.module\",\"core\":true,\"versionStr\":\"1.1.7\"},\"17\":{\"summary\":\"Add a new page\",\"file\":\"\\/www\\/infoway\\/_zinpack\\/wire\\/modules\\/Process\\/ProcessPageAdd\\/ProcessPageAdd.module\",\"core\":true,\"configurable\":true,\"versionStr\":\"1.0.4\"},\"7\":{\"summary\":\"Edit a Page\",\"file\":\"\\/www\\/infoway\\/_zinpack\\/wire\\/modules\\/Process\\/ProcessPageEdit\\/ProcessPageEdit.module\",\"core\":true,\"versionStr\":\"1.0.6\"},\"129\":{\"summary\":\"Provides an image select capability as used by some Fieldtype modules (like TinyMCE)\",\"file\":\"\\/www\\/infoway\\/_zinpack\\/wire\\/modules\\/Process\\/ProcessPageEditImageSelect\\/ProcessPageEditImageSelect.module\",\"core\":true,\"configurable\":true,\"versionStr\":\"1.0.8\"},\"121\":{\"summary\":\"Provides a link capability as used by some Fieldtype modules (like TinyMCE)\",\"file\":\"\\/www\\/infoway\\/_zinpack\\/wire\\/modules\\/Process\\/ProcessPageEditLink\\/ProcessPageEditLink.module\",\"core\":true,\"configurable\":true,\"versionStr\":\"1.0.5\"},\"12\":{\"summary\":\"List pages in a hierarchal tree structure\",\"file\":\"\\/www\\/infoway\\/_zinpack\\/wire\\/modules\\/Process\\/ProcessPageList\\/ProcessPageList.module\",\"core\":true,\"configurable\":true,\"versionStr\":\"1.0.7\"},\"158\":{\"summary\":\"Admin tool for finding and listing pages by any property.\",\"author\":\"Ryan Cramer\",\"file\":\"\\/www\\/infoway\\/_zinpack\\/wire\\/modules\\/Process\\/ProcessPageLister\\/ProcessPageLister.module\",\"core\":true,\"versionStr\":\"0.1.8\"},\"104\":{\"summary\":\"Provides a page search engine for admin use.\",\"file\":\"\\/www\\/infoway\\/_zinpack\\/wire\\/modules\\/Process\\/ProcessPageSearch\\/ProcessPageSearch.module\",\"core\":true,\"configurable\":true,\"versionStr\":\"1.0.5\"},\"14\":{\"summary\":\"Handles page sorting and moving for PageList\",\"file\":\"\\/www\\/infoway\\/_zinpack\\/wire\\/modules\\/Process\\/ProcessPageSort.module\",\"core\":true,\"versionStr\":\"1.0.0\"},\"109\":{\"summary\":\"Handles emptying of Page trash\",\"file\":\"\\/www\\/infoway\\/_zinpack\\/wire\\/modules\\/Process\\/ProcessPageTrash.module\",\"core\":true,\"versionStr\":\"1.0.1\"},\"134\":{\"summary\":\"List, Edit and Add pages of a specific type\",\"file\":\"\\/www\\/infoway\\/_zinpack\\/wire\\/modules\\/Process\\/ProcessPageType\\/ProcessPageType.module\",\"core\":true,\"configurable\":true,\"versionStr\":\"1.0.1\"},\"83\":{\"summary\":\"All page views are routed through this Process\",\"file\":\"\\/www\\/infoway\\/_zinpack\\/wire\\/modules\\/Process\\/ProcessPageView.module\",\"core\":true,\"versionStr\":\"1.0.3\"},\"136\":{\"summary\":\"Manage system permissions\",\"file\":\"\\/www\\/infoway\\/_zinpack\\/wire\\/modules\\/Process\\/ProcessPermission\\/ProcessPermission.module\",\"core\":true,\"configurable\":true,\"versionStr\":\"1.0.0\"},\"138\":{\"summary\":\"Enables user to change their password, email address and other settings that you define.\",\"file\":\"\\/www\\/infoway\\/_zinpack\\/wire\\/modules\\/Process\\/ProcessProfile\\/ProcessProfile.module\",\"core\":true,\"configurable\":true,\"versionStr\":\"1.0.1\"},\"68\":{\"summary\":\"Manage user roles and what permissions are attached\",\"file\":\"\\/www\\/infoway\\/_zinpack\\/wire\\/modules\\/Process\\/ProcessRole\\/ProcessRole.module\",\"core\":true,\"configurable\":true,\"versionStr\":\"1.0.1\"},\"47\":{\"summary\":\"List and edit the templates that control page output\",\"file\":\"\\/www\\/infoway\\/_zinpack\\/wire\\/modules\\/Process\\/ProcessTemplate\\/ProcessTemplate.module\",\"core\":true,\"versionStr\":\"1.0.8\"},\"66\":{\"summary\":\"Manage system users\",\"file\":\"\\/www\\/infoway\\/_zinpack\\/wire\\/modules\\/Process\\/ProcessUser\\/ProcessUser.module\",\"core\":true,\"configurable\":true,\"versionStr\":\"1.0.4\"},\"125\":{\"summary\":\"Throttles the frequency of logins for a given account, helps to reduce dictionary attacks by introducing an exponential delay between logins.\",\"file\":\"\\/www\\/infoway\\/_zinpack\\/wire\\/modules\\/Session\\/SessionLoginThrottle\\/SessionLoginThrottle.module\",\"core\":true,\"configurable\":true,\"versionStr\":\"1.0.2\"},\"139\":{\"summary\":\"Manages system versions and upgrades.\",\"file\":\"\\/www\\/infoway\\/_zinpack\\/wire\\/modules\\/System\\/SystemUpdater\\/SystemUpdater.module\",\"core\":true,\"configurable\":true,\"versionStr\":\"0.0.8\"},\"61\":{\"summary\":\"Entity encode ampersands, quotes (single and double) and greater-than\\/less-than signs using htmlspecialchars(str, ENT_QUOTES). It is recommended that you use this on all text\\/textarea fields except those using a rich text editor like TinyMCE or a markup language like Markdown.\",\"file\":\"\\/www\\/infoway\\/_zinpack\\/wire\\/modules\\/Textformatter\\/TextformatterEntities.module\",\"core\":true,\"versionStr\":\"1.0.0\"},\"156\":{\"summary\":\"Creates a site profile that can be used for a fresh install of ProcessWire.\",\"file\":\"\\/www\\/infoway\\/_zinpack\\/site\\/modules\\/ProcessExportProfile\\/ProcessExportProfile.module\",\"versionStr\":\"1.0.3\"},\"151\":{\"summary\":\"Adds a delete link to the page list.\",\"file\":\"\\/www\\/infoway\\/_zinpack\\/site\\/modules\\/ProcessPageDelete\\/ProcessPageDelete.module\",\"versionStr\":\"1.08\"},\"155\":{\"summary\":\"Test selectors and explore page data and properties without editing a template file\",\"author\":\"Niklas Lakanen\",\"file\":\"\\/www\\/infoway\\/_zinpack\\/site\\/modules\\/ProcessSelectorTest\\/ProcessSelectorTest.module\",\"versionStr\":\"1.1.3\"}}','2010-04-08 03:10:10'),('ModulesUninstalled.info','{\"AdminThemeReno\":{\"name\":\"AdminThemeReno\",\"title\":\"Reno\",\"version\":12,\"versionStr\":\"0.1.2\",\"author\":\"Tom Reno (Renobird)\",\"summary\":\"Admin theme for ProcessWire 2.5 by Tom Reno (Renobird)\",\"href\":\"\",\"icon\":\"\",\"requires\":[\"AdminThemeDefault\"],\"requiresVersions\":{\"AdminThemeDefault\":[\">=\",0]},\"installs\":[],\"permission\":\"\",\"permissions\":[],\"autoload\":\"template=admin\",\"singular\":null,\"created\":1416000323,\"installed\":false,\"file\":\"\\/www\\/infoway\\/_zinpack\\/wire\\/modules\\/AdminTheme\\/AdminThemeReno\\/AdminThemeReno.module\",\"core\":true,\"configurable\":true},\"FieldtypeCache\":{\"name\":\"FieldtypeCache\",\"title\":\"Cache\",\"version\":101,\"versionStr\":\"1.0.1\",\"author\":\"\",\"summary\":\"Caches the values of other fields for fewer runtime queries. Can also be used to combine multiple text fields and have them all be searchable under the cached field name.\",\"href\":\"\",\"icon\":\"\",\"requires\":[],\"requiresVersions\":[],\"installs\":[],\"permission\":\"\",\"permissions\":[],\"autoload\":null,\"singular\":null,\"created\":1416000246,\"installed\":false,\"file\":\"\\/www\\/infoway\\/_zinpack\\/wire\\/modules\\/Fieldtype\\/FieldtypeCache.module\",\"core\":true,\"configurable\":false},\"CommentFilterAkismet\":{\"name\":\"CommentFilterAkismet\",\"title\":\"Comment Filter: Akismet\",\"version\":102,\"versionStr\":\"1.0.2\",\"author\":\"\",\"summary\":\"Uses the Akismet service to identify comment spam. Module plugin for the Comments Fieldtype.\",\"href\":\"\",\"icon\":\"\",\"requires\":[\"FieldtypeComments\"],\"requiresVersions\":{\"FieldtypeComments\":[\">=\",0]},\"installs\":[],\"permission\":\"\",\"permissions\":[],\"autoload\":false,\"singular\":false,\"created\":1416000331,\"installed\":false,\"file\":\"\\/www\\/infoway\\/_zinpack\\/wire\\/modules\\/Fieldtype\\/FieldtypeComments\\/CommentFilterAkismet.module\",\"core\":true,\"configurable\":true,\"permanent\":false},\"FieldtypeComments\":{\"name\":\"FieldtypeComments\",\"title\":\"Comments\",\"version\":103,\"versionStr\":\"1.0.3\",\"author\":\"\",\"summary\":\"Field that stores user posted comments for a single Page\",\"href\":\"\",\"icon\":\"\",\"requires\":[],\"requiresVersions\":[],\"installs\":[\"InputfieldCommentsAdmin\"],\"permission\":\"\",\"permissions\":[],\"autoload\":null,\"singular\":null,\"created\":1416000334,\"installed\":false,\"file\":\"\\/www\\/infoway\\/_zinpack\\/wire\\/modules\\/Fieldtype\\/FieldtypeComments\\/FieldtypeComments.module\",\"core\":true,\"configurable\":false},\"InputfieldCommentsAdmin\":{\"name\":\"InputfieldCommentsAdmin\",\"title\":\"Comments Admin\",\"version\":103,\"versionStr\":\"1.0.3\",\"author\":\"\",\"summary\":\"Provides an administrative interface for working with comments\",\"href\":\"\",\"icon\":\"\",\"requires\":[\"FieldtypeComments\"],\"requiresVersions\":{\"FieldtypeComments\":[\">=\",0]},\"installs\":[],\"permission\":\"\",\"permissions\":[],\"autoload\":null,\"singular\":null,\"created\":1416000335,\"installed\":false,\"file\":\"\\/www\\/infoway\\/_zinpack\\/wire\\/modules\\/Fieldtype\\/FieldtypeComments\\/InputfieldCommentsAdmin.module\",\"core\":true,\"configurable\":false,\"permanent\":false},\"FieldtypeSelector\":{\"name\":\"FieldtypeSelector\",\"title\":\"Selector\",\"version\":13,\"versionStr\":\"0.1.3\",\"author\":\"Avoine + ProcessWire\",\"summary\":\"Build a page finding selector visually.\",\"href\":\"\",\"icon\":\"\",\"requires\":[\"InputfieldSelector\"],\"requiresVersions\":{\"InputfieldSelector\":[\">=\",0]},\"installs\":[],\"permission\":\"\",\"permissions\":[],\"autoload\":null,\"singular\":null,\"created\":1416000255,\"installed\":false,\"file\":\"\\/www\\/infoway\\/_zinpack\\/wire\\/modules\\/Fieldtype\\/FieldtypeSelector.module\",\"core\":true,\"configurable\":false},\"InputfieldPageAutocomplete\":{\"name\":\"InputfieldPageAutocomplete\",\"title\":\"Page Auto Complete\",\"version\":103,\"versionStr\":\"1.0.3\",\"author\":\"\",\"summary\":\"Multiple Page selection using auto completion and sorting capability. Intended for use as an input field for Page reference fields.\",\"href\":\"\",\"icon\":\"\",\"requires\":[],\"requiresVersions\":[],\"installs\":[],\"permission\":\"\",\"permissions\":[],\"autoload\":null,\"singular\":null,\"created\":1416000378,\"installed\":false,\"file\":\"\\/www\\/infoway\\/_zinpack\\/wire\\/modules\\/Inputfield\\/InputfieldPageAutocomplete\\/InputfieldPageAutocomplete.module\",\"core\":true,\"configurable\":false},\"JqueryFancybox\":{\"name\":\"JqueryFancybox\",\"title\":\"jQuery Fancybox Plugin\",\"version\":126,\"versionStr\":\"1.2.6\",\"author\":\"\",\"summary\":\"Provides lightbox capability for image galleries. jQuery plugin by Janis Skarnelis.\",\"href\":\"http:\\/\\/fancybox.net\",\"icon\":\"\",\"requires\":[],\"requiresVersions\":[],\"installs\":[],\"permission\":\"\",\"permissions\":[],\"autoload\":null,\"singular\":null,\"created\":1416000426,\"installed\":false,\"file\":\"\\/www\\/infoway\\/_zinpack\\/wire\\/modules\\/Jquery\\/JqueryFancybox\\/JqueryFancybox.module\",\"core\":true,\"configurable\":false},\"FieldtypePageTitleLanguage\":{\"name\":\"FieldtypePageTitleLanguage\",\"title\":\"Page Title (Multi-Language)\",\"version\":100,\"versionStr\":\"1.0.0\",\"author\":\"Ryan Cramer\",\"summary\":\"Field that stores a page title in multiple languages. Use this only if you want title inputs created for ALL languages on ALL pages. Otherwise create separate languaged-named title fields, i.e. title_fr, title_es, title_fi, etc. \",\"href\":\"\",\"icon\":\"\",\"requires\":[\"LanguageSupportFields\",\"FieldtypeTextLanguage\"],\"requiresVersions\":{\"LanguageSupportFields\":[\">=\",0],\"FieldtypeTextLanguage\":[\">=\",0]},\"installs\":[],\"permission\":\"\",\"permissions\":[],\"autoload\":null,\"singular\":null,\"created\":1416000272,\"installed\":false,\"file\":\"\\/www\\/infoway\\/_zinpack\\/wire\\/modules\\/LanguageSupport\\/FieldtypePageTitleLanguage.module\",\"core\":true,\"configurable\":false},\"FieldtypeTextareaLanguage\":{\"name\":\"FieldtypeTextareaLanguage\",\"title\":\"Textarea (Multi-language)\",\"version\":100,\"versionStr\":\"1.0.0\",\"author\":\"\",\"summary\":\"Field that stores a multiple lines of text in multiple languages\",\"href\":\"\",\"icon\":\"\",\"requires\":[\"LanguageSupportFields\"],\"requiresVersions\":{\"LanguageSupportFields\":[\">=\",0]},\"installs\":[],\"permission\":\"\",\"permissions\":[],\"autoload\":null,\"singular\":null,\"created\":1416000273,\"installed\":false,\"file\":\"\\/www\\/infoway\\/_zinpack\\/wire\\/modules\\/LanguageSupport\\/FieldtypeTextareaLanguage.module\",\"core\":true,\"configurable\":false},\"FieldtypeTextLanguage\":{\"name\":\"FieldtypeTextLanguage\",\"title\":\"Text (Multi-language)\",\"version\":100,\"versionStr\":\"1.0.0\",\"author\":\"\",\"summary\":\"Field that stores a single line of text in multiple languages\",\"href\":\"\",\"icon\":\"\",\"requires\":[\"LanguageSupportFields\"],\"requiresVersions\":{\"LanguageSupportFields\":[\">=\",0]},\"installs\":[],\"permission\":\"\",\"permissions\":[],\"autoload\":null,\"singular\":null,\"created\":1416000273,\"installed\":false,\"file\":\"\\/www\\/infoway\\/_zinpack\\/wire\\/modules\\/LanguageSupport\\/FieldtypeTextLanguage.module\",\"core\":true,\"configurable\":false,\"permanent\":false},\"LanguageSupport\":{\"name\":\"LanguageSupport\",\"title\":\"Languages Support\",\"version\":103,\"versionStr\":\"1.0.3\",\"author\":\"Ryan Cramer\",\"summary\":\"ProcessWire multi-language support.\",\"href\":\"\",\"icon\":\"\",\"requires\":[],\"requiresVersions\":[],\"installs\":[\"ProcessLanguage\",\"ProcessLanguageTranslator\"],\"permission\":\"\",\"permissions\":[],\"autoload\":true,\"singular\":true,\"created\":1416000278,\"installed\":false,\"file\":\"\\/www\\/infoway\\/_zinpack\\/wire\\/modules\\/LanguageSupport\\/LanguageSupport.module\",\"core\":true,\"configurable\":true},\"LanguageSupportFields\":{\"name\":\"LanguageSupportFields\",\"title\":\"Languages Support - Fields\",\"version\":100,\"versionStr\":\"1.0.0\",\"author\":\"Ryan Cramer\",\"summary\":\"Required to use multi-language fields.\",\"href\":\"\",\"icon\":\"\",\"requires\":[\"LanguageSupport\"],\"requiresVersions\":{\"LanguageSupport\":[\">=\",0]},\"installs\":[\"FieldtypePageTitleLanguage\",\"FieldtypeTextareaLanguage\",\"FieldtypeTextLanguage\"],\"permission\":\"\",\"permissions\":[],\"autoload\":true,\"singular\":true,\"created\":1416000278,\"installed\":false,\"file\":\"\\/www\\/infoway\\/_zinpack\\/wire\\/modules\\/LanguageSupport\\/LanguageSupportFields.module\",\"core\":true,\"configurable\":false},\"LanguageSupportPageNames\":{\"name\":\"LanguageSupportPageNames\",\"title\":\"Languages Support - Page Names\",\"version\":9,\"versionStr\":\"0.0.9\",\"author\":\"Ryan Cramer\",\"summary\":\"Required to use multi-language page names.\",\"href\":\"\",\"icon\":\"\",\"requires\":[\"LanguageSupport\",\"LanguageSupportFields\"],\"requiresVersions\":{\"LanguageSupport\":[\">=\",0],\"LanguageSupportFields\":[\">=\",0]},\"installs\":[],\"permission\":\"\",\"permissions\":[],\"autoload\":true,\"singular\":true,\"created\":1416000279,\"installed\":false,\"file\":\"\\/www\\/infoway\\/_zinpack\\/wire\\/modules\\/LanguageSupport\\/LanguageSupportPageNames.module\",\"core\":true,\"configurable\":true},\"LanguageTabs\":{\"name\":\"LanguageTabs\",\"title\":\"Languages Support - Tabs\",\"version\":111,\"versionStr\":\"1.1.1\",\"author\":\"adamspruijt, ryan\",\"summary\":\"Organizes multi-language fields into tabs for a cleaner easier to use interface.\",\"href\":\"\",\"icon\":\"\",\"requires\":[\"LanguageSupportFields\"],\"requiresVersions\":{\"LanguageSupportFields\":[\">=\",0]},\"installs\":[],\"permission\":\"\",\"permissions\":[],\"autoload\":\"template=admin\",\"singular\":true,\"created\":1416000282,\"installed\":false,\"file\":\"\\/www\\/infoway\\/_zinpack\\/wire\\/modules\\/LanguageSupport\\/LanguageTabs.module\",\"core\":true,\"configurable\":false},\"ProcessLanguage\":{\"name\":\"ProcessLanguage\",\"title\":\"Languages\",\"version\":102,\"versionStr\":\"1.0.2\",\"author\":\"Ryan Cramer\",\"summary\":\"Manage system languages\",\"href\":\"\",\"icon\":\"language\",\"requires\":[\"LanguageSupport\"],\"requiresVersions\":{\"LanguageSupport\":[\">=\",0]},\"installs\":[],\"permission\":\"\",\"permissions\":[],\"autoload\":null,\"singular\":null,\"created\":1416000284,\"installed\":false,\"file\":\"\\/www\\/infoway\\/_zinpack\\/wire\\/modules\\/LanguageSupport\\/ProcessLanguage.module\",\"core\":true,\"configurable\":true,\"useNavJSON\":true},\"ProcessLanguageTranslator\":{\"name\":\"ProcessLanguageTranslator\",\"title\":\"Language Translator\",\"version\":100,\"versionStr\":\"1.0.0\",\"author\":\"Ryan Cramer\",\"summary\":\"Provides language translation capabilities for ProcessWire core and modules.\",\"href\":\"\",\"icon\":\"\",\"requires\":[\"LanguageSupport\"],\"requiresVersions\":{\"LanguageSupport\":[\">=\",0]},\"installs\":[],\"permission\":\"\",\"permissions\":[],\"autoload\":null,\"singular\":null,\"created\":1416000286,\"installed\":false,\"file\":\"\\/www\\/infoway\\/_zinpack\\/wire\\/modules\\/LanguageSupport\\/ProcessLanguageTranslator.module\",\"core\":true,\"configurable\":false},\"LazyCron\":{\"name\":\"LazyCron\",\"title\":\"Lazy Cron\",\"version\":102,\"versionStr\":\"1.0.2\",\"author\":\"\",\"summary\":\"Provides hooks that are automatically executed at various intervals. It is called \'lazy\' because it\'s triggered by a pageview, so the interval is guaranteed to be at least the time requested, rather than exactly the time requested. This is fine for most cases, but you can make it not lazy by connecting this to a real CRON job. See the module file for details. \",\"href\":\"http:\\/\\/processwire.com\\/talk\\/index.php\\/topic,284.0.html\",\"icon\":\"\",\"requires\":[],\"requiresVersions\":[],\"installs\":[],\"permission\":\"\",\"permissions\":[],\"autoload\":true,\"singular\":true,\"created\":1416000234,\"installed\":false,\"file\":\"\\/www\\/infoway\\/_zinpack\\/wire\\/modules\\/LazyCron.module\",\"core\":true,\"configurable\":false,\"permanent\":false},\"MarkupCache\":{\"name\":\"MarkupCache\",\"title\":\"Markup Cache\",\"version\":101,\"versionStr\":\"1.0.1\",\"author\":\"\",\"summary\":\"A simple way to cache segments of markup in your templates. \",\"href\":\"http:\\/\\/www.processwire.com\\/api\\/modules\\/markupcache\\/\",\"icon\":\"\",\"requires\":[],\"requiresVersions\":[],\"installs\":[],\"permission\":\"\",\"permissions\":[],\"autoload\":true,\"singular\":true,\"created\":1416000289,\"installed\":false,\"file\":\"\\/www\\/infoway\\/_zinpack\\/wire\\/modules\\/Markup\\/MarkupCache.module\",\"core\":true,\"configurable\":true},\"MarkupPageFields\":{\"name\":\"MarkupPageFields\",\"title\":\"Markup Page Fields\",\"version\":100,\"versionStr\":\"1.0.0\",\"author\":\"\",\"summary\":\"Adds $page->renderFields() and $page->images->render() methods that return basic markup for output during development and debugging.\",\"href\":\"\",\"icon\":\"\",\"requires\":[],\"requiresVersions\":[],\"installs\":[],\"permission\":\"\",\"permissions\":[],\"autoload\":true,\"singular\":true,\"created\":1416000290,\"installed\":false,\"file\":\"\\/www\\/infoway\\/_zinpack\\/wire\\/modules\\/Markup\\/MarkupPageFields.module\",\"core\":true,\"configurable\":false,\"permanent\":true},\"MarkupRSS\":{\"name\":\"MarkupRSS\",\"title\":\"Markup RSS Feed\",\"version\":102,\"versionStr\":\"1.0.2\",\"author\":\"\",\"summary\":\"Renders an RSS feed. Given a PageArray, renders an RSS feed of them.\",\"href\":\"\",\"icon\":\"\",\"requires\":[],\"requiresVersions\":[],\"installs\":[],\"permission\":\"\",\"permissions\":[],\"autoload\":false,\"singular\":false,\"created\":1416000291,\"installed\":false,\"file\":\"\\/www\\/infoway\\/_zinpack\\/wire\\/modules\\/Markup\\/MarkupRSS.module\",\"core\":true,\"configurable\":true,\"permanent\":false},\"PagePathHistory\":{\"name\":\"PagePathHistory\",\"title\":\"Page Path History\",\"version\":1,\"versionStr\":\"0.0.1\",\"author\":\"\",\"summary\":\"Keeps track of past URLs where pages have lived and automatically redirects (301 permament) to the new location whenever the past URL is accessed.\",\"href\":\"\",\"icon\":\"\",\"requires\":[],\"requiresVersions\":[],\"installs\":[],\"permission\":\"\",\"permissions\":[],\"autoload\":true,\"singular\":true,\"created\":1416000234,\"installed\":false,\"file\":\"\\/www\\/infoway\\/_zinpack\\/wire\\/modules\\/PagePathHistory.module\",\"core\":true,\"configurable\":false},\"PagePaths\":{\"name\":\"PagePaths\",\"title\":\"Page Paths\",\"version\":1,\"versionStr\":\"0.0.1\",\"author\":\"\",\"summary\":\"Enables page paths\\/urls to be queryable by selectors. Also offers potential for improved load performance. Builds an index at install (may take time on a large site).\",\"href\":\"\",\"icon\":\"\",\"requires\":[],\"requiresVersions\":[],\"installs\":[],\"permission\":\"\",\"permissions\":[],\"autoload\":true,\"singular\":true,\"created\":1416000235,\"installed\":false,\"file\":\"\\/www\\/infoway\\/_zinpack\\/wire\\/modules\\/PagePaths.module\",\"core\":true,\"configurable\":false},\"ProcessForgotPassword\":{\"name\":\"ProcessForgotPassword\",\"title\":\"Forgot Password\",\"version\":101,\"versionStr\":\"1.0.1\",\"author\":\"\",\"summary\":\"Provides password reset\\/email capability for the Login process.\",\"href\":\"\",\"icon\":\"\",\"requires\":[],\"requiresVersions\":[],\"installs\":[],\"permission\":\"page-view\",\"permissions\":[],\"autoload\":null,\"singular\":null,\"created\":1416000294,\"installed\":false,\"file\":\"\\/www\\/infoway\\/_zinpack\\/wire\\/modules\\/Process\\/ProcessForgotPassword.module\",\"core\":true,\"configurable\":true,\"permanent\":false},\"ProcessPageClone\":{\"name\":\"ProcessPageClone\",\"title\":\"Page Clone\",\"version\":102,\"versionStr\":\"1.0.2\",\"author\":\"\",\"summary\":\"Provides ability to clone\\/copy\\/duplicate pages in the admin. Adds a \\\"copy\\\" option to all applicable pages in the PageList.\",\"href\":\"\",\"icon\":\"\",\"requires\":[],\"requiresVersions\":[],\"installs\":[],\"permission\":\"page-clone\",\"permissions\":[],\"autoload\":\"process=ProcessPageList\",\"singular\":null,\"created\":1416000296,\"installed\":false,\"file\":\"\\/www\\/infoway\\/_zinpack\\/wire\\/modules\\/Process\\/ProcessPageClone.module\",\"core\":true,\"configurable\":false,\"permanent\":false},\"ProcessRecentPages\":{\"name\":\"ProcessRecentPages\",\"title\":\"Recent Pages\",\"version\":1,\"versionStr\":\"0.0.1\",\"author\":\"Ryan Cramer\",\"summary\":\"Shows a list of recently edited pages in your admin.\",\"href\":\"http:\\/\\/modules.processwire.com\\/\",\"icon\":\"clock-o\",\"requires\":[\"ProcessWire\",\"ProcessPageLister\"],\"requiresVersions\":{\"ProcessWire\":[\">=\",\"2.5.0\"],\"ProcessPageLister\":[\">=\",0]},\"installs\":[],\"permission\":\"page-edit-recent\",\"permissions\":{\"page-edit-recent\":\"Can see recently edited pages\"},\"autoload\":null,\"singular\":null,\"created\":1416000511,\"installed\":false,\"file\":\"\\/www\\/infoway\\/_zinpack\\/wire\\/modules\\/Process\\/ProcessRecentPages\\/ProcessRecentPages.module\",\"core\":true,\"configurable\":false,\"page\":{\"name\":\"recent-pages\",\"parent\":\"page\",\"title\":\"Recent\"},\"useNavJSON\":true,\"nav\":[{\"url\":\"?edited=1&me=1\",\"label\":\"Edited by me\",\"navJSON\":\"navJSON\\/?edited=1&me=1\"},{\"url\":\"?added=1&me=1\",\"label\":\"Added by me\",\"navJSON\":\"navJSON\\/?added=1&me=1\"},{\"url\":\"?edited=1\",\"label\":\"Edited by any\",\"navJSON\":\"navJSON\\/?edited=1\"},{\"url\":\"?added=1\",\"label\":\"Added by any\",\"navJSON\":\"navJSON\\/?added=1&me=1\"}]},\"ProcessSessionDB\":{\"name\":\"ProcessSessionDB\",\"title\":\"Sessions\",\"version\":2,\"versionStr\":\"0.0.2\",\"author\":\"\",\"summary\":\"Enables you to browse active database sessions.\",\"href\":\"\",\"icon\":\"\",\"requires\":[\"SessionHandlerDB\"],\"requiresVersions\":{\"SessionHandlerDB\":[\">=\",0]},\"installs\":[],\"permission\":\"\",\"permissions\":[],\"autoload\":null,\"singular\":null,\"created\":1416000526,\"installed\":false,\"file\":\"\\/www\\/infoway\\/_zinpack\\/wire\\/modules\\/Session\\/SessionHandlerDB\\/ProcessSessionDB.module\",\"core\":true,\"configurable\":false,\"permanent\":false},\"SessionHandlerDB\":{\"name\":\"SessionHandlerDB\",\"title\":\"Session Handler Database\",\"version\":2,\"versionStr\":\"0.0.2\",\"author\":\"\",\"summary\":\"Installing this module makes ProcessWire store sessions in the database rather than the file system. Note that this module will log you out after install or uninstall.\",\"href\":\"\",\"icon\":\"\",\"requires\":[],\"requiresVersions\":[],\"installs\":[\"ProcessSessionDB\"],\"permission\":\"\",\"permissions\":[],\"autoload\":null,\"singular\":null,\"created\":1416000527,\"installed\":false,\"file\":\"\\/www\\/infoway\\/_zinpack\\/wire\\/modules\\/Session\\/SessionHandlerDB\\/SessionHandlerDB.module\",\"core\":true,\"configurable\":true},\"TextformatterMarkdownExtra\":{\"name\":\"TextformatterMarkdownExtra\",\"title\":\"Markdown Extra\",\"version\":122,\"versionStr\":\"1.2.2\",\"author\":\"\",\"summary\":\"Markdown extra lightweight markup language by Michel Fortin based on Markdown by John Gruber\",\"href\":\"\",\"icon\":\"\",\"requires\":[],\"requiresVersions\":[],\"installs\":[],\"permission\":\"\",\"permissions\":[],\"autoload\":null,\"singular\":null,\"created\":1416000540,\"installed\":false,\"file\":\"\\/www\\/infoway\\/_zinpack\\/wire\\/modules\\/Textformatter\\/TextformatterMarkdownExtra\\/TextformatterMarkdownExtra.module\",\"core\":true,\"configurable\":false,\"url\":\"http:\\/\\/michelf.com\\/projects\\/php-markdown\\/extra\\/\"},\"TextformatterNewlineBR\":{\"name\":\"TextformatterNewlineBR\",\"title\":\"Newlines to XHTML Line Breaks\",\"version\":100,\"versionStr\":\"1.0.0\",\"author\":\"\",\"summary\":\"Converts newlines to XHTML line break <br \\/> tags. \",\"href\":\"\",\"icon\":\"\",\"requires\":[],\"requiresVersions\":[],\"installs\":[],\"permission\":\"\",\"permissions\":[],\"autoload\":null,\"singular\":null,\"created\":1416000301,\"installed\":false,\"file\":\"\\/www\\/infoway\\/_zinpack\\/wire\\/modules\\/Textformatter\\/TextformatterNewlineBR.module\",\"core\":true,\"configurable\":false},\"TextformatterNewlineUL\":{\"name\":\"TextformatterNewlineUL\",\"title\":\"Newlines to Unordered List\",\"version\":100,\"versionStr\":\"1.0.0\",\"author\":\"\",\"summary\":\"Converts newlines to <li> list items and surrounds in an <ul> unordered list. \",\"href\":\"\",\"icon\":\"\",\"requires\":[],\"requiresVersions\":[],\"installs\":[],\"permission\":\"\",\"permissions\":[],\"autoload\":null,\"singular\":null,\"created\":1416000302,\"installed\":false,\"file\":\"\\/www\\/infoway\\/_zinpack\\/wire\\/modules\\/Textformatter\\/TextformatterNewlineUL.module\",\"core\":true,\"configurable\":false},\"TextformatterPstripper\":{\"name\":\"TextformatterPstripper\",\"title\":\"Paragraph Stripper\",\"version\":100,\"versionStr\":\"1.0.0\",\"author\":\"\",\"summary\":\"Strips paragraph <p> tags that may have been applied by other text formatters before it. \",\"href\":\"\",\"icon\":\"\",\"requires\":[],\"requiresVersions\":[],\"installs\":[],\"permission\":\"\",\"permissions\":[],\"autoload\":null,\"singular\":null,\"created\":1416000302,\"installed\":false,\"file\":\"\\/www\\/infoway\\/_zinpack\\/wire\\/modules\\/Textformatter\\/TextformatterPstripper.module\",\"core\":true,\"configurable\":false},\"TextformatterSmartypants\":{\"name\":\"TextformatterSmartypants\",\"title\":\"SmartyPants Typographer\",\"version\":151,\"versionStr\":\"1.5.1\",\"author\":\"\",\"summary\":\"Smart typography for web sites, by Michel Fortin based on SmartyPants by John Gruber. If combined with Markdown, it should be applied AFTER Markdown.\",\"href\":\"\",\"icon\":\"\",\"requires\":[],\"requiresVersions\":[],\"installs\":[],\"permission\":\"\",\"permissions\":[],\"autoload\":null,\"singular\":null,\"created\":1416000543,\"installed\":false,\"file\":\"\\/www\\/infoway\\/_zinpack\\/wire\\/modules\\/Textformatter\\/TextformatterSmartypants\\/TextformatterSmartypants.module\",\"core\":true,\"configurable\":false,\"url\":\"http:\\/\\/michelf.com\\/projects\\/php-smartypants\\/typographer\\/\"},\"TextformatterStripTags\":{\"name\":\"TextformatterStripTags\",\"title\":\"Strip Markup Tags\",\"version\":100,\"versionStr\":\"1.0.0\",\"author\":\"\",\"summary\":\"Strips HTML\\/XHTML Markup Tags\",\"href\":\"\",\"icon\":\"\",\"requires\":[],\"requiresVersions\":[],\"installs\":[],\"permission\":\"\",\"permissions\":[],\"autoload\":null,\"singular\":null,\"created\":1416000303,\"installed\":false,\"file\":\"\\/www\\/infoway\\/_zinpack\\/wire\\/modules\\/Textformatter\\/TextformatterStripTags.module\",\"core\":true,\"configurable\":true},\"Helloworld\":{\"name\":\"Helloworld\",\"title\":\"Hello World\",\"version\":101,\"versionStr\":\"1.0.1\",\"author\":\"\",\"summary\":\"An example module used for demonstration purposes. See the \\/site\\/modules\\/Helloworld.module file for details.\",\"href\":\"http:\\/\\/www.processwire.com\",\"icon\":\"\",\"requires\":[],\"requiresVersions\":[],\"installs\":[],\"permission\":\"\",\"permissions\":[],\"autoload\":true,\"singular\":true,\"created\":1416000003,\"installed\":false,\"file\":\"\\/www\\/infoway\\/_zinpack\\/site\\/modules\\/Helloworld.module\",\"core\":false,\"configurable\":false}}','2010-04-08 03:10:10'),('Modules.wire/modules/','Process/ProcessUser/ProcessUser.module\nProcess/ProcessField/ProcessField.module\nProcess/ProcessLogin/ProcessLogin.module\nProcess/ProcessPageView.module\nProcess/ProcessPageEdit/ProcessPageEdit.module\nProcess/ProcessPageList/ProcessPageList.module\nProcess/ProcessPageSearch/ProcessPageSearch.module\nProcess/ProcessRecentPages/ProcessRecentPages.module\nProcess/ProcessPageEditLink/ProcessPageEditLink.module\nProcess/ProcessHome.module\nProcess/ProcessPageEditImageSelect/ProcessPageEditImageSelect.module\nProcess/ProcessProfile/ProcessProfile.module\nProcess/ProcessTemplate/ProcessTemplate.module\nProcess/ProcessPageType/ProcessPageType.module\nProcess/ProcessPageClone.module\nProcess/ProcessModule/ProcessModule.module\nProcess/ProcessPermission/ProcessPermission.module\nProcess/ProcessForgotPassword.module\nProcess/ProcessPageTrash.module\nProcess/ProcessPageAdd/ProcessPageAdd.module\nProcess/ProcessPageSort.module\nProcess/ProcessPageLister/ProcessPageLister.module\nProcess/ProcessRole/ProcessRole.module\nProcess/ProcessList.module\nTextformatter/TextformatterStripTags.module\nTextformatter/TextformatterMarkdownExtra/TextformatterMarkdownExtra.module\nTextformatter/TextformatterEntities.module\nTextformatter/TextformatterNewlineBR.module\nTextformatter/TextformatterNewlineUL.module\nTextformatter/TextformatterSmartypants/TextformatterSmartypants.module\nTextformatter/TextformatterPstripper.module\nLazyCron.module\nSystem/SystemUpdater/SystemUpdater.module\nMarkup/MarkupPageFields.module\nMarkup/MarkupPageArray.module\nMarkup/MarkupCache.module\nMarkup/MarkupAdminDataTable/MarkupAdminDataTable.module\nMarkup/MarkupPagerNav/MarkupPagerNav.module\nMarkup/MarkupHTMLPurifier/MarkupHTMLPurifier.module\nMarkup/MarkupRSS.module\nSession/SessionLoginThrottle/SessionLoginThrottle.module\nSession/SessionHandlerDB/ProcessSessionDB.module\nSession/SessionHandlerDB/SessionHandlerDB.module\nFieldtype/FieldtypeEmail.module\nFieldtype/FieldtypePage.module\nFieldtype/FieldtypeRepeater/InputfieldRepeater.module\nFieldtype/FieldtypeRepeater/FieldtypeRepeater.module\nFieldtype/FieldtypeFieldsetClose.module\nFieldtype/FieldtypeInteger.module\nFieldtype/FieldtypeComments/CommentFilterAkismet.module\nFieldtype/FieldtypeComments/FieldtypeComments.module\nFieldtype/FieldtypeComments/InputfieldCommentsAdmin.module\nFieldtype/FieldtypeDatetime.module\nFieldtype/FieldtypeFieldsetTabOpen.module\nFieldtype/FieldtypeFieldsetOpen.module\nFieldtype/FieldtypeFloat.module\nFieldtype/FieldtypePageTitle.module\nFieldtype/FieldtypeTextarea.module\nFieldtype/FieldtypeURL.module\nFieldtype/FieldtypePassword.module\nFieldtype/FieldtypeSelector.module\nFieldtype/FieldtypeCheckbox.module\nFieldtype/FieldtypeFile.module\nFieldtype/FieldtypeImage.module\nFieldtype/FieldtypeModule.module\nFieldtype/FieldtypePageTable.module\nFieldtype/FieldtypeText.module\nFieldtype/FieldtypeCache.module\nPageRender.module\nPagePermissions.module\nPagePathHistory.module\nPagePaths.module\nInputfield/InputfieldImage/InputfieldImage.module\nInputfield/InputfieldSelect.module\nInputfield/InputfieldPassword.module\nInputfield/InputfieldPage/InputfieldPage.module\nInputfield/InputfieldAsmSelect/InputfieldAsmSelect.module\nInputfield/InputfieldPageTitle/InputfieldPageTitle.module\nInputfield/InputfieldMarkup.module\nInputfield/InputfieldPageListSelect/InputfieldPageListSelect.module\nInputfield/InputfieldPageListSelect/InputfieldPageListSelectMultiple.module\nInputfield/InputfieldPageAutocomplete/InputfieldPageAutocomplete.module\nInputfield/InputfieldEmail.module\nInputfield/InputfieldCKEditor/InputfieldCKEditor.module\nInputfield/InputfieldRadios/InputfieldRadios.module\nInputfield/InputfieldURL.module\nInputfield/InputfieldHidden.module\nInputfield/InputfieldTextarea.module\nInputfield/InputfieldCheckbox.module\nInputfield/InputfieldFile/InputfieldFile.module\nInputfield/InputfieldForm.module\nInputfield/InputfieldPageName/InputfieldPageName.module\nInputfield/InputfieldFieldset.module\nInputfield/InputfieldSubmit/InputfieldSubmit.module\nInputfield/InputfieldSelectMultiple.module\nInputfield/InputfieldInteger.module\nInputfield/InputfieldDatetime/InputfieldDatetime.module\nInputfield/InputfieldPageTable/InputfieldPageTable.module\nInputfield/InputfieldName.module\nInputfield/InputfieldCheckboxes/InputfieldCheckboxes.module\nInputfield/InputfieldFloat.module\nInputfield/InputfieldButton.module\nInputfield/InputfieldText.module\nInputfield/InputfieldSelector/InputfieldSelector.module\nLanguageSupport/ProcessLanguageTranslator.module\nLanguageSupport/LanguageTabs.module\nLanguageSupport/LanguageSupport.module\nLanguageSupport/ProcessLanguage.module\nLanguageSupport/FieldtypePageTitleLanguage.module\nLanguageSupport/FieldtypeTextareaLanguage.module\nLanguageSupport/FieldtypeTextLanguage.module\nLanguageSupport/LanguageSupportPageNames.module\nLanguageSupport/LanguageSupportFields.module\nAdminTheme/AdminThemeDefault/AdminThemeDefault.module\nAdminTheme/AdminThemeReno/AdminThemeReno.module\nJquery/JqueryCore/JqueryCore.module\nJquery/JqueryTableSorter/JqueryTableSorter.module\nJquery/JqueryWireTabs/JqueryWireTabs.module\nJquery/JqueryMagnific/JqueryMagnific.module\nJquery/JqueryUI/JqueryUI.module\nJquery/JqueryFancybox/JqueryFancybox.module','2010-04-08 03:10:10'),('Modules.site/modules/','ProcessPageDelete/ProcessPageDelete.module\nProcessSelectorTest/ProcessSelectorTest.module\nProcessExportProfile/ProcessExportProfile.module\nHelloworld.module','2010-04-08 03:10:10');

--
-- Table structure for table `field_address`
--

CREATE TABLE `field_address` (
  `pages_id` int(10) unsigned NOT NULL,
  `data` text NOT NULL,
  PRIMARY KEY  (`pages_id`),
  KEY `data_exact` (`data`(255)),
  FULLTEXT KEY `data` (`data`)
) ENGINE=MyISAM DEFAULT CHARSET=utf8;

--
-- Dumping data for table `field_address`
--


--
-- Table structure for table `field_address_city`
--

CREATE TABLE `field_address_city` (
  `pages_id` int(10) unsigned NOT NULL,
  `data` text NOT NULL,
  PRIMARY KEY  (`pages_id`),
  KEY `data_exact` (`data`(255)),
  FULLTEXT KEY `data` (`data`)
) ENGINE=MyISAM DEFAULT CHARSET=utf8;

--
-- Dumping data for table `field_address_city`
--


--
-- Table structure for table `field_address_country`
--

CREATE TABLE `field_address_country` (
  `pages_id` int(10) unsigned NOT NULL,
  `data` text NOT NULL,
  PRIMARY KEY  (`pages_id`),
  KEY `data_exact` (`data`(255)),
  FULLTEXT KEY `data` (`data`)
) ENGINE=MyISAM DEFAULT CHARSET=utf8;

--
-- Dumping data for table `field_address_country`
--


--
-- Table structure for table `field_address_state`
--

CREATE TABLE `field_address_state` (
  `pages_id` int(10) unsigned NOT NULL,
  `data` text NOT NULL,
  PRIMARY KEY  (`pages_id`),
  KEY `data_exact` (`data`(255)),
  FULLTEXT KEY `data` (`data`)
) ENGINE=MyISAM DEFAULT CHARSET=utf8;

--
-- Dumping data for table `field_address_state`
--


--
-- Table structure for table `field_address_sub`
--

CREATE TABLE `field_address_sub` (
  `pages_id` int(10) unsigned NOT NULL,
  `data` text NOT NULL,
  PRIMARY KEY  (`pages_id`),
  KEY `data_exact` (`data`(255)),
  FULLTEXT KEY `data` (`data`)
) ENGINE=MyISAM DEFAULT CHARSET=utf8;

--
-- Dumping data for table `field_address_sub`
--


--
-- Table structure for table `field_body`
--

CREATE TABLE `field_body` (
  `pages_id` int(10) unsigned NOT NULL,
  `data` mediumtext NOT NULL,
  PRIMARY KEY  (`pages_id`),
  FULLTEXT KEY `data` (`data`)
) ENGINE=MyISAM DEFAULT CHARSET=utf8;

--
-- Dumping data for table `field_body`
--

INSERT INTO `field_body` VALUES (27,'<h3>The page you were looking for is not found.</h3>\r\n<p>Please use our search engine or navigation above to find the page.</p>'),(1101,'하나의 사이트 작업으로 데스크탑 PC는 물론 스마트폰, 테블릿PC에 모두 서비스가 가능한 HTML5 기반의 반응형 웹 서비스가 자동으로 완성됩니다.'),(1109,'E-Book 미디어를 제작 및 등록하여 판매할 수 있습니다. 또한 독자들을 참여시켜 만들 수도 있습니다.\r\n<div>\r\n  <a href=\"http://www.info-way.co.kr/ebook_demo.php?v=1\" class=\"label label-warning\" data-toggle=\"modal\" target=\"_blank\">Demo1</a>\r\n  <a href=\"http://www.info-way.co.kr/ebook_demo.php?v=2\" class=\"label label-warning\" data-toggle=\"modal\" target=\"_blank\">Demo2</a>\r\n</div>'),(1105,'<h1 class=\"text-center\"><i class=\"zp zp-symbol zp-2x\" style=\"color: #df3926\"></i></h1>\r <h1 class=\"text-center\">Welcome to Zinpack</h1>\r <p class=\"text-center hidden-xs\">국내 유일의 인터넷 매거진 미디어 서비스 플랫폼</p>\r <p class=\"text-center hidden-xs\">단 한 줄의 프로그래밍 없이 전문가 수준의 인터넷 미디어 홈페이지를!!!</p>\r <p class=\"text-center\"><a href=\"#features\" class=\"btn btn-primary btn-lg\">Learn More</a></p>'),(1125,'Zinpack은 사이트 구축도 매우 간단했고, 추가적으로 필요한 기능은 요청하니 바로 개발해서 사이트에 적용할 수 있도록 해주어 아주 편리했습니다. E-Book 서비스도 사이트를 이용해 아주 손쉽게 진행 할 수 있었습니다.'),(1110,'손쉽게 쇼핑몰을 오픈 할 수 있습니다. 과월호는 물론 매거진에 소개된 멋진 상품들을 직접 판매하거나 오픈마켓 방식을 도입할 수 있습니다.'),(1147,'데이터 이전에 대해서는 기존 홈페이지 데이터베이스 규격에 대해서 알아야 합니다. 작업이 가능할 경우 실비 부담으로 가능합니다.'),(1150,'서버 업그래이드로 속도 향상 및 안정화<br>\r\n관리자 메뉴 명칭 변경<br>\r\n인기 뉴스 시간 제약을 1달 단위로 리셋 되도록 조정 <br>\r\n페이스북에 스크랩시 기호 표시 되도록 개선<br>\r\n토픽과 배너를 섞어서 배치하는 기능 추가<br>\r\n슬라이드/토픽/배너 3가지를 무한대로 섞어서 추가 가능<br>\r\n분류에서 선택할 경우, 최신/인기/무작위 순으로 정렬 가능<br>\r\n																		'),(1200,'[2014.11.22] Zinpack ver.2.5.1<br>\r\n회원가입 간소화 적용<br> \r\n모바일에서 간편모드로 사진 업로드시 이미지 사이즈 자동 조절<br>\r\nphp3.5.28 업그레이드 및 서버 이전\r\n																		'),(1111,'잡지에 지면 관계상 실을 수 없었던 멋진 사진들을 독자들에게 공개하세요. 그리고 필요로 하는 분들이 구입할 수 있도록 하세요.'),(1146,'디자인은 고객 사의 필요에 따라 어느 정도 자유 설정이 가능하도록 지원됩니다. 그러나 플랫폼의 특징 상 어느 정도의 범위 안에서 가능합니다. 또한, 디자인 템플릿이 제공되므로 이 중 선택하여 적용할 수 있습니다.'),(1112,'커뮤니티 공간을 통해 독자들과 소통하세요. 마음껏 공간을 추가 하세요. 독자들과의 상호 작용은 매거진 미디어가 더욱 빨리 성장할 수 있는 길입니다.'),(1145,'특정 기능의 경우 전체 고객사의 니즈와 조율하여 필요한 경우 Zinpack에서 개발해서 적용합니다.'),(1113,'독자들과 소셜 네트워크를 통해 소통하세요. 페이스북, 트위터, 카카오톡 등 각종 SNS 연동 시스템을 기본으로 제공합니다.'),(1142,'Zinpack은 각 잡지사가 독립적운영하는 웹 HTML5 기반의 서비스 입니다. Zinpack을 활용해서 독립적인 홈페이지, 커머스, 이북, 콘텐츠 서비스 등을 원하는 대로 구축하게 됩니다.'),(1143,'기본 용량, 트래픽, 관리비 등이 포함되어 있습니다. 월 비용 이외에 사이트의 쇼핑몰/이북 판매에 따른 수수료가 있습니다.'),(1144,'Zinpack은 플랫폼 환경입니다. 변화하는 인터넷 비즈니스 환경에 맞추어 진팩은 진화하고 스스로 업그레이드 합니다. 잡지사는 콘텐츠만 집중하십시오. 인터넷 관련 문제는 Zinpack이 지원하겠습니다.'),(1140,'<p class=\"price-item-header-price line-height-lg text-brand\"><!--별도협의--></p>\r\n<ul class=\"price-item-body-list fa-ul\">\r\n  <li><i class=\"fa-li fa fa-check\"></i> 서비스용량: 별도용량계약</li>\r\n <!-- <li><i class=\"fa-li fa fa-check\"></i> 초기설치비: 500,000원 <small>(VAT별도)</small></li>-->\r\n  <li><i class=\"fa-li fa fa-check\"></i> 기본 1년 계약(일시불)</li>\r\n  <li><i class=\"fa-li fa fa-check\"></i> 용량 초과시 해당 월에 월별 과금</li>\r\n</ul>\r\n<div class=\"btn-white-outline\"><a class=\"btn btn-success\" href=\"#contact\">신청하기</a></div>'),(1126,'10대들의 콘텐츠 소비 성향은 모바일의 비중이 매우 큽니다. 진팩은  PC, 모바일 모두 활용할 수 있는 반응형 웹 페이지 라서 한번에 쉽게 구축할 수 있었습니다. 더욱이 추가 인원 없이 누구나 쉽게 관리할 수 있다는 것! 독자들도 모바일로 사진과 글을 업로드 할 수 도 있고 결제까지 되어 좋았습니다. '),(1139,'<p class=\"price-item-header-price line-height-lg text-brand\"><!--180,000원 / 월 <small>(VAT별도)</small>--></p>\r\n<ul class=\"price-item-body-list fa-ul\">\r\n  <li><i class=\"fa-li fa fa-check\"></i> 서비스용량: 20GB</li>\r\n <!-- <li><i class=\"fa-li fa fa-check\"></i> 초기설치비: 200,000원 <small>(VAT별도)</small></li>-->\r\n  <li><i class=\"fa-li fa fa-check\"></i> 기본 1년 계약(일시불)</li>\r\n  <li><i class=\"fa-li fa fa-check\"></i> 용량 초과시 해당 월에 월별 과금</li>\r\n</ul>\r\n<div class=\"btn-white-outline\"><a class=\"btn btn-success\" href=\"#contact\">신청하기</a></div>'),(1127,'Zinpack으로 사이트를 구축하면 광고 배너 시스템이 기본으로 내장되어 있어 광고 한, 두개만 유치해도 사이트 유지비용은 뽑고도 남을 정도 입니다. 콘텐츠 유통과 결재 시스템을 기본으로 제공하고 있어서 유료 콘텐츠 서비스를 즉시 할 수 있게 되어 있어 정말 좋았습니다.'),(1138,'<p class=\"price-item-header-price line-height-lg text-brand\"><!--120,000원 / 월 <small>(VAT별도)</small>--></p>\r\n<ul class=\"price-item-body-list fa-ul\">\r\n  <li><i class=\"fa-li fa fa-check\"></i> 서비스용량: 10GB</li>\r\n  <!--<li><i class=\"fa-li fa fa-check\"></i> 초기설치비: 200,000원 <small>(VAT별도)</small></li>-->\r\n  <li><i class=\"fa-li fa fa-check\"></i> 기본 1년 계약(일시불)</li>\r\n  <li><i class=\"fa-li fa fa-check\"></i> 용량 초과시 해당 월에 월별 과금</li>\r\n</ul>\r\n<div class=\"btn-white-outline\"><a class=\"btn btn-success\" href=\"#contact\">신청하기</a></div>'),(1128,'잡지에 소개된 상품이 우리의 쇼핑몰에 연결되어있고, 쇼핑몰에서는 제품에 대한 기사나 뉴스들과 서로 연결되어 있기를 바랬습니다. Zinpack은 하나의 사이트에 이 모든 것을 구축할 수 있더군요. 복잡한 작업을 아주 간편하게 해결 할 수 있었습니다.'),(1137,'<p class=\"price-item-header-price line-height-lg text-brand\"><!--55,000원 / 월 <small>(VAT별도)</small>--></p>\r\n<ul class=\"price-item-body-list fa-ul\">\r\n  <li><i class=\"fa-li fa fa-check\"></i> 서비스용량: 5GB</li>\r\n  <!--<li><i class=\"fa-li fa fa-check\"></i> 초기설치비: 200,000원 <small>(VAT별도)</small></li>-->\r\n  <li><i class=\"fa-li fa fa-check\"></i> 기본 1년 계약(일시불)</li>\r\n  <li><i class=\"fa-li fa fa-check\"></i> 용량 초과시 해당 월에 월별 과금</li>\r\n</ul>\r\n<div class=\"btn-white-outline\"><a class=\"btn btn-success\" href=\"#contact\">신청하기</a></div>'),(1157,'<div class=\"col-xs-6 col-sm-3\">\r   <div class=\"contact-info line-height-lg\">\r     <h4 class=\"contact-info-title\">Address:</h4>\r     (주)위즈윈디지털\r     <br>\r     경기도 파주시\r     <br>\r     송학2길 5-1, \r     <br>\r     1층 (야당동) \r   </div>\r </div>\r <div class=\"col-xs-6 col-sm-3\">\r   <div class=\"contact-info line-height-lg\">\r     <h4 class=\"contact-info-title\">Phone:</h4>\r     +82 02-852-5567\r     <h4 class=\"contact-info-title\">Email:</h4>\r     zinpack@wizwindigital.com\r   </div>\r </div>\r <div class=\"col-xs-12 col-sm-6\">\r   <form role=\"form\" class=\"contact-form validate\" id=\"contactForm\">\r     <div class=\"row form-group\">\r       <div class=\"col-xs-6 col-md-4\">\r         <label for=\"email\" class=\"sr-only\">Your email address</label>\r         <input type=\"email\" class=\"form-control\" id=\"email\" name=\"email\" placeholder=\"E-mail\" required>\r       </div>\r       <div class=\"col-xs-6 col-md-4\">\r         <label for=\"name\" class=\"sr-only\">Your Name</label>\r         <input type=\"text\" class=\"form-control\" id=\"name\" name=\"name\" placeholder=\"Name\" required>\r       </div>\r     </div>\r     <div class=\"form-group\">\r       <label for=\"message\" class=\"sr-only\">Your message</label>\r       <textarea class=\"form-control\" rows=\"3\" id=\"message\" name=\"message\" placeholder=\"Message\" required></textarea>\r     </div>\r     <button type=\"submit\" class=\"btn btn-success\">보내기</button>\r   </form>\r </div>\r <div class=\"clearfix\"></div>\r <ul class=\"list-inline text-center\">\r   <li><a href=\"#\" data-modal=\"usage\">이용약관</a></li>\r   <li><a href=\"#\" data-modal=\"privacy\">개인정보 취급방침</a></li>\r   <li><a href=\"#\" data-modal=\"emailpollicy\">이메일 무단수집거부</a></li>\r   <li><i a=\"fa fa-copyright\"></i> WIZWINDIGITAL Corp.</li>\r </ul>'),(1161,'제1조(목적)<br>\r\n이 약관은 (주)위즈윈디지털(전자상거래 사업자 - 이하 회사)이 운영하는 (주)위즈윈디지털 사이버 몰(이하 \"몰\"이라 한다)에서 제공하는 인터넷 관련 서비스(이하 \"서비스\"라 한다)를 이용함에 있어 사이버몰과 이용자의 권리, 의무 및 책임사항을 규정함을 목적으로 합니다.<br>\r\n「PC통신, 무선 등을 이용하는 전자상거래에 대해서도 그 성질에 반하지 않는 한 이 약관을 준용합니다」<br>\r\n제2조(정의)<br>\r\n①\"몰\" 이란 회사가 재화 또는 용역(이하 \"재화등\"이라 함)을 이용자에게 제공하기 위하여 컴퓨터등 정보통신설비를 이용하여 재화등을 거래할 수 있도록 설정한 가상의 영업장을 말하며, 아울 러 사이버몰을 운영하는 사업자의 의미로도 사용합니다.<br>\r\n②\"이용자\"란 \"몰\"에 접속하여 이 약관에 따라 \"몰\"이 제공하는 서비스를 받는 회원 및 비회원을 말합니다.<br>\r\n③ \'회원\'이라 함은 \"몰\"에 개인정보를 제공하여 회원등록을 한 자로서, \"몰\"의 정보를 지속적으로 제공받으며, \"몰\"이 제공하는 서비스를 계속적으로 이용할 수 있는 자를 말합니다.<br>\r\n④ \'비회원\'이라 함은 회원에 가입하지 않고 \"몰\"이 제공하는 서비스를 이용하는 자를 말합니다.<br>\r\n제3조 (약관등의 명시와 설명 및 개정)<br>\r\n① \"몰\"은 이 약관의 내용과 상호 및 대표자 성명, 영업소 소재지 주소(소비자의 불만을 처리할 수 있는 곳의 주소를 포함), 전화번호·모사전송번호·전자우편주소, 사업자등록번호, 통신판매업신고 번호, 개인정보관리책임자등을 이용자가 쉽게 알 수 있도록 몰의 초기 서비스화면(전면)에 게시합니다. 다만, 약관의 내용은 이용자가 연결화면을 통하여 볼 수 있도록 할 수 있습니다.<br>\r\n② \"몰은 이용자가 약관에 동의하기에 앞서 약관에 정하여져 있는 내용 중 청약철회·배송책임·환불조건 등과 같은 중요한 내용을 이용자가 이해할 수 있도록 별도의 연결화면 또는 팝업화면 등 을 제공하여 이용자의 확인을 구하여야 합니다.<br>\r\n③ \"몰\"은 전자상거래등에서의소비자보호에관한법률, 약관의규제에관한법률, 전자거래기본법, 전자서명법, 정보통신망이용촉진등에관한법률, 방문판매등에관한법률, 소비자보호법 등 관련법을 위배하 지 않는 범위에서 이 약관을 개정할 수 있습니다.<br>\r\n④ \"몰\"이 약관을 개정할 경우에는 적용일자 및 개정사유를 명시하여 현행약관과 함께 몰의 초기화면에 그 적용일자 7일이전부터 적용일자 전일까지 공지합니다.<br>\r\n다만, 이용자에게 불리하게 약관내용을 변경하는 경우에는 최소한 30일 이상의 사전 유예기간을 두고 공지합니다. 이 경우 \"몰\"은 개정전 내용과 개정후 내용을 명확하게 비교하여 이용자가 알기 쉽 도록 표시합니다.<br>\r\n⑤ \"몰\"이 약관을 개정할 경우에는 그 개정약관은 그 적용일자 이후에 체결되는 계약에만 적용되고 그 이전에 이미 체결된 계약에 대해서는 개정전의 약관조항이 그대로 적용됩니다. 다만 이미 계 약을 체결한 이용자가 개정약관 조항의 적용을 받기를 원하는 뜻을 제3항에 의한 개정약관의 공지기간내에 \'몰\"에 송신하여 \"몰\"의 동의를 받은 경우에는 개정약관 조항이 적용됩니다.<br>\r\n⑥ 이 약관에서 정하지 아니한 사항과 이 약관의 해석에 관하여는 전자상거래등에서의소비자보호에관한법률, 약관의규제등에관한법률, 공정거래위원회가 정하는 전자상거래등에서의소비자보호지침 및 관계법령 또는 상관례에 따릅니다.<br>\r\n제4조(서비스의 제공 및 변경)<br>\r\n① \"몰\"은 다음과 같은 업무를 수행합니다.<br>\r\n1. 재화 또는 용역에 대한 정보 제공 및 구매계약의 체결<br>\r\n2. 구매계약이 체결된 재화 또는 용역의 배송<br>\r\n3. 기타 \"몰\"이 정하는 업무<br>\r\n②\"몰\"은 재화 또는 용역의 품절 또는 기술적 사양의 변경 등의 경우에는 장차 체결되는 계약에 의해 제공할 재화 또는 용역의 내용을 변경할 수 있습니다. 이 경우에는 변경된 재화 또는 용역의 내용 및 제공일자를 명시하여 현재의 재화 또는 용역의 내용을 게시한 곳에 즉시 공지합니다.<br>\r\n③\"몰\"이 제공하기로 이용자와 계약을 체결한 서비스의 내용을 재화등의 품절 또는 기술적 사양의 변경 등의 사유로 변경할 경우에는 그 사유를 이용자에게 통지 가능한 주소로 즉시 통지합니다.<br>\r\n④전항의 경우 \"몰\"은 이로 인하여 이용자가 입은 손해를 배상합니다. 다만, \"몰\"이 고의 또는 과실이 없음을 입증하는 경우에는 그러하지 아니합니다.<br>\r\n제5조(서비스의 중단)<br>\r\n① \"몰\"은 컴퓨터 등 정보통신설비의 보수점검·교체 및 고장, 통신의 두절 등의 사유가 발생한 경우에는 서비스의 제공을 일시적으로 중단할 수 있습니다.<br>\r\n②\"몰\"은 제1항의 사유로 서비스의 제공이 일시적으로 중단됨으로 인하여 이용자 또는 제3자가 입은 손해에 대하여 배상합니다. 단, \"몰\"이 고의 또는 과실이 없음을 입증하는 경우에는 그러하지 아니합니다.<br>\r\n③사업종목의 전환, 사업의 포기, 업체간의 통합 등의 이유로 서비스를 제공할 수 없게 되는 경우에는 \"몰\"은 제8조에 정한 방법으로 이용자에게 통지하고 당초 \"몰\"에서 제시한 조건에 따라 소비 자에게 보상합니다. 다만, \"몰\"이 보상기준 등을 고지하지 아니한 경우에는 이용자들의 마일리지 또는 적립금 등을 \"몰\"에서 통용되는 통화가치에 상응하는 현물 또는 현금으로 이용자에게 지급합 니다.<br>\r\n제6조(회원가입)<br>\r\n① 이용자는 \"몰\"이 정한 가입 양식에 따라 회원정보를 기입한 후 이 약관에 동의한다는 의사표시를 함으로서 회원가입을 신청합니다.<br>\r\n② \"몰\"은 제1항과 같이 회원으로 가입할 것을 신청한 이용자 중 다음 각호에 해당하지 않는 한 회원으로 등록합니다.<br>\r\n1. 가입신청자가 이 약관 제7조제3항에 의하여 이전에 회원자격을 상실한 적이 있는 경우, 다만 제7조제3항에 의한 회원자격 상실후 3년이 경과한 자로서 \"몰\"의 회원재가입 승낙을 얻은 경우에는 예외로 한다.<br>\r\n2. 등록 내용에 허위, 기재누락, 오기가 있는 경우<br>\r\n3. 기타 회원으로 등록하는 것이 \"몰\"의 기술상 현저히 지장이 있다고 판단되는 경우<br>\r\n③ 회원가입계약의 성립시기는 \"몰\"의 승낙이 회원에게 도달한 시점으로 합니다.<br>\r\n④ 회원은 제15조제1항에 의한 등록사항에 변경이 있는 경우, 즉시 전자우편 기타 방법으로 \"몰\"에 대하여 그 변경사항을 알려야 합니다.<br>\r\n제7조(회원 탈퇴 및 자격 상실 등)<br>\r\n① 회원은 \"몰\"에 언제든지 탈퇴를 요청할 수 있으며 \"몰\"은 즉시 회원탈퇴를 처리합니다.<br>\r\n② 회원이 다음 각호의 사유에 해당하는 경우, \"몰\"은 회원자격을 제한 및 정지시킬 수 있습니다.<br>\r\n1. 가입 신청시에 허위 내용을 등록한 경우<br>\r\n2. \"몰\"을 이용하여 구입한 재화등의 대금, 기타 \"몰\"이용에 관련하여 회원이 부담하는 채무를 기일에 지급하지 않는 경우<br>\r\n3. 다른 사람의 \"몰\" 이용을 방해하거나 그 정보를 도용하는 등 전자상거래 질서를 위협하는 경우<br>\r\n4. \"몰\"을 이용하여 법령 또는 이 약관이 금지하거나 공서양속에 반하는 행위를 하는 경우<br>\r\n③ \"몰\"이 회원 자격을 제한·정지 시킨후, 동일한 행위가 2회이상 반복되거나 30일이내에 그 사유가 시정되지 아니하는 경우 \"몰\"은 회원자격을 상실시킬 수 있습니다.<br>\r\n④ \"몰\"이 회원자격을 상실시키는 경우에는 회원등록을 말소합니다. 이 경우 회원에게 이를 통지하고, 회원등록 말소전에 최소한 30일 이상의 기간을 정하여 소명할 기회를 부여합니다.<br>\r\n제8조(회원에 대한 통지)<br>\r\n① \"몰\"이 회원에 대한 통지를 하는 경우, 회원이 \"몰\"과 미리 약정하여 지정한 전자우편 주소로 할 수 있습니다.<br>\r\n② \"몰\"은 불특정다수 회원에 대한 통지의 경우 1주일이상 \"몰\" 게시판에 게시함으로서 개별 통지에 갈음할 수 있습니다. 다만, 회원 본인의 거래와 관련하여 중대한 영향을 미치는 사항에 대하여는 개별통지를 합니다.<br>\r\n제9조(구매신청)<br>\r\n\"몰\"이용자는 \"몰\"상에서 다음 또는 이와 유사한 방법에 의하여 구매를 신청하며, \"몰\"은 이용자가 구매신청을 함에 있어서 다음의 각 내용을 알기 쉽게 제공하여야 합니다. 단, 회원인 경우 제2호 내지 제4호의 적용을 제외할 수 있습니다.<br>\r\n1. 재화등의 검색 및 선택<br>\r\n2. 성명, 주소, 전화번호, 전자우편주소(또는 이동전화번호) 등의 입력<br>\r\n3. 약관내용, 청약철회권이 제한되는 서비스, 배송료·설치비 등의 비용부담과 관련한 내용에 대한 확인<br>\r\n4. 이 약관에 동의하고 위 3.호의 사항을 확인하거나 거부하는 표시(예, 마우스 클릭)<br>\r\n5. 재화등의 구매신청 및 이에 관한 확인 또는 \"몰\"의 확인에 대한 동의<br>\r\n6. 결제방법의 선택<br>\r\n제10조 (계약의 성립)<br>\r\n① \"몰\"은 제9조와 같은 구매신청에 대하여 다음 각호에 해당하면 승낙하지 않을 수 있습니다. 다만, 미성년자와 계약을 체결하는 경우에는 법정대리인의 동의를 얻지 못하면 미성년자 본인 또는 법정대리인이 계약을 취소할 수 있다는 내용을 고지하여야 합니다.<br>\r\n1. 신청 내용에 허위, 기재누락, 오기가 있는 경우<br>\r\n2. 미성년자가 담배, 주류등 청소년보호법에서 금지하는 재화 및 용역을 구매하는 경우<br>\r\n3. 기타 구매신청에 승낙하는 것이 \"몰\" 기술상 현저히 지장이 있다고 판단하는 경우<br>\r\n② \"몰\"의 승낙이 제12조제1항의 수신확인통지형태로 이용자에게 도달한 시점에 계약이 성립한 것으로 봅니다.<br>\r\n③ \"몰\"의 승낙의 의사표시에는 이용자의 구매 신청에 대한 확인 및 판매가능 여부, 구매신청의 정정 취소등에 관한 정보등을 포함하여야 합니다.<br>\r\n제11조(지급방법)<br>\r\n\"몰\"에서 구매한 재화 또는 용역에 대한 대금지급방법은 다음 각호의 방법중 가용한 방법으로 할 수 있습니다. 단, \"몰\"은 이용자의 지급방법에 대하여 재화 등의 대금에 어떠한 명목의 수수료도 추가 하여 징수할 수 없습니다.<br>\r\n1. 폰뱅킹, 인터넷뱅킹, 메일 뱅킹 등의 각종 계좌이체<br>\r\n2. 선불카드, 직불카드, 신용카드 등의 각종 카드 결제<br>\r\n3. 온라인무통장입금<br>\r\n4. 전자화폐에 의한 결제<br>\r\n5. 수령시 대금지급<br>\r\n6. 마일리지 등 \"몰\"이 지급한 포인트에 의한 결제<br>\r\n7. \"몰\"과 계약을 맺었거나 \"몰\"이 인정한 상품권에 의한 결제<br>\r\n8. 기타 전자적 지급 방법에 의한 대금 지급 등<br>\r\n제12조(수신확인통지·구매신청 변경 및 취소)<br>\r\n① \"몰\"은 이용자의 구매신청이 있는 경우 이용자에게 수신확인통지를 합니다.<br>\r\n② 수신확인통지를 받은 이용자는 의사표시의 불일치등이 있는 경우에는 수신확인통지를 받은 후 즉시 구매신청 변경 및 취소를 요청할 수 있고 \"몰\"은 배송전에 이용자의 요청이 있는 경우에는 지체없이 그 요청에 따라 처리하여야 합니다. 다만 이미 대금을 지불한 경우에는 제15조의 청약철회 등에 관한 규정에 따릅니다.<br>\r\n제13조(재화등의 공급)<br>\r\n① \"몰\"은 이용자와 재화등의 공급시기에 관하여 별도의 약정이 없는 이상, 이용자가 청약을 한 날 부터 7일 이내에 재화 등을 배송할 수 있도록 주문제작, 포장 등 기타의 필요한 조치를 취합니다. 다만, \"몰\"이 이미 재화 등의 대금의 전부 또는 일부를 받은 경우에는 대금의 전부 또는 일부를 받은 날부터 2영업일 이내에 조치를 취합니다. 이때 \"몰\"은 이용자가 재화등의 공급 절차 및 진행 사항을 확인할 수 있도록 적절한 조치를 합니다.<br>\r\n②\"몰\"은 이용자가 구매한 재화에 대해 배송수단, 수단별 배송비용 부담자, 수단별 배송기간 등을 명시합니다. 만약 \"몰\"이 약정 배송기간을 초과한 경우에는 그로 인한 이용자의 손해를 배상하여야 합니다. 다만 \"몰\"이 고의·과실이 없음을 입증한 경우에는 그러하지 아니합니다.<br>\r\n제14조(환급)<br>\r\n\"몰\"은 이용자가 구매신청한 재화등이 품절 등의 사유로 인도 또는 제공을 할 수 없을 때에는 지체없이 그 사유를 이용자에게 통지하고 사전에 재화 등의 대금을 받은 경우에는 대금을 받은 날부 터 2영업일 이내에 환급하거나 환급에 필요한 조치를 취합니다.<br>\r\n제15조(청약철회 등)<br>\r\n①\"몰\"과 재화등의 구매에 관한 계약을 체결한 이용자는 수신확인의 통지를 받은 날부터 7일 이내에는 청약의 철회를 할 수 있습니다.<br>\r\n② 이용자는 재화등을 배송받은 경우 다음 각호의 1에 해당하는 경우에는 반품 및 교환을 할 수 없습니다.<br>\r\n1. 이용자에게 책임 있는 사유로 재화 등이 멸실 또는 훼손된 경우(다만, 재화 등의 내용을 확인하기 위하여 포장 등을 훼손한 경우에는 청약철회를 할 수 있습니다)<br>\r\n2. 이용자의 사용 또는 일부 소비에 의하여 재화 등의 가치가 현저히 감소한 경우<br>\r\n3. 시간의 경과에 의하여 재판매가 곤란할 정도로 재화등의 가치가 현저히 감소한 경우<br>\r\n4. 같은 성능을 지닌 재화등으로 복제가 가능한 경우 그 원본인 재화 등의 포장을 훼손한 경우<br>\r\n③ 제2항제2호 내지 제4호의 경우에 \"몰\"이 사전에 청약철회 등이 제한되는 사실을 소비자가 쉽게 알 수 있는 곳에 명기하거나 시용상품을 제공하는 등의 조치를 하지 않았다면 이용자의 청약철회 등이 제한되지 않습니다.<br>\r\n④ 이용자는 제1항 및 제2항의 규정에 불구하고 재화등의 내용이 표시 광고 내용과 다르거나 계약내용과 다르게 이행된 때에는 당해 재화등을 공급받은 날부터 3월이내, 그 사실을 안 날 또는 알 수 있었던 날부터 30일 이내에 청약철회 등을 할 수 있습니다.<br>\r\n제16조(청약철회 등의 효과)<br>\r\n① \"몰\"은 이용자로부터 재화 등을 반환받은 경우 3영업일 이내에 이미 지급받은 재화등의 대금을 환급합니다. 이 경우 \"몰\"이 이용자에게 재화등의 환급을 지연한 때에는 그 지연기간에 대하여 공 정거래위원회가 정하여 고시하는 지연이자율을 곱하여 산정한 지연이자를 지급합니다.<br>\r\n② \"몰\"은 위 대금을 환급함에 있어서 이용자가 신용카드 또는 전자화폐 등의 결제수단으로 재화등의 대금을 지급한 때에는 지체없이 당해 결제수단을 제공한 사업자로 하여금 재화등의 대금의 청구를 정지 또는 취소하도록 요청합니다.<br>\r\n③ 청약철회등의 경우 공급받은 재화등의 반환에 필요한 비용은 이용자가 부담합니다. \"몰\"은 이용자에게 청약철회등을 이유로 위약금 또는 손해배상을 청구하지 않습니다. 다만 재화등의 내용이 표 시 광고 내용과 다르거나 계약내용과 다르게 이행되어 청약철회등을 하는 경우 재화등의 반환에 필요한 비용은 \"몰\"이 부담합니다.<br>\r\n④ 이용자가 재화등을 제공받을때 발송비를 부담한 경우에 \"몰\"은 청약철회시 그 비용을 누가 부담하는지를 이용자가 알기 쉽도록 명확하게 표시합니다.<br>\r\n제17조(개인정보보호)<br>\r\n①\"몰\"은 이용자의 정보수집시 구매계약 이행에 필요한 최소한의 정보를 수집합니다. 다음 사항을 필수사항으로 하며 그 외 사항은 선택사항으로 합니다.<br>\r\n1. 성명<br>\r\n2. 주소<br>\r\n3. 전화번호<br>\r\n4. 희망ID(회원의 경우)<br>\r\n5. 비밀번호(회원의 경우)<br>\r\n6. 전자우편주소(또는 이동전화번호)<br>\r\n② \"몰\"이 이용자의 개인식별이 가능한 개인정보를 수집하는 때에는 반드시 당해 이용자의 동의를 받습니다.<br>\r\n③제공된 개인정보는 당해 이용자의 동의없이 목적외의 이용이나 제3자에게 제공할 수 없으며, 이에 대한 모든 책임은 \"몰\"이 집니다. 다만, 다음의 경우에는 예외로 합니다.<br>\r\n1. 배송업무상 배송업체에게 배송에 필요한 최소한의 이용자의 정보(성명, 주소, 전화번호)를 알려주는 경우<br>\r\n2. 통계작성, 학술연구 또는 시장조사를 위하여 필요한 경우로서 특정 개인을 식별할 수 없는 형태로 제공하는 경우<br>\r\n3. 재화등의 거래에 따른 대금정산을 위하여 필요한 경우<br>\r\n4. 도용방지를 위하여 본인확인에 필요한 경우<br>\r\n5. 법률의 규정 또는 법률에 의하여 필요한 불가피한 사유가 있는 경우<br>\r\n④\"몰\"이 제2항과 제3항에 의해 이용자의 동의를 받아야 하는 경우에는 개인정보관리 책임자의 신원(소속, 성명 및 전화번호, 기타 연락처), 정보의 수집목적 및 이용목적, 제3자에 대한 정보제공 관 련사항(제공받은자, 제공목적 및 제공할 정보의 내용) 등 정보통신망이용촉진등에관한법률 제22조 제2항이 규정한 사항을 미리 명시하거나 고지해야 하며 이용자는 언제든지 이 동의를 철회할 수 있습니다.<br>\r\n⑤이용자는 언제든지 \"몰\"이 가지고 있는 자신의 개인정보에 대해 열람 및 오류정정을 요구할 수 있으며 \"몰\"은 이에 대해 지체없이 필요한 조치를 취할 의무를 집니다. 이용자가 오류의 정정을 요 구한 경우에는 \"몰\"은 그 오류를 정정할 때까지 당해 개인정보를 이용하지 않습니다.<br>\r\n⑥ \"몰\"은 개인정보 보호를 위하여 관리자를 한정하여 그 수를 최소화하며 신용카드, 은행계좌 등 을 포함한 이용자의 개인정보의 분실, 도난, 유출, 변조 등으로 인한 이용자의 손해에 대하여 모든 책임을 집니다.<br>\r\n⑦ \"몰\" 또는 그로부터 개인정보를 제공받은 제3자는 개인정보의 수집목적 또는 제공받은 목적을 달성한 때에는 당해 개인정보를 지체없이 파기합니다.<br>\r\n제18조(\"몰\"의 의무)<br>\r\n① \"몰\"은 법령과 이 약관이 금지하거나 공서양속에 반하는 행위를 하지 않으며 이 약관이 정하는 바에 따라 지속적이고, 안정적으로 재화·용역을 제공하는데 최선을 다하여야 합니다.<br>\r\n② \"몰\"은 이용자가 안전하게 인터넷 서비스를 이용할 수 있도록 이용자의 개인정보(신용정보 포함)보호를 위한 보안 시스템을 갖추어야 합니다.<br>\r\n③ \"몰\"이 상품이나 용역에 대하여 「표시·광고의공정화에관한법률」 제3조 소정의 부당한 표시·광고행위를 함으로써 이용자가 손해를 입은 때에는 이를 배상할 책임을 집니다.<br>\r\n④ \"몰\"은 이용자가 원하지 않는 영리목적의 광고성 전자우편을 발송하지 않습니다.<br>\r\n제19조(회원의 ID 및 비밀번호에 대한 의무)<br>\r\n① 제17조의 경우를 제외한 ID와 비밀번호에 관한 관리책임은 회원에게 있습니다.<br>\r\n② 회원은 자신의 ID 및 비밀번호를 제3자에게 이용하게 해서는 안됩니다.<br>\r\n③ 회원이 자신의 ID 및 비밀번호를 도난당하거나 제3자가 사용하고 있음을 인지한 경우에는 바로 \"몰\"에 통보하고 \"몰\"의 안내가 있는 경우에는 그에 따라야 합니다.<br>\r\n제20조(이용자의 의무)<br>\r\n이용자는 다음 행위를 하여서는 안됩니다.<br>\r\n1. 신청 또는 변경시 허위 내용의 등록<br>\r\n2. 타인의 정보 도용<br>\r\n3. \"몰\"에 게시된 정보의 변경<br>\r\n4. \"몰\"이 정한 정보 이외의 정보(컴퓨터 프로그램 등) 등의 송신 또는 게시<br>\r\n5. \"몰\" 기타 제3자의 저작권 등 지적재산권에 대한 침해<br>\r\n6. \"몰\" 기타 제3자의 명예를 손상시키거나 업무를 방해하는 행위<br>\r\n7. 외설 또는 폭력적인 메시지, 화상, 음성, 기타 공서양속에 반하는 정보를 몰에 공개 또는 게시하는 행위<br>\r\n제21조(연결\"몰\"과 피연결\"몰\" 간의 관계)<br>\r\n① 상위 \"몰\"과 하위 \"몰\"이 하이퍼 링크(예: 하이퍼 링크의 대상에는 문자, 그림 및 동화상 등이 포함됨)방식 등으로 연결된 경우, 전자를 연결 \"몰\"(웹 사이트)이라고 하고 후자를 피연결 \"몰\"(웹 사이트)이라고 합니다.<br>\r\n②연결\"몰\"은 피연결\"몰\"이 독자적으로 제공하는 재화등에 의하여 이용자와 행하는 거래에 대해서 보증책임을 지지 않는다는 뜻을 연결\"몰\"의 초기화면 또는 연결되는 시점의 팝업화면으로 명시한 경우에는 그 거래에 대한 보증책임을 지지 않습니다.<br>\r\n제22조(저작권의 귀속 및 이용제한)<br>\r\n① \"몰\"이 작성한 저작물에 대한 저작권 기타 지적재산권은 \"몰\"에 귀속합니다.<br>\r\n② 이용자는 \"몰\"을 이용함으로써 얻은 정보 중 \"몰\"에게 지적재산권이 귀속된 정보를 \"몰\"의 사전 승낙없이 복제, 송신, 출판, 배포, 방송 기타 방법에 의하여 영리목적으로 이용하거나 제3자에게 이 용하게 하여서는 안됩니다.<br>\r\n③ \"몰\"은 약정에 따라 이용자에게 귀속된 저작권을 사용하는 경우 당해 이용자에게 통보하여야 합니다.<br>\r\n제23조(분쟁해결)<br>\r\n① \"몰\"은 이용자가 제기하는 정당한 의견이나 불만을 반영하고 그 피해를 보상처리하기 위하여 피해보상처리기구를 설치·운영합니다.<br>\r\n② \"몰\"은 이용자로부터 제출되는 불만사항 및 의견은 우선적으로 그 사항을 처리합니다. 다만, 신속한 처리가 곤란한 경우에는 이용자에게 그 사유와 처리일정을 즉시 통보해 드립니다.<br>\r\n③\"몰\"과 이용자간에 발생한 전자상거래 분쟁과 관련하여 이용자의 피해구제신청이 있는 경우에는 공정거래위원회 또는 시 도지사가 의뢰하는 분쟁조정기관의 조정에 따를 수 있습니다.<br>\r\n제24조(재판권 및 준거법)<br>\r\n①\"몰\"과 이용자간에 발생한 전자상거래 분쟁에 관한 소송은 회사의 관할법은에 제기합니다.<br>\r\n②\"몰\"과 이용자간에 제기된 전자상거래 소송에는 한국법을 적용합니다.<br>\r\n본 약관은 2013년 [7월 27일]부터 적용됩니다.'),(1162,'(주)위즈윈디지털은(이하 회사) 이용자들의 개인정보보호를 매우 중요시하며, 이용자가 회사의 서비스를 이용함과 동시에 온라인상에서 회사에 제공한 개인정보가 보호 받을 수 있도록 최선을 다하고 있습니다. 이에 회사는 통신비밀보호법, 전기통신사업법, 정보통신망 이용촉진 및 정보보호 등에 관한 법률 등 정보통신서비스제공자가 준수하여야 할 관련 법규상의 개인정보보호 규정 및 정보통신부가 제정한 개인정보보호지침을 준수하고 있습니다. 회사는 개인정보 취급방침을 통하여 이용자들이 제공하는 개인정보가 어떠한 용도와 방식으로 이용되고 있으며 개인정보보호를 위해 어떠한 조치가 취해지고 있는지 알려 드립니다.<br>\r\n<br>\r\n회사는 개인정보 취급방침을 홈페이지 첫 화면에 공개함으로써 이용자들이 언제나 용이하게 보실 수 있도록 조치하고 있습니다.<br>\r\n회사의 개인정보 취급방침은 정부의 법률 및 지침 변경이나 회사의 내부 방침 변경 등으로 인하여 수시로 변경될 수 있고, 이에 따른 개인정보 취급방침의 지속적인 개선을 위하여 필요한 절차를 정하고 있습니다. 그리고 개인정보 취급방침을 개정하는 경우나 개인정보 취급방침 변경될 경우쇼핑몰의 첫페이지의 개인정보취급방침을 통해 고지하고 있습니다. 이용자들께서는 사이트 방문 시 수시로 확인하시기 바랍니다.<br>\r\n<br>\r\n회사의 개인정보 취급방침은 다음과 같은 내용을 담고 있습니다.<br>\r\n1. 개인정보 수집에 대한 동의<br>\r\n2. 개인정보의 수집목적 및 이용목적<br>\r\n3. 수집하는 개인정보 항목 및 수집방법<br>\r\n4. 수집하는 개인정보의 보유 및 이용기간<br>\r\n5. 수집한 개인정보의 공유 및 제공<br>\r\n6. 이용자 자신의 개인정보 관리(열람,정정,삭제 등)에 관한 사항<br>\r\n7. 쿠키(cookie)의 운영에 관한 사항<br>\r\n8. 비회원 고객의 개인정보 관리<br>\r\n9. 개인정보의 위탁처리<br>\r\n10. 개인정보관련 의견수렴 및 불만처리에 관한 사항<br>\r\n11. 개인정보 관리책임자 및 담당자의 소속-성명 및 연락처<br>\r\n12. 고지의 의무<br>\r\n1. 개인정보 수집에 대한 동의<br>\r\n회사는 이용자들이 회사의 개인정보 취급방침 또는 이용약관의 내용에 대하여 「동의」버튼 또는 「취소」버튼을 클릭할 수 있는 절차를 마련하여, 「동의」버튼을 클릭하면 개인정보 수집에 대해 동의한 것으로 봅니다.<br>\r\n2. 개인정보의 수집목적 및 이용목적<br>\r\n\"개인정보\"라 함은 생존하는 개인에 관한 정보로서 당해 정보에 포함되어 있는 성명, 주민등록번호 등의 사항에 의하여 당해 개인을 식별할 수 있는 정보(당해 정보만으로는 특정 개인을 식별할 수 없더라도 다른 정보와 용이하게 결합하여 식별할 수 있는 것을 포함)를 말합니다.<br>\r\n대부분의 회사 서비스는 별도의 사용자 등록이 없이 언제든지 사용할 수 있습니다.<br>\r\n그러나 회사는 회원서비스를 통하여 이용자들에게 맞춤식 서비스를 비롯한 보다 더 향상된 양질의 서비스를 제공하기 위하여 이용자 개인의 정보를 수집하고 있습니다.<br>\r\n회사는 이용자의 사전 동의 없이는 이용자의 개인 정보를 공개하지 않으며, 수집된 정보는 아래와 같이 이용하고 있습니다.<br>\r\n첫째, 이용자들이 제공한 개인정보를 바탕으로 보다 더 유용한 서비스를 개발할 수 있습니다. 회사는 신규 서비스개발이나 컨텐츠의 확충 시에 기존 이용자들이 회사에 제공한 개인정보를 바탕으로 개발해야 할 서비스의 우선 순위를 보다 더 효율적으로 정하고, 회사는 이용자들이 필요로 할 컨텐츠를 합리적으로 선택하여 제공할 수 있습니다.<br>\r\n둘째, 수집하는 개인정보 항목과 수집 및 이용목적은 다음과 같습니다.<br>\r\n- 성명 , 아이디, 비밀번호 : 회원제 서비스 이용에 따른 본인 확인 절차에 이용<br>\r\n- 이메일주소, 전화번호 : 고지사항 전달, 불만처리 등을 위한 원활한 의사소통 경로의 확보, 새로운 서비스 및 신상품이나 이벤트 정보 등의 안내<br>\r\n- 은행계좌정보, 신용카드정보 : 서비스 및 부가 서비스 이용에 대한 요금 결제<br>\r\n- 주소, 전화번호 : 청구서, 물품배송시 정확한 배송지의 확보<br>\r\n- 기타 선택항목 : 개인맞춤 서비스를 제공하기 위한 자료<br>\r\n- IP Address, : 불량회원의 부정 이용 방지와 비인가 사용 방지<br>\r\n3. 수집하는 개인정보 항목 및 수집방법<br>\r\n회사는 이용자들이 회원서비스를 이용하기 위해 회원으로 가입하실 때 서비스 제공을 위한 필수적인 정보들을 온라인상에서 입력 받고 있습니다. 회원 가입 시에 받는 필수적인 정보는 이름, 주민등록 번호, 이메일 주소 등입니다. 또한 양질의 서비스 제공을 위하여 이용자들이 선택적으로 입력할 수 있는 사항으로서 전화번호 등을 입력 받고 있습니다.<br>\r\n또한 쇼핑몰 내에서의 설문조사나 이벤트 행사 시 통계분석이나 경품제공 등을 위해 선별적으로 개인정보 입력을 요청할 수 있습니다. 그러나, 이용자의 기본적 인권 침해의 우려가 있는 민감한 개인정보(인종 및 민족, 사상 및 신조, 출신지 및 본적지, 정치적 성향 및 범죄기록, 건강상태 및 성생활 등)는 수집하지 않으며 부득이하게 수집해야 할 경우 이용자들의 사전동의를 반드시 구할 것입니다.<br>\r\n그리고, 어떤 경우에라도 입력하신 정보를 이용자들에게 사전에 밝힌 목적 이외에 다른 목적으로는 사용하지 않으며 외부로 유출하지 않습니다.<br>\r\n4. 수집하는 개인정보의 보유 및 이용기간<br>\r\n이용자가 쇼핑몰 회원으로서 회사에 제공하는 서비스를 이용하는 동안 회사는 이용자들의 개인정보를 계속적으로 보유하며 서비스 제공 등을 위해 이용합니다. 다만, 아래의 \"6. 이용자 자신의 개인정보 관리(열람,정정,삭제 등)에 관한 사항\" 에서 설명한 절차와 방법에 따라 회원 본인이 직접 삭제하거나 수정한 정보, 가입해지를 요청한 경우에는 재생할 수 없는 방법에 의하여 디스크에서 완전히 삭제하며 추후 열람이나 이용이 불가능한 상태로 처리됩니다.<br>\r\n그리고 \"3. 수집하는 개인정보 항목 및 수집방법\"에서와 같이 일시적인 목적 (설문조사, 이벤트, 본인확인 등)으로 입력 받은 개인정보는 그 목적이 달성된 이후에는 동일한 방법으로 사후 재생이 불가능한 상태로 처리됩니다.<br>\r\n귀하의 개인정보는 다음과 같이 개인정보의 수집목적 또는 제공받은 목적이 달성되면 파기하는 것을 원칙으로 합니다. 다만, 회사는 불량 회원의 부정한 이용의 재발을 방지하기 위해, 이용계약 해지일로부터 1년간 해당 회원의 주민등록번호를 보유할 수 있습니다. 그리고 상법, 전자상거래 등에서의 소비자보호에 관한 법률 등 관계법령의 규정에 의하여 보존할 필요가 있는 경우 회사는 관계법령에서 정한 일정한 기간 동안 회원정보를 보관합니다. 이 경우 회사는 회사는 보관하는 정보를 그 보관의 목적으로만 이용하며 보존기간은 아래와 같습니다.<br>\r\n- 계약 또는 청약철회 등에 관한 기록 : 5년<br>\r\n- 대금결제 및 재화 등의 공급에 관한 기록 : 5년<br>\r\n- 소비자의 불만 또는 분쟁처리에 관한 기록 : 3년<br>\r\n회사는 귀중한 회원의 개인정보를 안전하게 처리하며, 유출의 방지를 위하여 다음과 같은 방법을 통하여 개인정보를 파기합니다.<br>\r\n- 종이에 출력된 개인정보는 분쇄기로 분쇄하거나 소각을 통하여 파기합니다.<br>\r\n- 전자적 파일 형태로 저장된 개인정보는 기록을 재생할 수 없는 기술적 방법을 사용하여 삭제합니다.<br>\r\n5. 수집한 개인정보의 공유 및 제공<br>\r\n회사는 이용자들의 개인정보를 \"2. 개인정보의 수집목적 및 이용목적\"에서 고지한 범위 내에서 사용하며, 이용자의 사전 동의 없이는 동 범위를 초과하여 이용하거나 원칙적으로 이용자의 개인정보를 외부에 공개하지 않습니다. 다만, 아래의 경우에는 예외로 합니다.<br>\r\n- 이용자들이 사전에 공개에 동의한 경우<br>\r\n- 서비스 제공에 따른 요금정산을 위하여 필요한 경우<br>\r\n- 홈페이지에 게시한 서비스 이용 약관 및 기타 회원 서비스 등의 이용약관 또는 운영원칙을 위반한 경우<br>\r\n- 자사 서비스를 이용하여 타인에게 정신적, 물질적 피해를 줌으로써 그에 대한 법적인 조치를 취하기 위하여 개인정보를 공개해야 한다고 판단되는 충분한 근거가 있는 경우<br>\r\n- 기타 법에 의해 요구된다고 선의로 판단되는 경우 (ex. 관련법에 의거 적법한 절차에 의한 정부/수사기관의 요청이 있는 경우 등)<br>\r\n- 통계작성, 학술연구나 시장조사를 위하여 특정개인을 식별할 수 없는 형태로 광고주, 협력업체나 연구단체 등에 제공하는 경우<br>\r\n- 이용자의 서비스 이용에 따른 불만사항 및 문의사항(민원사항)의 처리를 위하여 파.항의 고객센터를 운영하는 전문업체에 해당 민원사항의 처리에 필요한 개인 정보를 제공하는 경우<br>\r\n6. 이용자 자신의 개인정보 관리(열람,정정,삭제 등)에 관한 사항<br>\r\n회원님이 원하실 경우 언제라도 당사에서 개인정보를 열람하실 수 있으며 보관된 필수 정보를 수정하실 수 있습니다. 또한 회원 가입 시 요구된 필수 정보 외의 추가 정보는 언제나 열람, 수정, 삭제할 수 있습니다. 회원님의 개인정보 변경 및 삭제와 회원탈퇴는 당사의 고객센터에서 로그인(Login) 후 이용하실 수 있습니다.<br>\r\n7. 쿠키(cookie)의 운영에 관한 사항<br>\r\n당사는 회원인증을 위하여 Cookie 방식을 이용하고 있습니다. 이는 로그아웃(Logout)시 자동으로 컴퓨터에 저장되지 않고 삭제되도록 되어 있으므로 공공장소나 타인이 사용할 수 있는 컴퓨터를 사용 하 실 경우에는 로그인(Login)후 서비스 이용이 끝나시면 반드시 로그아웃(Logout)해 주시기 바랍니다.<br>\r\n※ 쿠키 설정 거부 방법<br>\r\n예: 쿠키 설정을 거부하는 방법으로는 회원님이 사용하시는 웹 브라우저의 옵션을 선택함으로써 모든 쿠키를 허용하거나 쿠키를 저장할 때마다 확인을 거치거나, 모든 쿠키의 저장을 거부할 수 있습니다.&nbsp;<br>\r\n설정방법 예(인터넷 익스플로어의 경우) : 웹 브라우저 상단의 도구 &gt; 인터넷 옵션 &gt; 개인정보<br>\r\n단, 귀하께서 쿠키 설치를 거부하였을 경우 서비스 제공에 어려움이 있을 수 있습니다.<br>\r\n8. 비회원고객의 개인정보관리<br>\r\n- 당사는 비회원 고객 또한 물품 및 서비스 상품의 구매를 하실 수 있습니다. 당사는 비회원 주문의 경우 배송 및 대금 결제, 상품 배송에 반드시 필요한 개인정보만을 고객님께 요청하고 있습니다.<br>\r\n- 당사에서 비회원으로 구입을 하신 경우 비회원 고객께서 입력하신 지불인 정보 및 수령인 정보는 대금 결제 및 상품 배송에 관련한 용도 외에는 다른 어떠한 용도로도 사용되지 않습니다.<br>\r\n9. 개인정보의 위탁처리<br>\r\n회사는 서비스 향상을 위해서 귀하의 개인정보를 필요한 경우 동의 등 법률상의 요건을 구비하여 외부에 수집 · 취급 · 관리 등을 위탁하여 처리할 있으며, 제 3자에 게 제공할 수 있습니다.<br>\r\n- 당사는 개인정보의 처리와 관련하여 아래와 같이 업무를 위탁하고 있으며, 관계 법령에 따라 위탁계약 시 개인정보가 안전하게 관리될 수 있도록 필요한 사항을 규정하고 있습니다. 또한 공유하는 정보는 당해 목적을 달성하기 위하여 필요한 최소한의 정보에 국한됩니다.<br>\r\n- 위탁 대상자 : [우체국 택배]<br>\r\n- 위탁업무 내용 : [배송지의 주소, 연락처, 이름 - 배송에 필요한 정보]<br>\r\n- 위탁 대상자 : [U 플러스]<br>\r\n- 위탁업무 내용 : [대금 결재에 필요한 본인확인인증, 신용카드번호, 통장번호 등 필수 내용]<br>\r\n- 당사는 귀하에게 편리하고 혜택이 있는 다양한 서비스를 제공하기 위하여 다음의 업체와 제휴합니다. 제공되는 개인정보의 항목은 회원가입 시 당사에 제공한 개인정보 중 아래와 같이 제공됩니다.<br>\r\n= 제공대상 : [우체국 택배, LG U 플러스]<br>\r\n= 제공 개인정보 항목 : [택배 배송에 필요한 기초 정보, 대금 결재에 필요한 기초 정보]&nbsp;<br>\r\n= 정보 이용목적 : [물품배송목적, 대금 결재 목적]<br>\r\n= 정보 보유 및 이용기간 : [서비스 이용후 6개월간]<br>\r\n- 다만, 아래의 경우에는 예외로 합니다.<br>\r\n= 이용자들이 사전에 동의한 경우<br>\r\n= 법령의 규정에 의거하거나, 수사 목적으로 법령에 정해진 절차와 방법에 따라 수사기관의 요구가 있는 경우<br>\r\n- 개인정보의 처리를 위탁하거나 제공하는 경우에는 수탁자, 수탁범위, 공유 정보의 범위 등에 관한 사항을 서면, 전자우편, 전화 또는 홈페이지를 통해 미리 귀하에게 고지합니다.<br>\r\n10. 개인정보관련 의견수렴 및 불만처리에 관한 사항<br>\r\n당사는 개인정보보호와 관련하여 이용자 여러분들의 의견을 수렴하고 있으며 불만을 처리하기 위하여 모든 절차와 방법을 마련하고 있습니다. 이용자들은 하단에 명시한 \"11. 개인정보 관리책임자 및 담당자의 소속-성명 및 연락처\"항을 참고하여 전화나 메일을 통하여 불만사항을 신고할 수 있고, 회사는 이용자들의 신고사항에 대하여 신속하고도 충분한 답변을 해 드릴 것입니다.<br>\r\n11. 개인정보 관리책임자 및 담당자의 소속-성명 및 연락처<br>\r\n당사는 귀하가 좋은 정보를 안전하게 이용할 수 있도록 최선을 다하고 있습니다. 개인정보를 보호하는데 있어 귀하께 고지한 사항들에 반하는 사고가 발생할 경우 개인정보관리책임자가 책임을 집니다.<br>\r\n이용자 개인정보와 관련한 아이디(ID)의 비밀번호에 대한 보안유지책임은 해당 이용자 자신에게 있습니다. 회사는 비밀번호에 대해 어떠한 방법으로도 이용자에게 직접적으로 질문하는 경우는 없으므로 타인에게 비밀번호가 유출되지 않도록 각별히 주의하시기 바랍니다.<br>\r\n특히 공공장소에서 온라인상에서 접속해 있을 경우에는 더욱 유의하셔야 합니다.<br>\r\n회사는 개인정보에 대한 의견수렴 및 불만처리를 담당하는 개인정보 관리책임자 및 담당자를 지정하고 있고, 연락처는 아래와 같습니다.<br>\r\n이름 : 박완근<br>\r\n소속/직위 : 개인정보관리책임자<br>\r\n이메일 : aeroitems@info-way.co.kr<br>\r\n전화번호 : 031-377-1855<br>\r\n12. 고지의 의무<br>\r\n현 개인정보취급방침의 내용은 정부의 정책 또는 보안기술의 변경에 따라 내용의 추가 삭제 및 수정이 있을 시에는 홈페이지의 \'공지사항\'을 통해 고지할 것입니다.'),(1163,'E-Mail 주소 무단수집거부<br>\r\n(주)위즈윈디지털 서비스 내 E-Mail 주소가 전자우편주소 수집 프로그램 그 밖의 기술적 장치를 이용하여 무단으로 수집되는 행위 및 사전동의 없는 영리 목적의 광고성 정보 게시 행위를 거부합니다.<br>\r\n위 사항에 위배되는 행위 시 아래 법률 등에 의거 형사처벌 됨을 유념하시길 바랍니다.<br>\r\n- 정보통신망이용촉진 및 정보보호 등에 관한 법률<br>\r\n제 50조의 2 (전자우편주소의 무단 수집행위 등 금지)<br>\r\n① 누구든지 인터넷 홈페이지 운영자 또는 관리자의 사전동의 없이 인터넷 홈페이지에서 자동으로 전자우편주소를 수집하는 프로그램 그 밖의 기술적 장치를 이용하여 전자우편주소를 수집하여서는 아니된다.<br>\r\n② 누구든지 제1항의 규정을 위반하여 수집된 전자우편주소를 판매, 유통하여서는 아니된다.<br>\r\n③ 누구든지 제1항 및 제2항의 규정에 의하여 수집, 판매 및 유통이 금지된 전자우편주소임을 알고 이를 정보전송에 이용하여서는 아니된다.<br>\r\n제 50조의 7 (영리목적의 광고성 정보 게시의 제한)<br>\r\n① 누구든지 인터넷 홈페이지 운영자 또는 관리자의 명시적인 거부 의사에 반하여 영리목적의 광고성 정보를 인터넷 홈페이지에 게시하여서는 아니된다.<br>\r\n② 인터넷 홈페이지 운영자 또는 관리자는 제1항의 규정을 위반하여 게시된 영리목적의 광고성 정보에 대하여 삭제하는 등의 조치를 할 수 있다.'),(1168,'{{img[0]}}<br>\r\n<br>\r\n조세 금융 전문인들과 함께 만들어 나가는 미디어<br>\r\n<br>\r\n월간 금융 조세 - 서비스 구축을 시작합니다.<br>\r\n<br>\r\n곧이어 각 이벤트와 더불어 독자들과 만나길....'),(1171,'{{img[0]}}<br>\r\n<br>\r\n월간 금융조세<br>\r\n<br>\r\n<br>\r\n월간 금융 조세의 온라인 미디어 마케팅에 일조할 수 있게 된 것을 기쁘게 생각합니다.<br>\r\n<br>\r\n더 나은 플랫폼 서비스로 월간 금융조세의 발전과 함께 하고자 합니다.<br>'),(1173,'{{img[0]}}<br>현재 월간 항공 페이지 시범 서비스 경과'),(1175,'<p>월간항공에 진팩 서비스를 도입하였습니다.</p>\r\n<p><a href=\"http://www.aviation.co.kr\">{{img[0]}}</a></p>\r\n<p>월간 항공은 E-book 서비스와 콘텐츠 몰 서비스가 진행되고 있으며, 쇼핑몰도 곧 기획 상품이 올라갈 예정입니다.</p>\r\n<p>취재파일이라는 카데고리에 기자들의 활약과 그들의 이야기가 실릴 예정이라고 합니다.</p>\r\n<p>월간항공의 진팩 서비스를 확인하기 위해서는 다음의 주소로 들어가보시기 바랍니다.</p>\r\n<p><a href=\"http://www.aviation.co.kr\">http://www.aviation.co.kr</a></p>'),(1178,'월간항공 페이스북 페이지를 활용해서 독자와 소통하는 일을 본격적으로 시작해보다.<br>\r\n독자들은 페이스북 게시물을 통해 홈페이지를 방문하기 시작했고<br>\r\n기존의 방문자수에 비해 약 50배이상의 방문자가 홈페이지 뉴스를 검색하고 있다.&nbsp;<br>\r\n<br>\r\n{{img[0]}}<br>\r\n{{img[1]}}<br>\r\n<br>\r\n더불어 좋아여 숫자, 공유숫자, 댓글 등도 기존보다 늘어나며<br>\r\n전체적으로 오가닉 미디어 개념의 연결과 소통의 개념이 구현되기 시작한다.'),(1180,'{{img[0]}}<br>\r\n<br>\r\n우리들의 이야기 <a href=\"http://www.bromide.co.kr/bbs/m/main.php?type=main&amp;ep=ep149599836353d79ab7cbd00&amp;gp=all\" target=\"_blank\">www.bromide.co.kr</a><br>\r\n<br>\r\nNO1. 연예 매거진 &nbsp;- 월간 브로마이드<br>\r\n<br>\r\n앞으로 청소년들이 사랑하는 여러 연예인들의 정보, 기사가 제공될 예정'),(1182,'여성의 아름다움을 위한 기업 박승철 헤어 스튜디오<br>\r\n<br>\r\n그 가족의 일원인 월간 그라피를 방문하다. 열정적인 분위기와 깔끔하게 정리된 사무실<br>\r\n<br>\r\n그 안에서 헤어 전문 콘텐츠를 선도하는 헤어그라피의 향기를 느낄 수 있었다.&nbsp;<br>\r\n<br>\r\n{{img[0]}}<br>\r\n<br>\r\n<br>\r\n<br>\r\n멋있는 회의실과 그동안에 발간된 그라피들을 볼 수 있었다. 표지 하나만으로도 환상적인 화보를 보는 듯한 느낌의 그라피<br>\r\n<br>\r\n전문지의 콘텐츠를 활용해 E-Media 생태계를 선도할 그라피의 발전에 큰 도움이 될 수 있기를 희망하며'),(1184,'{{img[0]}}<br>\r\n<br>\r\n<br>\r\n먼저 GRAPHY 10주년 기념 BLACK LABEL 발간을 축하합니다.<br>\r\n<br>\r\n8월 더운 날 국장님부터 팀장님 이하 모든 구성원이 더운줄도 모를만큼 고생하셨습니다.<br>'),(1186,'1988년 8월에 창간한 한국의 자동차 종합 월간지 \'모터매거진(Motor Magazine)<br>\r\n<br>\r\n{{img[0]}}<br>\r\n<br>\r\nZinpack 과 파트너 협력 제휴 및 플랫폼 이용 계약을 맺었습니다. 모터매거진의 발전과 향후 온라인을 통해 독자들과 소통하고, 독자들을 위한 여러가지 서비스를 시행함에<br>\r\n<br>\r\nZinpack 의 가용 자원을 모두 동원해 협력할 것입니다.<br>\r\n<br>\r\n더불어 Zinpack 플랫폼의 기능 향상과 서비스 개선에도 많은 도움 주실 예정이라 깊은 감사의 말씀 드립니다.<br>\r\n<br>\r\n9월에 콘텐츠 작업및 여러 제반 구축 작업후 독자들과 만나러 갑니다~'),(1188,'<a href=\"http://www.bromide.co.kr/bbs/m/mcb_data_view.php?type=mcb&amp;ep=ep149599836353d79ab7cbd00&amp;gp=gp95251472853da0ca21e58a&amp;item=md20040308625418ef9ac75a2\">{{img[0]}}<br>\r\n클릭 --> 해당 이벤트 페이지로 이동</a>'),(1191,'{{img[0]}}{{img[1]}}우리들의 이야기 NO1.  연예 정보지   브로마이드!!!<br><br>서비스 구축 이후 서비스를 시작하다.<br><br>향후 계획  보이프렌드 싸인 오픈 이벤트~<br><br>토크 게시판 - 즉 우리들의 이야기를 서로서로 공감, 공유할 수 있는 공간을 통해 독자들과 소통하고<br><br>다양한 연예정보와 이에 대한 분석기사까지.....<br><br>여기는 브로마이드 회의실입니다. 초상권? 고려를 위해 브로마이드 가족들의 사진은 과감히 제외하고...애꿎은 책장만....<br><br><br>'),(1192,'월간 퍼블릭아트, 국내 아트 콘텐츠의 선구자이며 고품질의 콘텐츠를 제작하는 퍼블릭아트와 프로젝트를 진행하다.'),(1194,'{{img[0]}}<br>\r\n<br>\r\n월간 퍼블릭 아트사와 파트너십을 맺게 되었습니다.<br>\r\n<br>\r\n현재 자세한 계약 세부 내용 조율중<br>\r\n<br>\r\n(주)아트인사포스트 콘텐츠 성격에 따른 구조 기획중.<br>\r\n<br>\r\n조만간 계약 마무리하고 싸이트 구축 된 뉴스로 다시 올리겠습니다.'),(1198,'지면상 독자들께 보여드리지 못했던 놀라운 이미지들, 취재 뒷 이야기를 서비스 할 수 있었습니다. 쉽게 정기구독이나 과월호 판매를 할 수도 있고요.  무엇보다 기존 대비 1/10의 저렴한 가격에 이용할 수 있었습니다.'),(1196,'지면상 보여주지 못한 놀라운 이미지들, 쉬운 정기구독 모집, 과월호 판매 원하는 것이 다 서비스 되었습니다. 더욱이 기존 대비 1/10 도 안되는 저렴한 가격에 이런 세련된 반응형 페이지를 가질 수 있다는게 정말 믿기 어려운 일입니다.'),(1201,'네이버 매거진 캐스트의 월간 비건 진팩과 파트너 제휴 계약 체결'),(1205,'기존 홈페이지가 있었습니다. 그러나 관리가 힘들고 업그레이드가 되지 않아 활용하지 못하고 있었죠. 진팩은 누구나 관리할 수 있다는 게 참 편리한 거 같아요. 더군다나 PC 뿐 아니라 모바일까지 한번에 지원되니 우리 독자들과 더 원할히 소통할 수 있게 되었습니다. '),(1207,'월간 비건이 서비스를 시작하였습니다.\r\n\r\nhttp://www.begun.co.kr\r\n\r\n서비스 시작 첫날 부터 1000명이 넘는 방문자를 기록하고 있습니다.\r\n\r\n앞으로 비건을 위한 레시피, 채식정보, 동물보호등의 정보를 공유할 예정입니다.\r\n]'),(1214,'[2014.11.27] Zinpack ver.2.5.4<br>\r\n<br>\r\n게시물 본문에 사이드 스크레퍼 기능 추가<br>\r\n사이드 스크레퍼 모바일/PC 옵션 조절 기능 추가<br>\r\n모바일에서 상단 메뉴 영역 최소화<br>\r\nPC 모드에서 메뉴가 많아질 경우 검색기능이 상단으로 자동 배치<br>\r\n모바일 모드에서 메뉴 버튼을 클릭하면 상단으로 자동 스크롤 됨<br>'),(1216,'[2014.12.06] Zinpack ver.2.5.6<br>\r\n<br>\r\n상단 타이틀 로고 정렬 방식 선택 기능 추가<br>\r\n(왼쪽, 가운데, 오른쪽 중 선택 가능)<br>\r\n<br>\r\n토픽 박스 크기 지정 기능 추가<br>\r\n(2~3칸과 1~4줄 에서 선택 가능)<br>\r\n<br>\r\n배너 크기 지정 기능 추가<br>\r\n(1~4줄 에서 선택 가능)<br>\r\n<br>\r\n스크레퍼 모서리 둥글게 지정하는 기능 추가<br>\r\n<br>\r\n토픽 박스 내용 지정 기능 추가<br>\r\n(제목만, 제목+내용, 썸네일+제목+내용)<br>\r\n<br>\r\n테마 색상 변경 기능 추가<br>\r\n(화면의 구성 요소를 개별적으로 변경)<br>\r\n						'),(1217,'[2014.12.20] Zinpack ver.2.5.8<br>\r\n<br>\r\n토픽 박스 더보기 모양 지정 기능 추가<br>\r\n(한글 기준 4글자 까지 입력 가능)<br>\r\n<br>\r\n개요 모양(블릿) 모양 지정 기능 추가<br>\r\n<br>\r\n게시물 리스트 없는 서브 메인 만들기 기능 추가<br>\r\n'),(1220,'특수한 독자층을 위한 종합 서비스를 간결하고 빠르게 구축할 수 있다는 점이 좋았습니다. 사이트 오픈까지 준비할것도 많았지만 불과 일주일여 만에 뉴스서비스에서 이북, 쇼핑몰 까지 모두 다 구축하고 오픈할 수 있었습니다.'),(1223,'다른 타사의 솔루션에 비해 비용도 저렴하고 텍스트 위주의 다른 솔루션과 달리 이미지 위주의 서비스를 손쉽게 구축 할 수 있다는 점에서 모터바이크 매거진의 컨셉과 잘 맞았습니다. 레이아웃 관리가 쉽고 다양한 형태를 제작할 수 있다는 점이 아주 매력적입니다.'),(1224,'유해성분 제로(0)의 발효 화장품 전문 기업'),(1227,'{{img[0]}}<br>\r\n천연 발효 화장품 제조업체인 로즈오브샤론이 진팩 서비스 계약을 하였습니다.<br>\r\n홈페이지를 비롯하여 건강한 피부를 주제로한 매거진 서비스를 빌드할 예정입니다.<br>'),(1229,'융합 발효 전문기업 소이바이오틱스 입니다.'),(1231,'{{img[0]}}<br>\r\n융합발효 전문 기업 소이바이오틱스가 진팩 서비스 계약을 하였습니다.<br>\r\n홈페이지를 비롯하여 발효와 관련된 매거진 서비스를 빌드할 예정입니다.<br>');

--
-- Table structure for table `field_button_color`
--

CREATE TABLE `field_button_color` (
  `pages_id` int(10) unsigned NOT NULL,
  `data` text NOT NULL,
  PRIMARY KEY  (`pages_id`),
  KEY `data_exact` (`data`(255)),
  FULLTEXT KEY `data` (`data`)
) ENGINE=MyISAM DEFAULT CHARSET=utf8;

--
-- Dumping data for table `field_button_color`
--

INSERT INTO `field_button_color` VALUES (1088,'btn-success'),(1089,'btn-primary'),(1090,'btn-primary'),(1091,'btn-info'),(1096,'btn-primary'),(1095,'btn-success');

--
-- Table structure for table `field_button_data`
--

CREATE TABLE `field_button_data` (
  `pages_id` int(10) unsigned NOT NULL,
  `data` text NOT NULL,
  PRIMARY KEY  (`pages_id`),
  KEY `data_exact` (`data`(255)),
  FULLTEXT KEY `data` (`data`)
) ENGINE=MyISAM DEFAULT CHARSET=utf8;

--
-- Dumping data for table `field_button_data`
--


--
-- Table structure for table `field_button_link`
--

CREATE TABLE `field_button_link` (
  `pages_id` int(10) unsigned NOT NULL,
  `data` int(11) NOT NULL,
  `sort` int(10) unsigned NOT NULL,
  PRIMARY KEY  (`pages_id`,`sort`),
  KEY `data` (`data`,`pages_id`,`sort`)
) ENGINE=MyISAM DEFAULT CHARSET=utf8;

--
-- Dumping data for table `field_button_link`
--


--
-- Table structure for table `field_button_state`
--

CREATE TABLE `field_button_state` (
  `pages_id` int(10) unsigned NOT NULL,
  `data` int(11) NOT NULL,
  PRIMARY KEY  (`pages_id`),
  KEY `data` (`data`)
) ENGINE=MyISAM DEFAULT CHARSET=utf8;

--
-- Dumping data for table `field_button_state`
--

INSERT INTO `field_button_state` VALUES (1088,2),(1089,2),(1090,2),(1091,3),(1095,1),(1096,1);

--
-- Table structure for table `field_content_category`
--

CREATE TABLE `field_content_category` (
  `pages_id` int(10) unsigned NOT NULL,
  `data` int(11) NOT NULL,
  `sort` int(10) unsigned NOT NULL,
  PRIMARY KEY  (`pages_id`,`sort`),
  KEY `data` (`data`,`pages_id`,`sort`)
) ENGINE=MyISAM DEFAULT CHARSET=utf8;

--
-- Dumping data for table `field_content_category`
--

INSERT INTO `field_content_category` VALUES (1105,1,0),(1130,1,0),(1213,1,0),(1101,1016,0),(1109,1016,0),(1110,1016,0),(1111,1016,0),(1112,1016,0),(1113,1016,0),(1157,1018,0),(1161,1018,0),(1162,1018,0),(1163,1018,0),(1125,1123,0),(1126,1123,0),(1127,1123,0),(1128,1123,0),(1196,1123,0),(1198,1123,0),(1205,1123,0),(1220,1123,0),(1223,1123,0),(1224,1123,0),(1229,1123,0),(1137,1131,0),(1138,1131,0),(1139,1131,0),(1140,1131,0),(1142,1132,0),(1143,1132,0),(1144,1132,0),(1145,1132,0),(1146,1132,0),(1147,1132,0),(1166,1159,0),(1168,1159,0),(1171,1159,0),(1173,1159,0),(1175,1159,0),(1178,1159,0),(1180,1159,0),(1182,1159,0),(1184,1159,0),(1186,1159,0),(1188,1159,0),(1191,1159,0),(1192,1159,0),(1194,1159,0),(1201,1159,0),(1207,1159,0),(1227,1159,0),(1231,1159,0),(1150,1160,0),(1167,1160,0),(1200,1160,0),(1214,1160,0),(1216,1160,0),(1217,1160,0);

--
-- Table structure for table `field_content_type`
--

CREATE TABLE `field_content_type` (
  `pages_id` int(10) unsigned NOT NULL,
  `data` int(11) NOT NULL,
  PRIMARY KEY  (`pages_id`),
  KEY `data` (`data`)
) ENGINE=MyISAM DEFAULT CHARSET=utf8;

--
-- Dumping data for table `field_content_type`
--


--
-- Table structure for table `field_content_url`
--

CREATE TABLE `field_content_url` (
  `pages_id` int(10) unsigned NOT NULL,
  `data` text NOT NULL,
  PRIMARY KEY  (`pages_id`),
  KEY `data_exact` (`data`(255)),
  FULLTEXT KEY `data` (`data`)
) ENGINE=MyISAM DEFAULT CHARSET=utf8;

--
-- Dumping data for table `field_content_url`
--

INSERT INTO `field_content_url` VALUES (1220,'http://www.begun.co.kr'),(1125,'http://www.aviation.co.kr'),(1126,'http://www.bromide.co.kr'),(1196,'http://www.motormag.co.kr'),(1127,'http://www.taxfinance.kr'),(1128,'http://www.zinpack.com'),(1205,'http://www.artinpost.co.kr'),(1223,'http://www.mbzine.com'),(1229,'http://www.soybiotics.co.kr'),(1224,'http://www.zinpack.com');

--
-- Table structure for table `field_corp_name`
--

CREATE TABLE `field_corp_name` (
  `pages_id` int(10) unsigned NOT NULL,
  `data` text NOT NULL,
  PRIMARY KEY  (`pages_id`),
  KEY `data_exact` (`data`(255)),
  FULLTEXT KEY `data` (`data`)
) ENGINE=MyISAM DEFAULT CHARSET=utf8;

--
-- Dumping data for table `field_corp_name`
--


--
-- Table structure for table `field_corp_num`
--

CREATE TABLE `field_corp_num` (
  `pages_id` int(10) unsigned NOT NULL,
  `data` text NOT NULL,
  PRIMARY KEY  (`pages_id`),
  KEY `data_exact` (`data`(255)),
  FULLTEXT KEY `data` (`data`)
) ENGINE=MyISAM DEFAULT CHARSET=utf8;

--
-- Dumping data for table `field_corp_num`
--


--
-- Table structure for table `field_email`
--

CREATE TABLE `field_email` (
  `pages_id` int(10) unsigned NOT NULL,
  `data` varchar(255) NOT NULL default '',
  PRIMARY KEY  (`pages_id`),
  KEY `data_exact` (`data`),
  FULLTEXT KEY `data` (`data`)
) ENGINE=MyISAM DEFAULT CHARSET=utf8;

--
-- Dumping data for table `field_email`
--

INSERT INTO `field_email` VALUES (41,'fantayat@naver.com');

--
-- Table structure for table `field_email_sub`
--

CREATE TABLE `field_email_sub` (
  `pages_id` int(10) unsigned NOT NULL,
  `data` varchar(255) NOT NULL default '',
  PRIMARY KEY  (`pages_id`),
  KEY `data_exact` (`data`),
  FULLTEXT KEY `data` (`data`)
) ENGINE=MyISAM DEFAULT CHARSET=utf8;

--
-- Dumping data for table `field_email_sub`
--


--
-- Table structure for table `field_gp_detail`
--

CREATE TABLE `field_gp_detail` (
  `pages_id` int(10) unsigned NOT NULL,
  `data` mediumtext NOT NULL,
  PRIMARY KEY  (`pages_id`),
  KEY `data_exact` (`data`(255)),
  FULLTEXT KEY `data` (`data`)
) ENGINE=MyISAM DEFAULT CHARSET=utf8;

--
-- Dumping data for table `field_gp_detail`
--


--
-- Table structure for table `field_gp_register_type`
--

CREATE TABLE `field_gp_register_type` (
  `pages_id` int(10) unsigned NOT NULL,
  `data` int(11) NOT NULL,
  PRIMARY KEY  (`pages_id`),
  KEY `data` (`data`)
) ENGINE=MyISAM DEFAULT CHARSET=utf8;

--
-- Dumping data for table `field_gp_register_type`
--


--
-- Table structure for table `field_group_created`
--

CREATE TABLE `field_group_created` (
  `pages_id` int(10) unsigned NOT NULL,
  `data` datetime NOT NULL,
  PRIMARY KEY  (`pages_id`),
  KEY `data` (`data`)
) ENGINE=MyISAM DEFAULT CHARSET=utf8;

--
-- Dumping data for table `field_group_created`
--


--
-- Table structure for table `field_group_state`
--

CREATE TABLE `field_group_state` (
  `pages_id` int(10) unsigned NOT NULL,
  `data` int(11) NOT NULL,
  PRIMARY KEY  (`pages_id`),
  KEY `data` (`data`)
) ENGINE=MyISAM DEFAULT CHARSET=utf8;

--
-- Dumping data for table `field_group_state`
--


--
-- Table structure for table `field_headline`
--

CREATE TABLE `field_headline` (
  `pages_id` int(10) unsigned NOT NULL,
  `data` text NOT NULL,
  PRIMARY KEY  (`pages_id`),
  FULLTEXT KEY `data` (`data`)
) ENGINE=MyISAM DEFAULT CHARSET=utf8;

--
-- Dumping data for table `field_headline`
--


--
-- Table structure for table `field_image`
--

CREATE TABLE `field_image` (
  `pages_id` int(10) unsigned NOT NULL,
  `data` varchar(255) NOT NULL,
  `sort` int(10) unsigned NOT NULL,
  `description` text NOT NULL,
  `modified` datetime default NULL,
  `created` datetime default NULL,
  `tags` varchar(255) NOT NULL,
  PRIMARY KEY  (`pages_id`,`sort`),
  KEY `data` (`data`),
  KEY `modified` (`modified`),
  KEY `created` (`created`),
  FULLTEXT KEY `description` (`description`),
  FULLTEXT KEY `tags` (`tags`)
) ENGINE=MyISAM DEFAULT CHARSET=utf8;

--
-- Dumping data for table `field_image`
--

INSERT INTO `field_image` VALUES (1119,'bg-landing.png',0,'','2014-10-25 23:31:51','2014-10-25 23:31:51',''),(1121,'-.png',0,'','2014-12-29 12:30:24','2014-12-27 12:08:14','testimonial'),(1122,'-.png',0,'','2014-12-29 12:30:38','2014-12-27 12:13:00','testimonial'),(1135,'-.png',0,'','2014-12-29 12:30:52','2014-12-27 12:18:23','testimonial'),(1151,'logo-.png',0,'','2014-12-29 12:35:03','2014-12-27 12:07:51','logo'),(1152,'logo-.png',0,'','2014-12-29 12:35:15','2014-12-27 12:12:40','logo'),(1153,'logo-.png',0,'','2014-12-29 12:35:27','2014-12-27 12:13:21','logo'),(1154,'logo-.png',0,'','2014-12-29 12:35:39','2014-12-27 12:13:59','logo'),(1169,'taxfinance-0.png',0,'','2014-11-03 11:48:34','2014-11-03 11:48:34',''),(1170,'taxfinance-1.jpg',0,'','2014-11-04 17:01:24','2014-11-04 17:01:24',''),(1172,'annoucement-3.png',0,'','2014-11-04 17:05:42','2014-11-04 17:05:42',''),(1174,'annoucement-4.jpg',0,'','2014-11-04 17:11:10','2014-11-04 17:11:10',''),(1176,'annoucement-5-1.png',0,'','2014-11-04 17:15:49','2014-11-04 17:15:49',''),(1177,'annoucement-5-2.png',0,'','2014-11-04 17:16:33','2014-11-04 17:16:33',''),(1179,'annoucement-6.png',0,'','2014-11-04 17:34:50','2014-11-04 17:34:50',''),(1181,'annoucement-7.png',0,'','2014-11-04 17:38:13','2014-11-04 17:38:13',''),(1183,'annoucement-8.jpg',0,'','2014-11-04 17:41:23','2014-11-04 17:41:23',''),(1185,'annoucement-9.jpg',0,'','2014-11-04 17:43:52','2014-11-04 17:43:52',''),(1187,'annoucement-10.jpg',0,'','2014-11-04 17:46:59','2014-11-04 17:46:59',''),(1189,'annoucement-11-1.jpg',0,'','2014-11-04 17:50:57','2014-11-04 17:50:57',''),(1190,'annoucement-11-2.jpg',0,'','2014-11-04 17:51:31','2014-11-04 17:51:31',''),(1193,'annoucement-13.jpg',0,'','2014-11-04 17:55:41','2014-11-04 17:55:41',''),(1195,'-.png',0,'그라피 홈페이지','2014-12-29 12:33:13','2014-12-27 12:19:24','testimonial'),(1197,'-.png',0,'모터매거진','2014-12-29 12:33:33','2014-12-27 12:20:37','testimonial'),(1199,'logo-.png',0,'로고 모터매거진','2014-12-29 12:36:35','2014-12-27 12:15:44','logo'),(1202,'-.png',0,'','2014-12-27 12:21:23','2014-12-27 12:21:23',''),(1203,'logo-.png',0,'퍼블릭아트 헤드 이미지','2014-12-29 12:35:53','2014-12-27 12:14:24','logo'),(1206,'-.png',0,'','2014-12-29 12:33:56','2014-12-27 12:21:54','testimonial'),(1210,'a.png',0,'','2014-12-18 15:26:44','2014-12-18 15:26:44',''),(1208,'logo-.png',0,'','2014-12-29 12:36:16','2014-12-27 12:14:52','logo'),(1218,'-.png',0,'','2014-12-29 12:34:18','2014-12-27 12:22:41','testimonial'),(1221,'logo-.png',0,'','2014-12-29 12:37:03','2014-12-27 12:17:03','logo'),(1222,'-.png',0,'','2014-12-29 12:34:34','2014-12-27 12:24:58','testimonial'),(1225,'logo-.png',0,'','2014-12-29 12:37:17','2014-12-27 12:56:43','logo'),(1226,'logo-.png',0,'','2014-12-29 12:37:31','2014-12-27 12:57:24','logo'),(1228,'toplogo4.png',0,'','2014-12-27 13:10:26','2014-12-27 13:10:26',''),(1230,'top_logo2.png',0,'','2014-12-29 10:59:42','2014-12-29 10:59:42','');

--
-- Table structure for table `field_image_pages`
--

CREATE TABLE `field_image_pages` (
  `pages_id` int(10) unsigned NOT NULL,
  `data` int(11) NOT NULL,
  `sort` int(10) unsigned NOT NULL,
  PRIMARY KEY  (`pages_id`,`sort`),
  KEY `data` (`data`,`pages_id`,`sort`)
) ENGINE=MyISAM DEFAULT CHARSET=utf8;

--
-- Dumping data for table `field_image_pages`
--

INSERT INTO `field_image_pages` VALUES (1038,1119,0),(1124,1120,0),(1148,1120,0),(1125,1121,0),(1126,1122,0),(1117,1134,0),(1129,1134,0),(1141,1134,0),(1149,1134,0),(1156,1134,0),(1127,1135,0),(1125,1151,1),(1130,1151,0),(1126,1152,1),(1130,1152,1),(1128,1153,1),(1130,1153,2),(1127,1154,1),(1130,1154,3),(1168,1169,0),(1171,1170,0),(1173,1172,0),(1175,1174,0),(1178,1176,0),(1178,1177,1),(1180,1179,0),(1182,1181,0),(1184,1183,0),(1186,1185,0),(1188,1187,0),(1191,1189,0),(1191,1190,1),(1194,1193,0),(1128,1195,0),(1130,1197,4),(1196,1197,0),(1198,1197,0),(1196,1199,1),(1201,1202,0),(1205,1203,1),(1205,1206,0),(1129,1208,1),(1130,1208,5),(1211,1208,0),(1213,1208,0),(1220,1208,1),(1207,1218,0),(1220,1218,0),(1223,1221,1),(1223,1222,0),(1224,1225,0),(1229,1226,0),(1227,1228,0),(1231,1230,0);

--
-- Table structure for table `field_image_style_bg`
--

CREATE TABLE `field_image_style_bg` (
  `pages_id` int(10) unsigned NOT NULL,
  `data` text NOT NULL,
  PRIMARY KEY  (`pages_id`),
  KEY `data_exact` (`data`(255)),
  FULLTEXT KEY `data` (`data`)
) ENGINE=MyISAM DEFAULT CHARSET=utf8;

--
-- Dumping data for table `field_image_style_bg`
--

INSERT INTO `field_image_style_bg` VALUES (1134,'#fff'),(1120,'#2a344f');

--
-- Table structure for table `field_layout`
--

CREATE TABLE `field_layout` (
  `pages_id` int(10) unsigned NOT NULL,
  `data` int(11) NOT NULL,
  `sort` int(10) unsigned NOT NULL,
  PRIMARY KEY  (`pages_id`,`sort`),
  KEY `data` (`data`,`pages_id`,`sort`)
) ENGINE=MyISAM DEFAULT CHARSET=utf8;

--
-- Dumping data for table `field_layout`
--

INSERT INTO `field_layout` VALUES (1,1038,0),(1016,1038,0),(1018,1038,0),(1123,1038,0),(1131,1038,0),(1132,1038,0),(1133,1038,0),(1159,1038,0),(1160,1038,0);

--
-- Table structure for table `field_layout_image_tag`
--

CREATE TABLE `field_layout_image_tag` (
  `pages_id` int(10) unsigned NOT NULL,
  `data` text NOT NULL,
  PRIMARY KEY  (`pages_id`),
  KEY `data_exact` (`data`(255)),
  FULLTEXT KEY `data` (`data`)
) ENGINE=MyISAM DEFAULT CHARSET=utf8;

--
-- Dumping data for table `field_layout_image_tag`
--

INSERT INTO `field_layout_image_tag` VALUES (1129,'logo'),(1124,'testimonial');

--
-- Table structure for table `field_layout_item_class`
--

CREATE TABLE `field_layout_item_class` (
  `pages_id` int(10) unsigned NOT NULL,
  `data` text NOT NULL,
  PRIMARY KEY  (`pages_id`),
  KEY `data_exact` (`data`(255)),
  FULLTEXT KEY `data` (`data`)
) ENGINE=MyISAM DEFAULT CHARSET=utf8;

--
-- Dumping data for table `field_layout_item_class`
--

INSERT INTO `field_layout_item_class` VALUES (1116,'content-item screen-height screen'),(1117,'content-item screen-height'),(1124,'content-item screen-height'),(1129,'content-item screen-height'),(1141,'content-item screen-height'),(1148,'content-item screen-height'),(1149,'content-item screen-height'),(1156,'content-item screen-height');

--
-- Table structure for table `field_layout_item_collection`
--

CREATE TABLE `field_layout_item_collection` (
  `pages_id` int(10) unsigned NOT NULL,
  `data` int(11) NOT NULL,
  `sort` int(10) unsigned NOT NULL,
  PRIMARY KEY  (`pages_id`,`sort`),
  KEY `data` (`data`,`pages_id`,`sort`)
) ENGINE=MyISAM DEFAULT CHARSET=utf8;

--
-- Dumping data for table `field_layout_item_collection`
--

INSERT INTO `field_layout_item_collection` VALUES (1149,1166,0),(1149,1167,1);

--
-- Table structure for table `field_layout_item_content`
--

CREATE TABLE `field_layout_item_content` (
  `pages_id` int(10) unsigned NOT NULL,
  `data` int(11) NOT NULL,
  `sort` int(10) unsigned NOT NULL,
  PRIMARY KEY  (`pages_id`,`sort`),
  KEY `data` (`data`,`pages_id`,`sort`)
) ENGINE=MyISAM DEFAULT CHARSET=utf8;

--
-- Dumping data for table `field_layout_item_content`
--

INSERT INTO `field_layout_item_content` VALUES (1117,1101,0),(1116,1105,0),(1117,1109,1),(1117,1110,2),(1117,1111,3),(1117,1112,4),(1117,1113,5),(1124,1125,0),(1129,1125,2),(1124,1126,1),(1129,1126,3),(1124,1127,2),(1129,1127,4),(1124,1128,3),(1129,1128,0),(1141,1137,0),(1141,1138,1),(1141,1139,2),(1141,1140,3),(1148,1142,0),(1148,1143,1),(1148,1144,2),(1148,1145,3),(1148,1146,4),(1148,1147,5),(1156,1157,0),(1124,1196,4),(1129,1196,5),(1124,1205,5),(1129,1205,6),(1124,1220,6),(1129,1220,1),(1124,1223,7),(1129,1223,7),(1129,1224,8),(1129,1229,9);

--
-- Table structure for table `field_layout_item_table`
--

CREATE TABLE `field_layout_item_table` (
  `pages_id` int(10) unsigned NOT NULL,
  `data` int(11) NOT NULL,
  `sort` int(10) unsigned NOT NULL,
  PRIMARY KEY  (`pages_id`,`sort`),
  KEY `data` (`data`,`pages_id`,`sort`)
) ENGINE=MyISAM DEFAULT CHARSET=utf8;

--
-- Dumping data for table `field_layout_item_table`
--

INSERT INTO `field_layout_item_table` VALUES (1038,1116,0),(1038,1117,1),(1038,1124,2),(1038,1129,6),(1038,1141,3),(1038,1148,4),(1038,1149,5),(1038,1156,7);

--
-- Table structure for table `field_layout_item_type`
--

CREATE TABLE `field_layout_item_type` (
  `pages_id` int(10) unsigned NOT NULL,
  `data` text NOT NULL,
  PRIMARY KEY  (`pages_id`),
  KEY `data_exact` (`data`(255)),
  FULLTEXT KEY `data` (`data`)
) ENGINE=MyISAM DEFAULT CHARSET=utf8;

--
-- Dumping data for table `field_layout_item_type`
--

INSERT INTO `field_layout_item_type` VALUES (1116,'fullscreen-title'),(1156,'container-body'),(1149,'container-body-col-2-list'),(1141,'container-body-col-4'),(1129,'container-body-col-4-imglist'),(1124,'container-body-slide'),(1117,'container-body-col-3'),(1148,'container-body-col-2');

--
-- Table structure for table `field_nick_name`
--

CREATE TABLE `field_nick_name` (
  `pages_id` int(10) unsigned NOT NULL,
  `data` text NOT NULL,
  PRIMARY KEY  (`pages_id`),
  KEY `data_exact` (`data`(255)),
  FULLTEXT KEY `data` (`data`)
) ENGINE=MyISAM DEFAULT CHARSET=utf8;

--
-- Dumping data for table `field_nick_name`
--


--
-- Table structure for table `field_pass`
--

CREATE TABLE `field_pass` (
  `pages_id` int(10) unsigned NOT NULL,
  `data` char(40) NOT NULL,
  `salt` char(32) NOT NULL,
  PRIMARY KEY  (`pages_id`),
  KEY `data` (`data`)
) ENGINE=MyISAM DEFAULT CHARSET=ascii;

--
-- Dumping data for table `field_pass`
--

INSERT INTO `field_pass` VALUES (41,'RbUydzjOOSP0Jht8awibwY5/Ibv0FB.','$2y$11$YiFyDMCCbYRa1vgiWrT8de'),(40,'','');

--
-- Table structure for table `field_permissions`
--

CREATE TABLE `field_permissions` (
  `pages_id` int(10) unsigned NOT NULL,
  `data` int(11) NOT NULL,
  `sort` int(10) unsigned NOT NULL,
  PRIMARY KEY  (`pages_id`,`sort`),
  KEY `data` (`data`,`pages_id`,`sort`)
) ENGINE=MyISAM DEFAULT CHARSET=utf8;

--
-- Dumping data for table `field_permissions`
--

INSERT INTO `field_permissions` VALUES (38,32,1),(38,34,2),(38,35,3),(37,36,0),(38,36,0),(38,50,4),(38,51,5),(38,52,7),(38,53,8),(38,54,6);

--
-- Table structure for table `field_phone_number`
--

CREATE TABLE `field_phone_number` (
  `pages_id` int(10) unsigned NOT NULL,
  `data` text NOT NULL,
  PRIMARY KEY  (`pages_id`),
  KEY `data_exact` (`data`(255)),
  FULLTEXT KEY `data` (`data`)
) ENGINE=MyISAM DEFAULT CHARSET=utf8;

--
-- Dumping data for table `field_phone_number`
--


--
-- Table structure for table `field_process`
--

CREATE TABLE `field_process` (
  `pages_id` int(11) NOT NULL default '0',
  `data` int(11) NOT NULL default '0',
  PRIMARY KEY  (`pages_id`),
  KEY `data` (`data`)
) ENGINE=MyISAM DEFAULT CHARSET=utf8;

--
-- Dumping data for table `field_process`
--

INSERT INTO `field_process` VALUES (6,17),(3,12),(8,12),(9,14),(10,7),(11,47),(16,48),(300,104),(21,50),(29,66),(23,10),(304,138),(31,136),(22,76),(30,68),(303,129),(2,87),(302,121),(301,109),(28,76),(1013,151),(1097,155),(1098,156),(1108,158);

--
-- Table structure for table `field_real_name`
--

CREATE TABLE `field_real_name` (
  `pages_id` int(10) unsigned NOT NULL,
  `data` text NOT NULL,
  PRIMARY KEY  (`pages_id`),
  KEY `data_exact` (`data`(255)),
  FULLTEXT KEY `data` (`data`)
) ENGINE=MyISAM DEFAULT CHARSET=utf8;

--
-- Dumping data for table `field_real_name`
--


--
-- Table structure for table `field_registered_date`
--

CREATE TABLE `field_registered_date` (
  `pages_id` int(10) unsigned NOT NULL,
  `data` datetime NOT NULL,
  PRIMARY KEY  (`pages_id`),
  KEY `data` (`data`)
) ENGINE=MyISAM DEFAULT CHARSET=utf8;

--
-- Dumping data for table `field_registered_date`
--


--
-- Table structure for table `field_roles`
--

CREATE TABLE `field_roles` (
  `pages_id` int(10) unsigned NOT NULL,
  `data` int(11) NOT NULL,
  `sort` int(10) unsigned NOT NULL,
  PRIMARY KEY  (`pages_id`,`sort`),
  KEY `data` (`data`,`pages_id`,`sort`)
) ENGINE=MyISAM DEFAULT CHARSET=utf8;

--
-- Dumping data for table `field_roles`
--

INSERT INTO `field_roles` VALUES (40,37,0),(41,37,0),(41,38,1);

--
-- Table structure for table `field_site_logos`
--

CREATE TABLE `field_site_logos` (
  `pages_id` int(10) unsigned NOT NULL,
  `data` varchar(255) NOT NULL,
  `sort` int(10) unsigned NOT NULL,
  `description` text NOT NULL,
  `modified` datetime default NULL,
  `created` datetime default NULL,
  PRIMARY KEY  (`pages_id`,`sort`),
  KEY `data` (`data`),
  KEY `modified` (`modified`),
  KEY `created` (`created`),
  FULLTEXT KEY `description` (`description`)
) ENGINE=MyISAM DEFAULT CHARSET=utf8;

--
-- Dumping data for table `field_site_logos`
--

INSERT INTO `field_site_logos` VALUES (1008,'ibowork_logo.png',0,'','2014-07-31 18:40:56','2014-07-31 18:40:56');

--
-- Table structure for table `field_site_name`
--

CREATE TABLE `field_site_name` (
  `pages_id` int(10) unsigned NOT NULL,
  `data` text NOT NULL,
  PRIMARY KEY  (`pages_id`),
  KEY `data_exact` (`data`(255)),
  FULLTEXT KEY `data` (`data`)
) ENGINE=MyISAM DEFAULT CHARSET=utf8;

--
-- Dumping data for table `field_site_name`
--

INSERT INTO `field_site_name` VALUES (1008,'ZINPACK');

--
-- Table structure for table `field_title`
--

CREATE TABLE `field_title` (
  `pages_id` int(10) unsigned NOT NULL,
  `data` text NOT NULL,
  PRIMARY KEY  (`pages_id`),
  KEY `data_exact` (`data`(255)),
  FULLTEXT KEY `data` (`data`)
) ENGINE=MyISAM DEFAULT CHARSET=utf8;

--
-- Dumping data for table `field_title`
--

INSERT INTO `field_title` VALUES (11,'Templates'),(16,'Fields'),(22,'Setup'),(3,'Pages'),(6,'Add Page'),(8,'Tree'),(9,'Save Sort'),(10,'Edit Page'),(21,'Modules'),(29,'Users'),(30,'Roles'),(2,'Admin'),(7,'Trash'),(27,'404 Page Not Found'),(302,'Insert Link'),(23,'Login'),(304,'Profile'),(301,'Empty Trash'),(300,'Search'),(303,'Insert Image'),(28,'Access'),(31,'Permissions'),(32,'Edit pages'),(34,'Delete pages'),(35,'Move pages (change parent)'),(36,'View pages'),(50,'Sort child pages'),(51,'Change templates on pages'),(52,'Administer users'),(53,'User can update profile/password'),(54,'Lock or unlock a page'),(1,'Home'),(1018,'Contact Us'),(1000,'Search'),(1121,'월간항공 사이트'),(1016,'Features'),(1006,'Contents container'),(1007,'settings'),(1008,'Site settings'),(1009,'Ajax fetch'),(1010,'ajax headLogo'),(1013,'Delete Page'),(1120,'Solid light blue'),(1021,'ajax initial'),(1097,'Selector test'),(1119,'Landing-bg'),(1118,'Image container'),(1117,'Zinpack 이란 무엇인가?'),(1168,'월간 금융조세 - 조세 금융인들이 함께 만들어 나가는 미디어 - 구축 작업 시작'),(1167,'Release Notes'),(1166,'Announcement'),(1165,'Collection container'),(1035,'Layout Container'),(1036,'Repeaters'),(1038,'Home'),(1137,'Startup'),(1138,'Basic'),(1101,'Fully Responsive'),(1141,'Zinpack서비스 상품 및 가격'),(1049,'ajax layout'),(1105,'Welcome to Zinpack'),(1122,'브로마이드 사이트'),(1139,'Midship'),(1127,'월간 조세금융'),(1140,'Premium'),(1142,'전자 잡지 앱 인가요? 아니면 E-Book 솔루션인가? 잡지 포탈 서비스 인가요?'),(1126,'월간 브로마이드'),(1125,'월간항공'),(1124,'사이트 구축 경험담'),(1123,'Testimonials'),(1144,'인터넷 사업 환경은 번개같이 변화합니다. 여기에 맞춰서 홈페이지를 그때 그때 수정하기가 힘듭니다.'),(1085,'ajax buttons'),(1086,'Button list'),(1096,'회원가입'),(1088,'로그아웃'),(1089,'회원정보'),(1090,'관리'),(1091,'공지사항'),(1098,'Export Site Profile'),(1095,'로그인'),(1107,'Use Page Lister'),(1108,'Find'),(1109,'Make Own E-Book'),(1110,'Easy Shopping Mall'),(1111,'Publish Contents'),(1112,'Interactive Community Board'),(1143,'월 비용에는 어떤 내역이 들어가는지? 월 비용 외에는 부담이 전혀 없는건가요?'),(1113,'Connect Social Media'),(1116,'landing'),(1128,'월간 그라피'),(1135,'월간 조세금융 사이트'),(1129,'Our Clients'),(1130,'Our Clients'),(1131,'Price'),(1132,'FAQ'),(1133,'News'),(1134,'Solid white'),(1145,'우리 잡지에 특성상 필요한 기능이 있는데 추가가 되나요?'),(1146,'우리 회사에 맞게 디자인을 따로 적용해줄 수 있나요?'),(1147,'기존 홈페이지내에 구축된 기사와 이미지가 많습니다. 데이터를 이전 할 수 있나요?'),(1148,'FAQ'),(1149,'News'),(1150,'[2014.10.22] Zinpack ver.2.5'),(1151,'logo 월간항공'),(1152,'logo 브로마이드'),(1153,'logo 그라피'),(1154,'logo 월간금융조세'),(1156,'Contact Us'),(1157,'Contact form'),(1158,'ajax contact'),(1159,'Announcement'),(1160,'Release Notes'),(1161,'이용약관'),(1162,'개인정보 취급방침'),(1163,'이메일 무단수집거부'),(1164,'ajax modal'),(1169,'월간금융조세 공지'),(1170,'월간금융조세 공지2'),(1171,'조세금융신문 - 월간금융조세 서비스 구축 계약완료 / 구축 준비중'),(1172,'공지 이미지 통계'),(1173,'아직 정식 오픈이 아닌 시범 서비스 결과'),(1174,'공지 이미지 4'),(1175,'월간항공 진팩 시범 서비스 개시'),(1176,'공지 이미지 5-1'),(1177,'공지 이미지 5-2'),(1178,'월간항공 페이스북 연동 서비스 시작'),(1179,'공지 이미지 6'),(1180,'월간 브로마이드 진팩 서비스 계약 - 준비중'),(1181,'공지 이미지 7'),(1182,'최대의 헤어 전문지 그라피를 방문하다'),(1183,'공지 이미지 8'),(1184,'월간 GRAPHY ZINPACK 플랫폼 구축계약'),(1185,'공지 이미지 9'),(1186,'월간 모터매거진 Zinpack 파트너 제휴 및 계약'),(1187,'공지 이미지 10'),(1188,'월간 브로마이드 싸이트 개편 기념 이벤트'),(1189,'공지 이미지 11-1'),(1190,'공지 이미지 11-2'),(1191,'월간 브로마이드 서비스 시작'),(1192,'월간 퍼블릭아트 프로젝트진행중'),(1193,'공지 이미지 13'),(1194,'월간 퍼블릭아트 홈페이지 구축 시작'),(41,'admin'),(1195,'월간 그라피'),(1196,'모터매거진'),(1197,'모터매거진'),(1198,'모터매거진'),(1199,'logo 모터매거진'),(1200,'[2014.11.22] Zinpack ver.2.5.1'),(1201,'월간 비건 계약'),(1202,'비건표지'),(1203,'logo 퍼블릭아트 헤드이미지'),(1204,'퍼블릭아트 이미지'),(1205,'퍼블릭아트'),(1206,'퍼블릭아트 사이트'),(1207,'월간 비건 서비스 시작'),(1208,'logo 비건 이미지'),(1209,'월간 비건 이미지'),(1210,'begun'),(1211,'begun'),(1212,'begun'),(1213,'begun logo'),(1214,'[2014.11.27] Zinpack ver.2.5.4'),(1215,'[2014.11.27] Zinpack ver.2.5.4'),(1216,'[2014.12.06] Zinpack ver.2.5.6'),(1217,'[2014.12.20] Zinpack ver.2.5.8'),(1218,'비건사이트'),(1219,'begun logo'),(1220,'월간비건'),(1221,'LOGO-모터바이크'),(1222,'모터바이크 사이트'),(1223,'모터바이크'),(1224,'로즈오브샤론'),(1225,'LOGO 로즈오브샤론'),(1226,'LOGO 소이바이오틱스'),(1227,'로즈오브샤론 계약'),(1228,'roseofsharonLOGOfull'),(1229,'소이바이오틱스'),(1230,'소이바이오틱스 로고'),(1231,'소이바이오틱스 계약');

--
-- Table structure for table `field_title_description`
--

CREATE TABLE `field_title_description` (
  `pages_id` int(10) unsigned NOT NULL,
  `data` text NOT NULL,
  PRIMARY KEY  (`pages_id`),
  KEY `data_exact` (`data`(255)),
  FULLTEXT KEY `data` (`data`)
) ENGINE=MyISAM DEFAULT CHARSET=utf8;

--
-- Dumping data for table `field_title_description`
--

INSERT INTO `field_title_description` VALUES (1117,'\"Magazine Package\"  뉴스&잡지를 위한 모든 기능이 들어 있는 인터넷 서비스 플랫폼'),(1125,'창간 25주년의 깊은 역사의 항공 전문지'),(1126,'연예 정보 전문지'),(1127,'세무 금융에 특화된 전문지'),(1128,'국내 뷰티 미용 잡지 중 가장 큰 규모의 매거진'),(1196,'26년 역사의 자동차 전문 매거진'),(1205,'국내 최대의 대중 예술 전문 매거진'),(1220,'채식 문화 전문지'),(1223,'국내 최대의 바이크 매거진'),(1224,'유해성분 제로(0)의 발효 화장품 전문 기업'),(1229,'융합발효전문기업');

--
-- Table structure for table `field_title_html`
--

CREATE TABLE `field_title_html` (
  `pages_id` int(10) unsigned NOT NULL,
  `data` text NOT NULL,
  PRIMARY KEY  (`pages_id`),
  KEY `data_exact` (`data`(255)),
  FULLTEXT KEY `data` (`data`)
) ENGINE=MyISAM DEFAULT CHARSET=utf8;

--
-- Dumping data for table `field_title_html`
--

INSERT INTO `field_title_html` VALUES (1105,'Welcome to Zinpack'),(1101,'Fully <br>Responsive'),(1109,'Make Own <br>E-Book'),(1110,'Easy <br>Shopping Mall'),(1111,'Publish <br>Contents'),(1112,'Interactive <br>Community Board'),(1113,'Connect <br>Social Media');

--
-- Table structure for table `field_title_icon`
--

CREATE TABLE `field_title_icon` (
  `pages_id` int(10) unsigned NOT NULL,
  `data` text NOT NULL,
  PRIMARY KEY  (`pages_id`),
  KEY `data_exact` (`data`(255)),
  FULLTEXT KEY `data` (`data`)
) ENGINE=MyISAM DEFAULT CHARSET=utf8;

--
-- Dumping data for table `field_title_icon`
--

INSERT INTO `field_title_icon` VALUES (1101,'fa fa-arrows-alt'),(1109,'fa fa-book'),(1110,'fa fa-shopping-cart'),(1111,'fa fa-file-text'),(1112,'fa fa-comments'),(1113,'fa fa-users');

--
-- Table structure for table `field_url_type`
--

CREATE TABLE `field_url_type` (
  `pages_id` int(10) unsigned NOT NULL,
  `data` text NOT NULL,
  PRIMARY KEY  (`pages_id`),
  KEY `data_exact` (`data`(255)),
  FULLTEXT KEY `data` (`data`)
) ENGINE=MyISAM DEFAULT CHARSET=utf8;

--
-- Dumping data for table `field_url_type`
--

INSERT INTO `field_url_type` VALUES (1133,'nav'),(1016,'nav'),(1132,'nav'),(1018,'nav'),(1131,'nav'),(1123,'nav');

--
-- Table structure for table `field_user_ip`
--

CREATE TABLE `field_user_ip` (
  `pages_id` int(10) unsigned NOT NULL,
  `data` text NOT NULL,
  PRIMARY KEY  (`pages_id`),
  KEY `data_exact` (`data`(255)),
  FULLTEXT KEY `data` (`data`)
) ENGINE=MyISAM DEFAULT CHARSET=utf8;

--
-- Dumping data for table `field_user_ip`
--


--
-- Table structure for table `field_user_level`
--

CREATE TABLE `field_user_level` (
  `pages_id` int(10) unsigned NOT NULL,
  `data` int(11) NOT NULL,
  PRIMARY KEY  (`pages_id`),
  KEY `data` (`data`)
) ENGINE=MyISAM DEFAULT CHARSET=utf8;

--
-- Dumping data for table `field_user_level`
--


--
-- Table structure for table `field_user_point`
--

CREATE TABLE `field_user_point` (
  `pages_id` int(10) unsigned NOT NULL,
  `data` int(11) NOT NULL,
  PRIMARY KEY  (`pages_id`),
  KEY `data` (`data`)
) ENGINE=MyISAM DEFAULT CHARSET=utf8;

--
-- Dumping data for table `field_user_point`
--


--
-- Table structure for table `field_user_state`
--

CREATE TABLE `field_user_state` (
  `pages_id` int(10) unsigned NOT NULL,
  `data` int(11) NOT NULL,
  PRIMARY KEY  (`pages_id`),
  KEY `data` (`data`)
) ENGINE=MyISAM DEFAULT CHARSET=utf8;

--
-- Dumping data for table `field_user_state`
--


--
-- Table structure for table `field_view_count`
--

CREATE TABLE `field_view_count` (
  `pages_id` int(10) unsigned NOT NULL,
  `data` int(11) NOT NULL,
  PRIMARY KEY  (`pages_id`),
  KEY `data` (`data`)
) ENGINE=MyISAM DEFAULT CHARSET=utf8;

--
-- Dumping data for table `field_view_count`
--


--
-- Table structure for table `field_zip_code`
--

CREATE TABLE `field_zip_code` (
  `pages_id` int(10) unsigned NOT NULL,
  `data` text NOT NULL,
  PRIMARY KEY  (`pages_id`),
  KEY `data_exact` (`data`(255)),
  FULLTEXT KEY `data` (`data`)
) ENGINE=MyISAM DEFAULT CHARSET=utf8;

--
-- Dumping data for table `field_zip_code`
--


--
-- Table structure for table `fieldgroups`
--

CREATE TABLE `fieldgroups` (
  `id` int(10) unsigned NOT NULL auto_increment,
  `name` varchar(255) character set ascii NOT NULL,
  PRIMARY KEY  (`id`),
  UNIQUE KEY `name` (`name`)
) ENGINE=MyISAM AUTO_INCREMENT=114 DEFAULT CHARSET=utf8;

--
-- Dumping data for table `fieldgroups`
--

INSERT INTO `fieldgroups` VALUES (2,'admin'),(3,'user'),(4,'role'),(5,'permission'),(1,'index'),(88,'sitemap'),(83,'basic-page'),(80,'search'),(97,'blank-page'),(98,'content'),(99,'site-settings'),(100,'ajax-headLogo'),(101,'url-item'),(102,'ajax-initial'),(110,'image-item'),(105,'layout'),(106,'ajax-layout'),(107,'ajax-buttons'),(108,'button'),(109,'layout-item'),(111,'ajax-contact'),(112,'ajax-modal'),(113,'collection');

--
-- Table structure for table `fieldgroups_fields`
--

CREATE TABLE `fieldgroups_fields` (
  `fieldgroups_id` int(10) unsigned NOT NULL default '0',
  `fields_id` int(10) unsigned NOT NULL default '0',
  `sort` int(11) unsigned NOT NULL default '0',
  `data` text,
  PRIMARY KEY  (`fieldgroups_id`,`fields_id`)
) ENGINE=MyISAM DEFAULT CHARSET=utf8;

--
-- Dumping data for table `fieldgroups_fields`
--

INSERT INTO `fieldgroups_fields` VALUES (2,2,1,''),(2,1,0,''),(3,3,3,''),(3,4,6,''),(4,5,0,''),(5,1,0,''),(3,92,4,''),(3,109,18,''),(3,110,17,''),(3,107,16,''),(98,145,1,''),(80,1,0,''),(83,76,2,''),(98,136,2,''),(1,1,0,''),(83,1,0,''),(83,78,1,''),(111,1,0,''),(88,1,0,''),(3,111,15,''),(3,108,14,''),(3,99,13,''),(3,101,12,''),(3,103,11,''),(3,105,10,''),(3,106,9,''),(3,104,8,''),(3,102,7,''),(3,100,5,''),(3,98,2,''),(3,97,1,''),(3,1,0,''),(97,1,0,''),(112,1,0,''),(99,112,1,''),(99,1,0,''),(99,121,2,''),(100,1,0,''),(101,122,1,''),(101,1,0,''),(102,1,0,''),(105,1,0,''),(105,138,1,''),(109,139,2,'{\"columnWidth\":20}'),(98,144,3,''),(1,130,1,''),(101,130,2,''),(106,1,0,''),(107,1,0,''),(108,133,1,'{\"required\":1}'),(108,131,2,''),(108,132,3,''),(108,1,0,''),(108,134,4,''),(98,123,6,'{\"required\":1}'),(110,142,2,''),(110,141,1,''),(109,136,1,'{\"columnWidth\":50}'),(98,76,4,''),(98,119,5,''),(109,129,4,'{\"columnWidth\":30}'),(98,1,0,''),(110,1,0,''),(105,143,2,''),(109,146,5,'{\"columnWidth\":30}'),(109,128,3,'{\"columnWidth\":20}'),(113,123,1,'{\"required\":1}'),(113,1,0,''),(109,1,0,'{\"columnWidth\":50}'),(98,143,7,''),(98,148,8,NULL),(109,143,6,''),(109,147,7,NULL);

--
-- Table structure for table `fields`
--

CREATE TABLE `fields` (
  `id` int(10) unsigned NOT NULL auto_increment,
  `type` varchar(128) character set ascii NOT NULL,
  `name` varchar(255) character set ascii NOT NULL,
  `flags` int(11) NOT NULL default '0',
  `label` varchar(255) NOT NULL default '',
  `data` text NOT NULL,
  PRIMARY KEY  (`id`),
  UNIQUE KEY `name` (`name`),
  KEY `type` (`type`)
) ENGINE=MyISAM AUTO_INCREMENT=149 DEFAULT CHARSET=utf8;

--
-- Dumping data for table `fields`
--

INSERT INTO `fields` VALUES (1,'FieldtypePageTitle','title',13,'Title','{\"required\":1,\"textformatters\":[\"TextformatterEntities\"],\"size\":0,\"maxlength\":255}'),(2,'FieldtypeModule','process',25,'Process','{\"description\":\"The process that is executed on this page. Since this is mostly used by ProcessWire internally, it is recommended that you don\'t change the value of this unless adding your own pages in the admin.\",\"collapsed\":1,\"required\":1,\"moduleTypes\":[\"Process\"],\"permanent\":1}'),(3,'FieldtypePassword','pass',24,'Set Password','{\"collapsed\":1,\"size\":50,\"maxlength\":128}'),(5,'FieldtypePage','permissions',24,'Permissions','{\"derefAsPage\":0,\"parent_id\":31,\"labelFieldName\":\"title\",\"inputfield\":\"InputfieldCheckboxes\"}'),(4,'FieldtypePage','roles',24,'Roles','{\"derefAsPage\":0,\"parent_id\":30,\"labelFieldName\":\"name\",\"inputfield\":\"InputfieldCheckboxes\",\"description\":\"User will inherit the permissions assigned to each role. You may assign multiple roles to a user. When accessing a page, the user will only inherit permissions from the roles that are also assigned to the page\'s template.\"}'),(92,'FieldtypeEmail','email',9,'E-Mail Address','{\"size\":70,\"maxlength\":255}'),(139,'FieldtypeText','layout_item_class',0,'class for Layout item','{\"size\":0,\"maxlength\":2048,\"tags\":\"layout\"}'),(144,'FieldtypeText','title_icon',0,'Title icon class',''),(145,'FieldtypePageTitle','title_html',1,'Title including html','{\"size\":0,\"maxlength\":255}'),(146,'FieldtypePage','layout_item_collection',0,'Layout item collection','{\"derefAsPage\":0,\"parent_id\":1165,\"labelFieldName\":\"title\",\"inputfield\":\"InputfieldAsmSelect\",\"tags\":\"layout\"}'),(138,'FieldtypePageTable','layout_item_table',0,'Layout item table','{\"template_id\":[55],\"parent_id\":0,\"trashOnDelete\":0,\"unpubOnTrash\":0,\"unpubOnUnpub\":0,\"columns\":\"title\\r\\ntitle_description\\r\\nlayout_item_class\\r\\nlayout_item_type\",\"tags\":\"layout\"}'),(76,'FieldtypeTextarea','body',0,'Body','{\"inputfieldClass\":\"InputfieldTextarea\",\"rows\":10,\"theme_advanced_buttons1\":\"formatselect,|,bold,italic,|,bullist,numlist,|,link,unlink,|,image,|,code,|,fullscreen\",\"theme_advanced_blockformats\":\"p,h2,h3,h4,blockquote,pre\",\"plugins\":\"inlinepopups,safari,media,paste,fullscreen\",\"valid_elements\":\"@[id|class],a[href|target|name],strong\\/b,em\\/i,br,img[src|id|class|width|height|alt],ul,ol,li,p[class],h2,h3,h4,blockquote,-p,-table[border=0|cellspacing|cellpadding|width|frame|rules|height|align|summary|bgcolor|background|bordercolor],-tr[rowspan|width|height|align|valign|bgcolor|background|bordercolor],tbody,thead,tfoot,#td[colspan|rowspan|width|height|align|valign|bgcolor|background|bordercolor|scope],#th[colspan|rowspan|width|height|align|valign|scope],code,pre,div\",\"contentType\":0,\"toolbar\":\"Format, Styles, -, Bold, Italic, -, RemoveFormat\\r\\nNumberedList, BulletedList, -, Blockquote\\r\\nPWLink, Unlink, Anchor\\r\\nPWImage, Table, HorizontalRule, SpecialChar\\r\\nPasteText, PasteFromWord\\r\\nScayt, -, Sourcedialog\",\"inlineMode\":0,\"useACF\":0,\"usePurifier\":0,\"formatTags\":\"p;h1;h2;h3;h4;h5;h6;pre;address\",\"extraPlugins\":[\"pwimage\",\"pwlink\",\"sourcedialog\"],\"removePlugins\":\"image,magicline\"}'),(78,'FieldtypeText','headline',0,'Headline','{\"description\":\"Use this instead of the Title if a longer headline is needed than what you want to appear in navigation.\",\"textformatters\":[\"TextformatterEntities\"],\"collapsed\":2,\"size\":0,\"maxlength\":1024}'),(97,'FieldtypeText','real_name',0,'User real name','{\"size\":0,\"maxlength\":255,\"tags\":\"profile\"}'),(98,'FieldtypeText','nick_name',0,'User nick name','{\"size\":0,\"maxlength\":255,\"tags\":\"profile\"}'),(99,'FieldtypeText','phone_number',0,'phone number','{\"size\":0,\"maxlength\":255,\"tags\":\"profile\"}'),(100,'FieldtypeEmail','email_sub',0,'Sub email','{\"size\":0,\"maxlength\":255,\"tags\":\"profile\"}'),(101,'FieldtypeText','zip_code',0,'우편번호','{\"size\":0,\"maxlength\":255,\"tags\":\"profile\"}'),(102,'FieldtypeText','address',0,'주소','{\"size\":0,\"maxlength\":255,\"tags\":\"profile\"}'),(103,'FieldtypeText','address_sub',0,'주소 sub','{\"size\":0,\"maxlength\":255,\"tags\":\"profile\"}'),(104,'FieldtypeText','address_city',0,'주소 city','{\"size\":0,\"maxlength\":255,\"tags\":\"profile\"}'),(105,'FieldtypeText','address_state',0,'주소 주','{\"size\":0,\"maxlength\":255,\"tags\":\"profile\"}'),(106,'FieldtypeText','address_country',0,'주소 국가','{\"size\":0,\"maxlength\":255,\"tags\":\"profile\"}'),(107,'FieldtypeInteger','user_point',0,'유저 포인트','{\"inputType\":\"text\",\"tags\":\"profile\"}'),(108,'FieldtypeText','user_ip',0,'유저 ip 주소','{\"size\":0,\"maxlength\":2048,\"tags\":\"profile\"}'),(109,'FieldtypeDatetime','registered_date',0,'유저 가입일','{\"size\":25,\"datepicker\":0,\"_dateInputFormat\":\"Y-m-d\",\"dateInputFormat\":\"Y-m-d\",\"tags\":\"profile\"}'),(110,'FieldtypeInteger','user_state',0,'유저 상태','{\"inputType\":\"text\",\"tags\":\"profile\"}'),(111,'FieldtypeInteger','user_level',0,'유저 등급','{\"inputType\":\"text\",\"tags\":\"profile\"}'),(112,'FieldtypeText','site_name',0,'사이트 이름','{\"size\":0,\"maxlength\":255,\"tags\":\"site\"}'),(113,'FieldtypeText','corp_name',0,'회사 이름','{\"size\":0,\"maxlength\":255,\"tags\":\"site\"}'),(114,'FieldtypeText','corp_num',0,'사업자 번호','{\"size\":0,\"maxlength\":255,\"tags\":\"site\"}'),(115,'FieldtypeTextarea','gp_detail',0,'그룹 설명','{\"inputfieldClass\":\"InputfieldTextarea\",\"contentType\":0,\"rows\":5,\"tags\":\"group\"}'),(116,'FieldtypeInteger','gp_register_type',0,'그룹 가입 타입','{\"inputType\":\"text\",\"tags\":\"group\"}'),(117,'FieldtypeDatetime','group_created',0,'그룹 생성일','{\"size\":25,\"datepicker\":0,\"_dateInputFormat\":\"Y-m-d\",\"dateInputFormat\":\"Y-m-d\",\"tags\":\"group\"}'),(118,'FieldtypeInteger','group_state',0,'그룹 상태','{\"inputType\":\"text\",\"tags\":\"group\"}'),(119,'FieldtypeInteger','view_count',0,'view counter',''),(120,'FieldtypeInteger','content_type',0,'content type',''),(121,'FieldtypeImage','site_logos',0,'Site logos','{\"extensions\":\"gif jpg jpeg png\",\"maxFiles\":0,\"inputfieldClass\":\"InputfieldImage\",\"descriptionRows\":1,\"defaultGrid\":0,\"tags\":\"site\",\"fileSchema\":2}'),(122,'FieldtypeText','url_type',0,'url type',''),(123,'FieldtypePage','content_category',0,'content category','{\"derefAsPage\":1,\"parent_id\":0,\"labelFieldName\":\"title\",\"inputfield\":\"InputfieldSelect\",\"findPagesSelector\":\"template=url-item|index\"}'),(143,'FieldtypePage','image_pages',0,'image pages pointed to','{\"derefAsPage\":0,\"parent_id\":1118,\"labelFieldName\":\"title\",\"inputfield\":\"InputfieldAsmSelect\",\"tags\":\"image\"}'),(141,'FieldtypeImage','image',0,'single image','{\"extensions\":\"gif jpg jpeg png\",\"maxFiles\":1,\"outputFormat\":0,\"defaultValuePage\":0,\"useTags\":1,\"inputfieldClass\":\"InputfieldImage\",\"descriptionRows\":1,\"defaultGrid\":0,\"tags\":\"image\",\"fileSchema\":3}'),(142,'FieldtypeText','image_style_bg',0,'image style for background','{\"size\":0,\"maxlength\":2048,\"tags\":\"image\"}'),(128,'FieldtypeText','layout_item_type',0,'Layout item type','{\"size\":0,\"maxlength\":255,\"tags\":\"layout\"}'),(129,'FieldtypePage','layout_item_content',0,'layout item content','{\"derefAsPage\":0,\"parent_id\":1006,\"labelFieldName\":\"title\",\"inputfield\":\"InputfieldAsmSelect\",\"size\":10,\"tags\":\"layout\"}'),(130,'FieldtypePage','layout',0,'Layout page id','{\"derefAsPage\":1,\"parent_id\":1035,\"labelFieldName\":\"title\",\"inputfield\":\"InputfieldSelect\",\"tags\":\"layout\"}'),(131,'FieldtypeText','button_color',0,'button color class','{\"size\":0,\"maxlength\":255,\"tags\":\"button\"}'),(132,'FieldtypePage','button_link',0,'button link to','{\"derefAsPage\":1,\"parent_id\":0,\"labelFieldName\":\"title\",\"inputfield\":\"InputfieldSelect\",\"template_id\":47}'),(133,'FieldtypeInteger','button_state',0,'1 => loggedout, 2 => loggedin, 3 => both','{\"inputType\":\"text\",\"tags\":\"button\"}'),(134,'FieldtypeText','button_data',0,'button data attribute','{\"size\":0,\"maxlength\":255,\"tags\":\"button\"}'),(136,'FieldtypeText','title_description',0,'title description','{\"size\":0,\"maxlength\":255}'),(147,'FieldtypeText','layout_image_tag',0,'Layout image tag','{\"description\":\"Get an image by a tag for the layout\"}'),(148,'FieldtypeURL','content_url',0,'Content external url','');

--
-- Table structure for table `modules`
--

CREATE TABLE `modules` (
  `id` int(10) unsigned NOT NULL auto_increment,
  `class` varchar(128) character set ascii NOT NULL,
  `flags` int(11) NOT NULL default '0',
  `data` text NOT NULL,
  `created` timestamp NOT NULL default '0000-00-00 00:00:00',
  PRIMARY KEY  (`id`),
  UNIQUE KEY `class` (`class`)
) ENGINE=MyISAM AUTO_INCREMENT=163 DEFAULT CHARSET=utf8;

--
-- Dumping data for table `modules`
--

INSERT INTO `modules` VALUES (1,'FieldtypeTextarea',0,'','0000-00-00 00:00:00'),(2,'FieldtypeNumber',0,'','0000-00-00 00:00:00'),(3,'FieldtypeText',0,'','0000-00-00 00:00:00'),(4,'FieldtypePage',0,'','0000-00-00 00:00:00'),(30,'InputfieldForm',0,'','0000-00-00 00:00:00'),(6,'FieldtypeFile',0,'','0000-00-00 00:00:00'),(7,'ProcessPageEdit',1,'','0000-00-00 00:00:00'),(10,'ProcessLogin',0,'','0000-00-00 00:00:00'),(12,'ProcessPageList',0,'{\"pageLabelField\":\"title\",\"paginationLimit\":25,\"limit\":50}','0000-00-00 00:00:00'),(121,'ProcessPageEditLink',1,'','0000-00-00 00:00:00'),(14,'ProcessPageSort',0,'','0000-00-00 00:00:00'),(15,'InputfieldPageListSelect',0,'','0000-00-00 00:00:00'),(117,'JqueryUI',1,'','0000-00-00 00:00:00'),(17,'ProcessPageAdd',0,'','0000-00-00 00:00:00'),(125,'SessionLoginThrottle',3,'','0000-00-00 00:00:00'),(122,'InputfieldPassword',0,'','0000-00-00 00:00:00'),(25,'InputfieldAsmSelect',0,'','0000-00-00 00:00:00'),(116,'JqueryCore',1,'','0000-00-00 00:00:00'),(27,'FieldtypeModule',0,'','0000-00-00 00:00:00'),(28,'FieldtypeDatetime',0,'','0000-00-00 00:00:00'),(29,'FieldtypeEmail',0,'','0000-00-00 00:00:00'),(108,'InputfieldURL',0,'','0000-00-00 00:00:00'),(32,'InputfieldSubmit',0,'','0000-00-00 00:00:00'),(33,'InputfieldWrapper',0,'','0000-00-00 00:00:00'),(34,'InputfieldText',0,'','0000-00-00 00:00:00'),(35,'InputfieldTextarea',0,'','0000-00-00 00:00:00'),(36,'InputfieldSelect',0,'','0000-00-00 00:00:00'),(37,'InputfieldCheckbox',0,'','0000-00-00 00:00:00'),(38,'InputfieldCheckboxes',0,'','0000-00-00 00:00:00'),(39,'InputfieldRadios',0,'','0000-00-00 00:00:00'),(40,'InputfieldHidden',0,'','0000-00-00 00:00:00'),(41,'InputfieldName',0,'','0000-00-00 00:00:00'),(43,'InputfieldSelectMultiple',0,'','0000-00-00 00:00:00'),(45,'JqueryWireTabs',0,'','0000-00-00 00:00:00'),(46,'ProcessPage',0,'','0000-00-00 00:00:00'),(47,'ProcessTemplate',0,'','0000-00-00 00:00:00'),(48,'ProcessField',0,'','0000-00-00 00:00:00'),(50,'ProcessModule',0,'','0000-00-00 00:00:00'),(114,'PagePermissions',3,'','0000-00-00 00:00:00'),(97,'FieldtypeCheckbox',1,'','0000-00-00 00:00:00'),(115,'PageRender',3,'{\"clearCache\":1}','0000-00-00 00:00:00'),(55,'InputfieldFile',0,'','0000-00-00 00:00:00'),(56,'InputfieldImage',0,'','0000-00-00 00:00:00'),(57,'FieldtypeImage',0,'','0000-00-00 00:00:00'),(60,'InputfieldPage',0,'{\"inputfieldClasses\":[\"InputfieldSelect\",\"InputfieldSelectMultiple\",\"InputfieldCheckboxes\",\"InputfieldRadios\",\"InputfieldAsmSelect\",\"InputfieldPageListSelect\",\"InputfieldPageListSelectMultiple\"]}','0000-00-00 00:00:00'),(61,'TextformatterEntities',0,'','0000-00-00 00:00:00'),(66,'ProcessUser',0,'{\"showFields\":[\"name\",\"email\",\"roles\"]}','0000-00-00 00:00:00'),(67,'MarkupAdminDataTable',0,'','0000-00-00 00:00:00'),(68,'ProcessRole',0,'{\"showFields\":[\"name\"]}','0000-00-00 00:00:00'),(76,'ProcessList',0,'','0000-00-00 00:00:00'),(78,'InputfieldFieldset',0,'','0000-00-00 00:00:00'),(79,'InputfieldMarkup',0,'','0000-00-00 00:00:00'),(80,'InputfieldEmail',0,'','0000-00-00 00:00:00'),(89,'FieldtypeFloat',1,'','0000-00-00 00:00:00'),(83,'ProcessPageView',0,'','0000-00-00 00:00:00'),(84,'FieldtypeInteger',0,'','0000-00-00 00:00:00'),(85,'InputfieldInteger',0,'','0000-00-00 00:00:00'),(86,'InputfieldPageName',0,'','0000-00-00 00:00:00'),(87,'ProcessHome',0,'','0000-00-00 00:00:00'),(90,'InputfieldFloat',0,'','0000-00-00 00:00:00'),(94,'InputfieldDatetime',0,'','0000-00-00 00:00:00'),(98,'MarkupPagerNav',0,'','0000-00-00 00:00:00'),(129,'ProcessPageEditImageSelect',1,'','0000-00-00 00:00:00'),(103,'JqueryTableSorter',1,'','0000-00-00 00:00:00'),(104,'ProcessPageSearch',1,'{\"searchFields\":\"title\",\"displayField\":\"title path\"}','0000-00-00 00:00:00'),(105,'FieldtypeFieldsetOpen',1,'','0000-00-00 00:00:00'),(106,'FieldtypeFieldsetClose',1,'','0000-00-00 00:00:00'),(107,'FieldtypeFieldsetTabOpen',1,'','0000-00-00 00:00:00'),(109,'ProcessPageTrash',1,'','0000-00-00 00:00:00'),(111,'FieldtypePageTitle',1,'','0000-00-00 00:00:00'),(112,'InputfieldPageTitle',0,'','0000-00-00 00:00:00'),(113,'MarkupPageArray',3,'','0000-00-00 00:00:00'),(131,'InputfieldButton',0,'','0000-00-00 00:00:00'),(133,'FieldtypePassword',1,'','0000-00-00 00:00:00'),(134,'ProcessPageType',1,'{\"showFields\":[]}','0000-00-00 00:00:00'),(135,'FieldtypeURL',1,'','0000-00-00 00:00:00'),(136,'ProcessPermission',1,'{\"showFields\":[\"name\",\"title\"]}','0000-00-00 00:00:00'),(137,'InputfieldPageListSelectMultiple',0,'','0000-00-00 00:00:00'),(138,'ProcessProfile',1,'{\"profileFields\":[\"pass\",\"email\"]}','0000-00-00 00:00:00'),(139,'SystemUpdater',1,'{\"systemVersion\":8}','0000-00-00 00:00:00'),(148,'AdminThemeDefault',2,'{\"colors\":\"warm\"}','0000-00-00 00:00:00'),(149,'JqueryMagnific',1,'','0000-00-00 00:00:00'),(151,'ProcessPageDelete',3,'','0000-00-00 00:00:00'),(153,'FieldtypeRepeater',3,'{\"repeatersRootPageID\":1036}','0000-00-00 00:00:00'),(154,'InputfieldRepeater',0,'','0000-00-00 00:00:00'),(155,'ProcessSelectorTest',1,'','0000-00-00 00:00:00'),(156,'ProcessExportProfile',1,'','0000-00-00 00:00:00'),(157,'InputfieldSelector',2,'','0000-00-00 00:00:00'),(158,'ProcessPageLister',0,'','0000-00-00 00:00:00'),(159,'InputfieldCKEditor',0,'','2014-09-27 14:46:15'),(160,'MarkupHTMLPurifier',0,'','2014-09-27 14:46:15'),(161,'FieldtypePageTable',3,'','2014-09-28 15:52:46'),(162,'InputfieldPageTable',0,'','2014-09-28 15:52:46');

--
-- Table structure for table `pages`
--

CREATE TABLE `pages` (
  `id` int(10) unsigned NOT NULL auto_increment,
  `parent_id` int(11) unsigned NOT NULL default '0',
  `templates_id` int(11) unsigned NOT NULL default '0',
  `name` varchar(128) character set ascii NOT NULL,
  `status` int(10) unsigned NOT NULL default '1',
  `modified` timestamp NOT NULL default CURRENT_TIMESTAMP,
  `modified_users_id` int(10) unsigned NOT NULL default '2',
  `created` timestamp NOT NULL default '0000-00-00 00:00:00',
  `created_users_id` int(10) unsigned NOT NULL default '2',
  `sort` int(11) NOT NULL default '0',
  PRIMARY KEY  (`id`),
  UNIQUE KEY `name_parent_id` (`name`,`parent_id`),
  KEY `parent_id` (`parent_id`),
  KEY `templates_id` (`templates_id`),
  KEY `modified` (`modified`),
  KEY `created` (`created`),
  KEY `status` (`status`)
) ENGINE=MyISAM AUTO_INCREMENT=1232 DEFAULT CHARSET=utf8;

--
-- Dumping data for table `pages`
--

INSERT INTO `pages` VALUES (1,0,1,'home',9,'2014-09-27 14:50:52',41,'0000-00-00 00:00:00',2,0),(2,1,2,'admin',1035,'2014-11-14 21:43:36',40,'0000-00-00 00:00:00',2,5),(3,2,2,'page',21,'2011-03-29 12:37:06',41,'0000-00-00 00:00:00',2,0),(6,3,2,'add',1045,'2011-03-29 12:37:06',41,'0000-00-00 00:00:00',2,0),(7,1,2,'trash',1039,'2011-08-14 13:04:52',41,'2010-02-06 20:29:39',2,6),(8,3,2,'list',21,'2011-03-29 12:37:06',41,'0000-00-00 00:00:00',2,1),(9,3,2,'sort',1047,'2011-03-29 12:37:06',41,'0000-00-00 00:00:00',2,2),(10,3,2,'edit',1045,'2011-03-29 12:37:06',41,'0000-00-00 00:00:00',2,3),(11,22,2,'template',21,'2011-03-29 12:37:06',41,'2010-02-01 02:04:54',2,0),(16,22,2,'field',21,'2011-03-29 12:37:06',41,'2010-02-01 03:44:07',2,2),(21,2,2,'module',21,'2011-03-29 12:37:06',41,'2010-02-02 01:02:24',2,2),(22,2,2,'setup',21,'2011-03-29 12:37:06',41,'2010-02-09 03:16:59',2,1),(23,2,2,'login',1035,'2011-05-03 14:38:10',41,'2010-02-17 00:59:39',2,4),(27,1,29,'http404',1035,'2011-08-14 13:04:52',41,'2010-06-02 21:53:03',3,22),(28,2,2,'access',13,'2011-05-03 14:38:10',41,'2011-03-19 10:14:20',2,3),(29,28,2,'users',29,'2011-04-04 15:39:08',41,'2011-03-19 10:15:29',2,0),(30,28,2,'roles',29,'2011-04-04 15:38:39',41,'2011-03-19 10:15:45',2,1),(31,28,2,'permissions',29,'2011-04-04 15:53:52',41,'2011-03-19 10:16:00',2,2),(32,31,5,'page-edit',25,'2011-09-06 06:34:24',41,'2011-03-19 10:17:03',2,2),(34,31,5,'page-delete',25,'2011-09-06 06:34:33',41,'2011-03-19 10:17:23',2,3),(35,31,5,'page-move',25,'2011-09-06 06:34:48',41,'2011-03-19 10:17:41',2,4),(36,31,5,'page-view',25,'2011-09-06 06:34:14',41,'2011-03-19 10:17:57',2,0),(37,30,4,'guest',25,'2011-04-04 16:37:19',41,'2011-03-19 10:18:41',2,0),(38,30,4,'superuser',25,'2011-08-17 05:34:39',41,'2011-03-19 10:18:55',2,1),(41,29,3,'admin',1,'2014-11-17 02:39:29',41,'2011-03-19 10:41:26',2,0),(40,29,3,'guest',25,'2011-08-17 05:26:09',41,'2011-03-20 08:31:59',2,1),(50,31,5,'page-sort',25,'2011-09-06 06:34:58',41,'2011-03-26 13:04:50',41,5),(51,31,5,'page-template',25,'2011-09-06 06:35:09',41,'2011-03-26 13:25:31',41,6),(52,31,5,'user-admin',25,'2011-09-06 06:35:42',41,'2011-03-29 15:06:47',41,10),(53,31,5,'profile-edit',1,'2011-08-16 13:32:48',41,'2011-04-25 15:02:22',41,13),(54,31,5,'page-lock',1,'2011-08-15 08:48:12',41,'2011-08-15 08:45:48',41,8),(300,3,2,'search',1045,'2011-03-29 12:37:06',41,'2010-08-03 20:23:59',2,5),(301,3,2,'trash',1047,'2011-03-29 12:37:06',41,'2010-09-27 20:39:30',2,5),(302,3,2,'link',1041,'2011-03-29 12:37:06',41,'2010-09-30 20:03:56',2,6),(303,3,2,'image',1041,'2011-03-29 12:37:06',41,'2010-10-12 18:56:48',2,7),(304,2,2,'profile',1025,'2011-05-03 14:38:10',41,'2011-04-25 14:57:18',41,5),(1000,1,26,'search',1025,'2011-08-31 10:17:38',41,'2010-09-05 20:05:28',2,13),(1143,1006,44,'content-1143',1,'2014-11-28 02:23:26',41,'2014-10-29 06:36:49',41,19),(1018,1,47,'contact',1,'2014-08-05 15:37:54',41,'2014-07-31 11:40:19',41,8),(1016,1,47,'features',1,'2014-10-28 05:15:10',41,'2014-07-31 11:39:08',41,3),(1006,1,43,'contents-container',1025,'2014-07-30 17:02:36',41,'2014-07-30 15:28:32',41,14),(1007,1,43,'settings',1025,'2014-07-31 09:27:27',41,'2014-07-30 15:29:24',41,17),(1008,1007,45,'site-settings',1025,'2014-09-27 14:45:47',41,'2014-07-31 09:27:15',41,0),(1009,1,43,'ajax_fetch',1025,'2014-07-31 09:38:11',41,'2014-07-31 09:37:58',41,19),(1010,1009,46,'ajax-headlogo',1025,'2014-08-02 08:34:54',41,'2014-07-31 09:40:34',41,0),(1110,1006,44,'content-1110',1,'2014-11-26 11:55:29',41,'2014-09-27 15:35:03',41,5),(1013,3,2,'delete',1025,'2014-07-31 11:06:07',41,'2014-07-31 11:06:07',41,8),(1145,1006,44,'content-1145',1,'2014-10-29 06:38:49',41,'2014-10-29 06:38:23',41,20),(1142,1006,44,'content-1142',1,'2014-11-28 02:29:20',41,'2014-10-29 06:35:44',41,18),(1021,1009,48,'ajax-initial',1025,'2014-08-04 03:36:40',41,'2014-07-31 13:16:27',41,1),(1097,22,2,'selector-test',1,'2014-08-04 14:54:30',41,'2014-08-04 14:54:30',41,2),(1166,1165,59,'announcement',1,'2014-11-03 02:36:36',41,'2014-11-03 02:36:30',41,0),(1035,1,43,'layout-container',1025,'2014-10-27 07:54:47',41,'2014-08-02 05:13:52',41,16),(1036,2,2,'repeaters',1036,'2014-08-02 05:15:13',41,'2014-08-02 05:15:13',41,6),(1038,1035,51,'home',1,'2014-12-29 03:27:14',41,'2014-08-02 05:27:56',41,0),(1146,1006,44,'content-1146',1,'2014-10-29 06:39:23',41,'2014-10-29 06:39:05',41,22),(1147,1006,44,'content-1147',1,'2014-10-29 06:39:56',41,'2014-10-29 06:39:40',41,23),(1111,1006,44,'content-1111',1,'2014-11-02 03:35:28',41,'2014-09-27 15:36:07',41,6),(1112,1006,44,'content-1112',1,'2014-11-26 11:58:32',41,'2014-09-27 15:37:08',41,7),(1101,1006,44,'content-1101',1,'2014-11-02 03:33:44',41,'2014-08-06 10:57:03',41,3),(1117,1038,55,'features',1,'2014-11-18 05:11:17',41,'2014-09-28 16:23:41',41,1),(1150,1006,44,'content-1150',1,'2014-11-26 11:06:26',41,'2014-10-29 07:01:42',41,25),(1148,1038,55,'faq',1,'2014-10-29 06:56:37',41,'2014-10-29 06:41:10',41,4),(1049,1009,52,'ajax-layout',1025,'2014-08-02 08:34:26',41,'2014-08-02 08:34:20',41,2),(1139,1006,44,'content-1139',1,'2015-05-28 06:30:46',41,'2014-10-29 06:20:43',41,16),(1144,1006,44,'content-1144',1,'2014-10-29 06:37:57',41,'2014-10-29 06:37:25',41,21),(1118,1,43,'image-container',1025,'2014-10-01 02:16:57',41,'2014-10-01 02:16:48',41,15),(1119,1118,56,'landing-bg',1,'2014-10-25 14:31:55',41,'2014-10-01 02:24:19',41,0),(1120,1118,56,'solid-lt-grey',1,'2014-10-29 05:51:58',41,'2014-10-01 03:39:53',41,1),(1121,1118,56,'img-1121',1,'2014-12-29 03:30:24',41,'2014-10-01 03:42:55',41,3),(1122,1118,56,'img-1122',1,'2014-12-29 03:30:38',41,'2014-10-01 04:24:51',41,4),(1123,1,47,'testimonials',1,'2014-10-01 04:31:41',41,'2014-10-01 04:31:34',41,4),(1124,1038,55,'testimonials',1,'2014-12-29 03:30:06',41,'2014-10-01 04:42:13',41,2),(1125,1006,44,'testimonials-aviation',1,'2015-01-19 02:24:22',41,'2014-10-01 04:53:08',41,9),(1126,1006,44,'testimonials-bromide',1,'2015-01-19 02:24:44',41,'2014-10-01 04:54:55',41,10),(1127,1006,44,'testimonials-tfnews',1,'2015-01-19 02:26:52',41,'2014-10-01 04:59:51',41,11),(1128,1006,44,'testimonials-graphy',1,'2015-01-19 02:28:12',41,'2014-10-01 05:02:07',41,12),(1129,1038,55,'our-clients',1,'2014-12-29 03:29:36',41,'2014-10-01 10:53:07',41,6),(1130,1006,44,'our-clients',1,'2014-12-18 06:39:24',41,'2014-10-01 10:56:04',41,27),(1131,1,47,'price',1,'2014-10-28 05:39:31',41,'2014-10-25 06:30:15',41,5),(1132,1,47,'faq',1,'2014-10-28 05:39:42',41,'2014-10-25 06:31:05',41,6),(1133,1,47,'news',1,'2014-10-28 05:40:11',41,'2014-10-25 06:31:45',41,7),(1134,1118,56,'solid-white',1,'2014-10-27 05:29:46',41,'2014-10-27 05:29:39',41,2),(1135,1118,56,'img-1135',1,'2014-12-29 03:30:52',41,'2014-10-29 05:47:55',41,5),(1141,1038,55,'price',1,'2014-10-29 06:28:29',41,'2014-10-29 06:27:47',41,3),(1137,1006,44,'content-1137',1,'2015-05-28 06:29:01',41,'2014-10-29 06:16:59',41,14),(1138,1006,44,'content-1138',1,'2015-05-28 06:30:24',41,'2014-10-29 06:19:03',41,15),(1086,1,43,'button-list',1025,'2014-08-04 12:23:24',41,'2014-08-04 11:28:29',41,18),(1085,1009,53,'ajax-buttons',1025,'2014-08-04 11:19:32',41,'2014-08-04 11:19:22',41,3),(1088,1086,54,'btn-logout',1025,'2014-08-04 14:56:16',41,'2014-08-04 12:05:04',41,0),(1089,1086,54,'btn-profile',1025,'2014-08-04 14:56:27',41,'2014-08-04 12:05:58',41,1),(1090,1086,54,'btn-admin',1025,'2014-08-04 14:56:37',41,'2014-08-04 12:14:14',41,2),(1091,1086,54,'btn-notice',1025,'2014-08-04 14:56:47',41,'2014-08-04 12:15:28',41,3),(1098,22,2,'export-site-profile',1,'2014-08-05 12:45:58',41,'2014-08-05 12:45:58',41,3),(1096,1086,54,'btn-register',1025,'2014-08-04 14:57:16',41,'2014-08-04 12:22:39',41,5),(1095,1086,54,'btn-login',1025,'2014-08-04 14:57:07',41,'2014-08-04 12:21:49',41,4),(1105,1006,44,'who-we-are',1,'2014-12-14 07:06:56',41,'2014-08-06 12:52:24',41,2),(1149,1038,55,'news',1,'2014-11-03 03:00:38',41,'2014-10-29 06:58:23',41,5),(1140,1006,44,'content-1140',1,'2015-05-28 06:31:12',41,'2014-10-29 06:21:46',41,17),(1107,31,5,'page-lister',1,'2014-09-27 09:57:19',40,'2014-09-27 09:57:19',40,9),(1108,3,2,'lister',1,'2014-09-27 09:57:19',40,'2014-09-27 09:57:19',40,9),(1109,1006,44,'content-1109',1,'2014-11-02 03:34:33',41,'2014-09-27 15:33:20',41,4),(1113,1006,44,'content-1113',1,'2014-11-26 12:01:24',41,'2014-09-27 15:37:51',41,8),(1116,1038,55,'landing',1,'2014-12-17 05:47:45',41,'2014-09-28 16:19:37',41,0),(1151,1118,56,'logo-aviation',1,'2014-12-29 03:35:03',41,'2014-10-29 12:04:37',41,6),(1152,1118,56,'logo-bromide',1,'2014-12-29 03:35:15',41,'2014-10-29 12:05:36',41,7),(1153,1118,56,'logo-graphy',1,'2014-12-29 03:35:27',41,'2014-10-29 12:06:08',41,8),(1154,1118,56,'logo-taxfinance',1,'2014-12-29 03:35:39',41,'2014-10-29 12:06:48',41,9),(1157,1006,44,'contact-form',1,'2016-08-16 11:11:07',41,'2014-10-31 01:50:56',41,24),(1156,1038,55,'contact',1,'2014-10-31 02:01:41',41,'2014-10-31 01:49:34',41,7),(1158,1009,57,'ajax-contact',1025,'2014-11-01 13:54:10',41,'2014-11-01 13:53:57',41,4),(1159,1133,47,'announcement',1,'2014-11-02 04:58:22',41,'2014-11-02 04:58:00',41,0),(1160,1133,47,'release-notes',1,'2014-11-02 04:58:42',41,'2014-11-02 04:58:37',41,1),(1161,1006,44,'usage',1,'2014-11-03 02:28:12',41,'2014-11-02 05:00:28',41,26),(1162,1006,44,'privacy',1,'2014-11-03 02:28:30',41,'2014-11-02 05:01:37',41,28),(1163,1006,44,'emailpollicy',1,'2014-11-03 02:28:45',41,'2014-11-02 05:02:22',41,29),(1164,1009,58,'ajax-modal',1025,'2014-11-02 05:33:34',41,'2014-11-02 05:28:13',41,5),(1169,1118,56,'announce-taxfinance-0',1,'2014-11-03 02:48:55',41,'2014-11-03 02:48:24',41,12),(1168,1006,44,'contnet-1168',1,'2014-11-03 02:49:16',41,'2014-11-03 02:39:39',41,30),(1167,1165,59,'release-notes',1,'2014-11-03 02:37:01',41,'2014-11-03 02:36:56',41,1),(1165,1,43,'collection-container',1025,'2014-11-03 02:24:57',41,'2014-11-03 02:24:47',41,16),(1170,1118,56,'announce-taxfinance-1',1,'2014-11-04 08:01:27',41,'2014-11-04 08:01:14',41,13),(1171,1006,44,'content-1171',1,'2014-11-04 08:03:18',41,'2014-11-04 08:01:57',41,31),(1172,1118,56,'announce-sheet-1',1,'2014-11-04 08:05:45',41,'2014-11-04 08:05:34',41,14),(1173,1006,44,'content-1173',1,'2014-11-04 08:07:05',41,'2014-11-04 08:06:17',41,32),(1174,1118,56,'img-annoucement-4',1,'2014-11-04 08:11:14',41,'2014-11-04 08:11:03',41,15),(1175,1006,44,'content-1175',1,'2014-11-04 08:13:16',41,'2014-11-04 08:11:41',41,33),(1176,1118,56,'img-annoucement-5-1',1,'2014-11-04 08:15:56',41,'2014-11-04 08:15:42',41,16),(1177,1118,56,'img-annoucement-5-2',1,'2014-11-04 08:16:36',41,'2014-11-04 08:16:27',41,17),(1178,1006,44,'content-1178',1,'2014-11-04 08:17:56',41,'2014-11-04 08:17:10',41,34),(1179,1118,56,'img-annoucement-6',1,'2014-11-04 08:34:53',41,'2014-11-04 08:34:43',41,18),(1180,1006,44,'content-1180',1,'2014-11-04 08:36:55',41,'2014-11-04 08:35:20',41,35),(1181,1118,56,'img-annoucement-7',1,'2014-11-04 08:38:18',41,'2014-11-04 08:38:08',41,19),(1182,1006,44,'content-1182',1,'2014-11-04 08:39:50',41,'2014-11-04 08:39:05',41,36),(1183,1118,56,'img-annoucement-8',1,'2014-11-04 08:41:27',41,'2014-11-04 08:41:19',41,20),(1184,1006,44,'content-1184',1,'2014-11-04 08:42:29',41,'2014-11-04 08:41:55',41,37),(1185,1118,56,'img-annoucement-9',1,'2014-11-04 08:43:57',41,'2014-11-04 08:43:45',41,21),(1186,1006,44,'content-1186',1,'2014-11-04 08:48:55',41,'2014-11-04 08:44:31',41,38),(1187,1118,56,'img-annoucement-10',1,'2014-11-04 08:47:03',41,'2014-11-04 08:46:50',41,22),(1188,1006,44,'content-1188',1,'2014-11-04 08:48:37',41,'2014-11-04 08:47:44',41,39),(1189,1118,56,'img-annoucement-11-1',1,'2014-11-04 08:51:00',41,'2014-11-04 08:50:52',41,23),(1190,1118,56,'img-annoucement-11-2',1,'2014-11-04 08:51:35',41,'2014-11-04 08:51:25',41,24),(1191,1006,44,'content-1191',1,'2014-11-04 08:53:01',41,'2014-11-04 08:52:00',41,40),(1192,1006,44,'content-1192',1,'2014-11-04 08:54:37',41,'2014-11-04 08:54:09',41,41),(1193,1118,56,'img-annoucement-13',1,'2014-11-04 08:55:45',41,'2014-11-04 08:55:37',41,25),(1194,1006,44,'content-1194',1,'2014-11-04 08:56:56',41,'2014-11-04 08:56:16',41,42),(1195,1118,56,'graphypage',1,'2014-12-29 03:33:13',41,'2014-11-17 06:14:50',41,26),(1196,1006,44,'motormagazine',1,'2015-01-19 02:25:12',41,'2014-11-17 06:22:44',41,13),(1197,1118,56,'motormagazine',1,'2014-12-29 03:33:34',41,'2014-11-17 06:24:19',41,27),(1198,7,44,'1198_motormagazine-1',8193,'2014-11-17 06:27:21',41,'2014-11-17 06:25:04',41,41),(1199,1118,56,'logo-motormag',1,'2014-12-29 03:36:35',41,'2014-11-18 03:47:40',41,28),(1200,1006,44,'2014.10.22-zinpack-ver.2.5',1,'2014-11-26 12:05:45',41,'2014-11-26 11:39:37',41,41),(1201,1006,44,'1',1,'2014-11-26 12:10:54',41,'2014-11-26 11:46:16',41,42),(1202,1118,56,'beguntitle',1,'2014-12-27 03:21:26',41,'2014-11-26 12:07:09',41,29),(1203,1118,56,'publicart-logo',1,'2014-12-29 03:35:53',41,'2014-11-28 01:26:12',41,10),(1204,7,56,'1204_publicart',8193,'2014-11-28 01:28:20',41,'2014-11-28 01:27:28',41,43),(1205,1006,44,'publicart-logo',1,'2015-01-19 02:28:43',41,'2014-11-28 01:42:51',41,43),(1206,1118,56,'part01',1,'2014-12-29 03:33:56',41,'2014-11-28 02:08:18',41,30),(1207,1006,44,'begun-service',1,'2014-12-27 04:03:03',41,'2014-12-10 06:03:45',41,44),(1208,1118,56,'begun-image',1,'2014-12-29 03:36:16',41,'2014-12-18 06:20:56',41,11),(1209,7,44,'1209_begun',10241,'2014-12-18 06:32:52',41,'2014-12-18 06:24:11',41,45),(1210,7,56,'1210_begun',8193,'2014-12-18 06:27:15',41,'2014-12-18 06:26:31',41,0),(1211,7,44,'1211_begun',10241,'2014-12-18 06:32:35',41,'2014-12-18 06:31:54',41,0),(1212,7,59,'1212_begun',10241,'2014-12-18 06:33:35',41,'2014-12-18 06:33:21',41,2),(1213,7,44,'1213_begun-logo',8193,'2014-12-18 06:38:11',41,'2014-12-18 06:37:25',41,0),(1214,1006,44,'2014.11.22-zinpack-ver.2.5.1',1,'2014-12-20 04:35:16',41,'2014-12-20 03:05:45',41,45),(1215,7,44,'1215_2014.11.27-zinpack-ver.2.5.4',10241,'2014-12-20 04:33:46',41,'2014-12-20 03:12:57',41,46),(1216,1006,44,'2014.12.06-zinpack-ver.2.5.6',1,'2014-12-20 04:36:26',41,'2014-12-20 03:13:11',41,47),(1217,1006,44,'2014.12.20-zinpack-ver.2.5.8',1,'2014-12-20 04:43:23',41,'2014-12-20 04:39:58',41,47),(1218,1118,56,'begunsite',1,'2014-12-29 03:34:18',41,'2014-12-22 06:29:29',41,31),(1219,7,55,'1219_begun-logo',10241,'2014-12-29 03:27:14',41,'2014-12-22 06:31:12',41,8),(1220,1006,44,'begun001',1,'2015-01-19 02:23:58',41,'2014-12-22 06:33:39',41,48),(1221,1118,56,'logo-mb',1,'2014-12-29 03:37:03',41,'2014-12-27 03:16:49',41,32),(1222,1118,56,'motorbike-site',1,'2014-12-29 03:34:34',41,'2014-12-27 03:24:49',41,33),(1223,1006,44,'mortorbike-test',1,'2015-01-19 02:29:09',41,'2014-12-27 03:27:09',41,49),(1224,1006,44,'roseofsharon',1,'2015-01-19 02:30:03',41,'2014-12-27 03:47:15',41,50),(1225,1118,56,'logo-roseofsharon',1,'2014-12-29 03:37:17',41,'2014-12-27 03:56:37',41,34),(1226,1118,56,'logo-soybiotics',1,'2014-12-29 03:37:31',41,'2014-12-27 03:57:17',41,35),(1227,1006,44,'roseofsharon_cont',1,'2014-12-27 04:10:57',41,'2014-12-27 04:04:06',41,51),(1228,1118,56,'roseofsharonlogofull',1,'2014-12-27 04:10:29',41,'2014-12-27 04:10:21',41,36),(1229,1006,44,'soybiotics-main',1,'2015-01-19 02:29:40',41,'2014-12-27 04:13:35',41,52),(1230,1118,56,'soybiotics-logo',1,'2014-12-29 01:59:46',41,'2014-12-29 01:59:31',41,37),(1231,1006,44,'soybiotics-cont',1,'2014-12-29 02:02:21',41,'2014-12-29 02:00:28',41,53);

--
-- Table structure for table `pages_access`
--

CREATE TABLE `pages_access` (
  `pages_id` int(11) NOT NULL,
  `templates_id` int(11) NOT NULL,
  `ts` timestamp NOT NULL default CURRENT_TIMESTAMP on update CURRENT_TIMESTAMP,
  PRIMARY KEY  (`pages_id`),
  KEY `templates_id` (`templates_id`)
) ENGINE=MyISAM DEFAULT CHARSET=utf8;

--
-- Dumping data for table `pages_access`
--

INSERT INTO `pages_access` VALUES (37,2,'2011-09-06 03:10:09'),(38,2,'2011-09-06 03:10:09'),(32,2,'2011-09-06 03:10:09'),(34,2,'2011-09-06 03:10:09'),(35,2,'2011-09-06 03:10:09'),(36,2,'2011-09-06 03:10:09'),(50,2,'2011-09-06 03:10:09'),(51,2,'2011-09-06 03:10:09'),(52,2,'2011-09-06 03:10:09'),(53,2,'2011-09-06 03:10:09'),(54,2,'2011-09-06 03:10:09'),(1006,1,'2014-07-30 15:28:32'),(1007,1,'2014-07-30 15:29:24'),(1008,1,'2014-07-31 09:27:15'),(1009,1,'2014-07-31 09:37:58'),(1010,1,'2014-07-31 09:40:34'),(1109,1,'2014-09-27 15:33:20'),(1016,1,'2014-07-31 11:39:08'),(1018,1,'2014-07-31 11:40:19'),(1122,1,'2014-10-01 04:24:51'),(1121,1,'2014-10-01 03:42:55'),(1119,1,'2014-10-01 02:24:19'),(1120,1,'2014-10-01 03:39:53'),(1021,1,'2014-07-31 13:16:27'),(1168,1,'2014-11-03 02:39:39'),(1167,1,'2014-11-03 02:36:56'),(1166,1,'2014-11-03 02:36:30'),(1165,1,'2014-11-03 02:24:47'),(1035,1,'2014-08-02 05:13:52'),(1038,1,'2014-08-02 05:27:56'),(1154,1,'2014-10-29 12:06:48'),(1110,1,'2014-09-27 15:35:03'),(1111,1,'2014-09-27 15:36:07'),(1112,1,'2014-09-27 15:37:08'),(1101,1,'2014-08-06 10:57:03'),(1117,1,'2014-09-28 16:23:41'),(1153,1,'2014-10-29 12:06:08'),(1151,1,'2014-10-29 12:04:37'),(1150,1,'2014-10-29 07:01:42'),(1049,1,'2014-08-02 08:34:20'),(1152,1,'2014-10-29 12:05:36'),(1135,1,'2014-10-29 05:47:55'),(1149,1,'2014-10-29 06:58:23'),(1148,1,'2014-10-29 06:41:10'),(1147,1,'2014-10-29 06:39:40'),(1146,1,'2014-10-29 06:39:05'),(1145,1,'2014-10-29 06:38:23'),(1144,1,'2014-10-29 06:37:25'),(1143,1,'2014-10-29 06:36:49'),(1142,1,'2014-10-29 06:35:44'),(1140,1,'2014-10-29 06:21:46'),(1139,1,'2014-10-29 06:20:43'),(1138,1,'2014-10-29 06:19:03'),(1137,1,'2014-10-29 06:16:59'),(1141,1,'2014-10-29 06:27:47'),(1134,1,'2014-10-27 05:29:39'),(1133,1,'2014-10-25 06:31:45'),(1132,1,'2014-10-25 06:31:05'),(1131,1,'2014-10-25 06:30:15'),(1130,1,'2014-10-01 10:56:04'),(1129,1,'2014-10-01 10:53:07'),(1128,1,'2014-10-01 05:02:07'),(1127,1,'2014-10-01 04:59:51'),(1126,1,'2014-10-01 04:54:55'),(1125,1,'2014-10-01 04:53:08'),(1124,1,'2014-10-01 04:42:13'),(1123,1,'2014-10-01 04:31:34'),(1105,1,'2014-08-06 12:52:24'),(1085,1,'2014-08-04 11:19:22'),(1086,1,'2014-08-04 11:28:29'),(1096,1,'2014-08-04 12:22:39'),(1088,1,'2014-08-04 12:05:04'),(1089,1,'2014-08-04 12:05:58'),(1090,1,'2014-08-04 12:14:14'),(1091,1,'2014-08-04 12:15:28'),(1095,1,'2014-08-04 12:21:49'),(1118,1,'2014-10-01 02:16:48'),(1107,2,'2014-09-27 09:57:19'),(1113,1,'2014-09-27 15:37:51'),(1116,1,'2014-09-28 16:19:37'),(1156,1,'2014-10-31 01:49:34'),(1157,1,'2014-10-31 01:50:56'),(1158,1,'2014-11-01 13:53:57'),(1159,1,'2014-11-02 04:58:00'),(1160,1,'2014-11-02 04:58:37'),(1161,1,'2014-11-02 05:00:28'),(1162,1,'2014-11-02 05:01:37'),(1163,1,'2014-11-02 05:02:22'),(1164,1,'2014-11-02 05:28:13'),(1169,1,'2014-11-03 02:48:24'),(1170,1,'2014-11-04 08:01:14'),(1171,1,'2014-11-04 08:01:57'),(1172,1,'2014-11-04 08:05:34'),(1173,1,'2014-11-04 08:06:17'),(1174,1,'2014-11-04 08:11:03'),(1175,1,'2014-11-04 08:11:41'),(1176,1,'2014-11-04 08:15:42'),(1177,1,'2014-11-04 08:16:27'),(1178,1,'2014-11-04 08:17:10'),(1179,1,'2014-11-04 08:34:43'),(1180,1,'2014-11-04 08:35:20'),(1181,1,'2014-11-04 08:38:08'),(1182,1,'2014-11-04 08:39:05'),(1183,1,'2014-11-04 08:41:19'),(1184,1,'2014-11-04 08:41:55'),(1185,1,'2014-11-04 08:43:45'),(1186,1,'2014-11-04 08:44:31'),(1187,1,'2014-11-04 08:46:50'),(1188,1,'2014-11-04 08:47:44'),(1189,1,'2014-11-04 08:50:52'),(1190,1,'2014-11-04 08:51:25'),(1191,1,'2014-11-04 08:52:00'),(1192,1,'2014-11-04 08:54:09'),(1193,1,'2014-11-04 08:55:37'),(1194,1,'2014-11-04 08:56:16'),(1195,1,'2014-11-17 06:14:50'),(1196,1,'2014-11-17 06:22:44'),(1197,1,'2014-11-17 06:24:19'),(1198,2,'2014-11-17 06:27:21'),(1199,1,'2014-11-18 03:47:41'),(1200,1,'2014-11-26 11:39:37'),(1201,1,'2014-11-26 11:46:16'),(1202,1,'2014-11-26 12:07:09'),(1203,1,'2014-11-28 01:26:12'),(1204,2,'2014-11-28 01:28:20'),(1205,1,'2014-11-28 01:42:51'),(1206,1,'2014-11-28 02:08:18'),(1207,1,'2014-12-10 06:03:45'),(1208,1,'2014-12-18 06:20:56'),(1209,2,'2014-12-18 06:32:52'),(1210,2,'2014-12-18 06:27:15'),(1211,2,'2014-12-18 06:32:35'),(1212,2,'2014-12-18 06:33:35'),(1213,2,'2014-12-18 06:38:11'),(1214,1,'2014-12-20 03:05:45'),(1215,2,'2014-12-20 04:33:46'),(1216,1,'2014-12-20 03:13:11'),(1217,1,'2014-12-20 04:39:58'),(1218,1,'2014-12-22 06:29:29'),(1219,2,'2014-12-29 03:27:14'),(1220,1,'2014-12-22 06:33:39'),(1221,1,'2014-12-27 03:16:49'),(1222,1,'2014-12-27 03:24:49'),(1223,1,'2014-12-27 03:27:09'),(1224,1,'2014-12-27 03:47:15'),(1225,1,'2014-12-27 03:56:37'),(1226,1,'2014-12-27 03:57:17'),(1227,1,'2014-12-27 04:04:06'),(1228,1,'2014-12-27 04:10:21'),(1229,1,'2014-12-27 04:13:35'),(1230,1,'2014-12-29 01:59:31'),(1231,1,'2014-12-29 02:00:28');

--
-- Table structure for table `pages_parents`
--

CREATE TABLE `pages_parents` (
  `pages_id` int(10) unsigned NOT NULL,
  `parents_id` int(10) unsigned NOT NULL,
  PRIMARY KEY  (`pages_id`,`parents_id`)
) ENGINE=MyISAM DEFAULT CHARSET=utf8;

--
-- Dumping data for table `pages_parents`
--

INSERT INTO `pages_parents` VALUES (2,1),(3,1),(3,2),(7,1),(22,1),(22,2),(28,1),(28,2),(29,1),(29,2),(29,28),(30,1),(30,2),(30,28),(31,1),(31,2),(31,28),(1006,1),(1007,1),(1009,1),(1035,1),(1036,1),(1036,2),(1038,1),(1038,1035),(1086,1),(1118,1),(1133,1),(1165,1);

--
-- Table structure for table `pages_sortfields`
--

CREATE TABLE `pages_sortfields` (
  `pages_id` int(10) unsigned NOT NULL default '0',
  `sortfield` varchar(20) NOT NULL default '',
  PRIMARY KEY  (`pages_id`)
) ENGINE=MyISAM DEFAULT CHARSET=utf8;

--
-- Dumping data for table `pages_sortfields`
--


--
-- Table structure for table `session_login_throttle`
--

CREATE TABLE `session_login_throttle` (
  `name` varchar(128) NOT NULL,
  `attempts` int(10) unsigned NOT NULL default '0',
  `last_attempt` int(10) unsigned NOT NULL,
  PRIMARY KEY  (`name`)
) ENGINE=MyISAM DEFAULT CHARSET=utf8;

--
-- Dumping data for table `session_login_throttle`
--

INSERT INTO `session_login_throttle` VALUES ('admin',1,1488785897);

--
-- Table structure for table `templates`
--

CREATE TABLE `templates` (
  `id` int(10) unsigned NOT NULL auto_increment,
  `name` varchar(255) character set ascii NOT NULL,
  `fieldgroups_id` int(10) unsigned NOT NULL default '0',
  `flags` int(11) NOT NULL default '0',
  `cache_time` mediumint(9) NOT NULL default '0',
  `data` text NOT NULL,
  PRIMARY KEY  (`id`),
  UNIQUE KEY `name` (`name`),
  KEY `fieldgroups_id` (`fieldgroups_id`)
) ENGINE=MyISAM AUTO_INCREMENT=60 DEFAULT CHARSET=utf8;

--
-- Dumping data for table `templates`
--

INSERT INTO `templates` VALUES (2,'admin',2,8,0,'{\"useRoles\":1,\"parentTemplates\":[2],\"allowPageNum\":1,\"redirectLogin\":23,\"slashUrls\":1,\"noGlobal\":1,\"modified\":1416000008}'),(3,'user',3,8,0,'{\"useRoles\":1,\"noChildren\":1,\"parentTemplates\":[2],\"slashUrls\":1,\"pageClass\":\"User\",\"noGlobal\":1,\"noMove\":1,\"noTrash\":1,\"noSettings\":1,\"noChangeTemplate\":1,\"nameContentTab\":1}'),(4,'role',4,8,0,'{\"noChildren\":1,\"parentTemplates\":[2],\"slashUrls\":1,\"pageClass\":\"Role\",\"noGlobal\":1,\"noMove\":1,\"noTrash\":1,\"noSettings\":1,\"noChangeTemplate\":1,\"nameContentTab\":1}'),(5,'permission',5,8,0,'{\"noChildren\":1,\"parentTemplates\":[2],\"slashUrls\":1,\"guestSearchable\":1,\"pageClass\":\"Permission\",\"noGlobal\":1,\"noMove\":1,\"noTrash\":1,\"noSettings\":1,\"noChangeTemplate\":1,\"nameContentTab\":1}'),(1,'index',1,0,0,'{\"useRoles\":1,\"noParents\":1,\"slashUrls\":1,\"modified\":1417600512,\"roles\":[37]}'),(29,'basic-page',83,0,0,'{\"slashUrls\":1,\"modified\":1417596565}'),(26,'search',80,0,0,'{\"noChildren\":1,\"noParents\":1,\"allowPageNum\":1,\"slashUrls\":1,\"modified\":1416000015}'),(34,'sitemap',88,0,0,'{\"noChildren\":1,\"noParents\":1,\"redirectLogin\":23,\"slashUrls\":1,\"modified\":1392049040}'),(43,'blank-page',97,0,0,'{\"slashUrls\":1}'),(44,'content',98,0,0,'{\"slashUrls\":1,\"modified\":1419823724}'),(45,'site-settings',99,0,0,'{\"slashUrls\":1}'),(46,'ajax-headLogo',100,0,0,'{\"slashUrls\":1,\"modified\":1416000009}'),(47,'url-item',101,0,0,'{\"slashUrls\":1,\"modified\":1416000016}'),(48,'ajax-initial',102,0,0,'{\"slashUrls\":1,\"modified\":1416000010}'),(56,'image-item',110,0,0,'{\"slashUrls\":1,\"modified\":1412176975}'),(51,'layout',105,0,0,'{\"slashUrls\":1,\"modified\":1414434681}'),(52,'ajax-layout',106,0,0,'{\"slashUrls\":1,\"modified\":1421649908}'),(53,'ajax-buttons',107,0,0,'{\"slashUrls\":1,\"modified\":1416000008}'),(54,'button',108,0,0,'{\"slashUrls\":1}'),(55,'layout-item',109,0,0,'{\"slashUrls\":1,\"modified\":1419823746}'),(57,'ajax-contact',111,0,0,'{\"slashUrls\":1,\"modified\":1416000009}'),(58,'ajax-modal',112,0,0,'{\"slashUrls\":1,\"modified\":1416000011}'),(59,'collection',113,0,0,'{\"noChildren\":1,\"parentTemplates\":[43],\"slashUrls\":1,\"modified\":1415032531}');


